000
CXUS55 KDVN 181100
CF6DBQ
PRELIMINARY LOCAL CLIMATOLOGICAL DATA (WS FORM: F-6)

                                          STATION:   DUBUQUE IA
                                          MONTH:     JULY
                                          YEAR:      2018
                                          LATITUDE:   42 24 N
                                          LONGITUDE:  90 42 W

  TEMPERATURE IN F:       :PCPN:    SNOW:  WIND      :SUNSHINE: SKY     :PK WND
================================================================================
1   2   3   4   5  6A  6B    7    8   9   10  11  12  13   14  15   16   17  18
                                     12Z  AVG MX 2MIN
DY MAX MIN AVG DEP HDD CDD  WTR  SNW DPTH SPD SPD DIR MIN PSBL S-S WX    SPD DR
================================================================================

 1  84  65  75   3   0  10 0.03  0.0    0 12.3 26 240   M    M   3 13     35 240
 2  83  56  70  -2   0   5 0.00  0.0    0  3.9 12 160   M    M   0 1      16 150
 3  87  63  75   3   0  10 0.00  0.0    0  7.1 14 160   M    M   1        19 150
 4  92  69  81   9   0  16 0.03  0.0    0  7.5 15 340   M    M   1 18     24 350
 5  89  68  79   7   0  14 0.00  0.0    0  8.9 20 340   M    M   2        24 330
 6  79  59  69  -3   0   4 0.00  0.0    0  8.5 16  70   M    M   0        21  60
 7  79  56  68  -4   0   3 0.00  0.0    0  7.2 16 170   M    M   0        20 170
 8  82  54  68  -4   0   3 0.00  0.0    0  7.5 15 180   M    M   0        19 190
 9  88  58  73   1   0   8 0.00  0.0    0  9.5 17 220   M    M   1        23 220
10  87  68  78   6   0  13 0.00  0.0    0  6.2 13  70   M    M   0        18  80
11  85  65  75   3   0  10 0.00  0.0    0  7.9 14 140   M    M   0        18 160
12  87  65  76   4   0  11 0.00  0.0    0 11.1 18 190   M    M   1        24 200
13  91  69  80   8   0  15 0.69  0.0    0  8.7 38 300   M    M   1 13     52 290
14  83  70  77   5   0  12 0.93  0.0    0  3.2 13 150   M    M   6 13     16 160
15  82  68  75   3   0  10 0.00  0.0    0  2.7  8 200   M    M   6 128    11 190
16  82  65  74   2   0   9 0.00  0.0    0  6.3 16 330   M    M   3 12     22 340
17  82  60  71  -1   0   6 0.00  0.0    0  4.9 13 340   M    M   0        20 350
================================================================================
SM 1442 1078         0 159  1.68     0.0 123.4          M       25
================================================================================
AV 84.8 63.4                               7.3 FASTST   M    M   1    MAX(MPH)
                                 MISC ---->  # 38 300               # 52  290
================================================================================
NOTES:
# LAST OF SEVERAL OCCURRENCES

COLUMN 17 PEAK WIND IN M.P.H.

PRELIMINARY LOCAL CLIMATOLOGICAL DATA (WS FORM: F-6) , PAGE 2

                                          STATION:  DUBUQUE IA
                                          MONTH:    JULY
                                          YEAR:     2018
                                          LATITUDE:   42 24 N
                                          LONGITUDE:  90 42 W

[TEMPERATURE DATA]      [PRECIPITATION DATA]       SYMBOLS USED IN COLUMN 16

AVERAGE MONTHLY: 74.1   TOTAL FOR MONTH:   1.68    1 = FOG OR MIST
DPTR FM NORMAL:   2.1   DPTR FM NORMAL:   -0.72    2 = FOG REDUCING VISIBILITY
HIGHEST:    92 ON  4    GRTST 24HR  0.93 ON 14-14      TO 1/4 MILE OR LESS
LOWEST:     54 ON  8                               3 = THUNDER
                        SNOW, ICE PELLETS, HAIL    4 = ICE PELLETS
                        TOTAL MONTH:   0.0 INCH    5 = HAIL
                        GRTST 24HR     0.0         6 = FREEZING RAIN OR DRIZZLE
                        GRTST DEPTH:   0           7 = DUSTSTORM OR SANDSTORM:
                                                       VSBY 1/2 MILE OR LESS
                                                   8 = SMOKE OR HAZE
[NO. OF DAYS WITH]      [WEATHER - DAYS WITH]      9 = BLOWING SNOW
                                                   X = TORNADO
MAX 32 OR BELOW:   0    0.01 INCH OR MORE:   4
MAX 90 OR ABOVE:   2    0.10 INCH OR MORE:   2
MIN 32 OR BELOW:   0    0.50 INCH OR MORE:   2
MIN  0 OR BELOW:   0    1.00 INCH OR MORE:   0

[HDD (BASE 65) ]
TOTAL THIS MO.     0    CLEAR  (SCALE 0-3)  15
DPTR FM NORMAL     0    PTCLDY (SCALE 4-7)   2
TOTAL FM JUL 1     0    CLOUDY (SCALE 8-10)  0
DPTR FM NORMAL     0

[CDD (BASE 65) ]
TOTAL THIS MO.   159
DPTR FM NORMAL    39    [PRESSURE DATA]
TOTAL FM JAN 1   465    HIGHEST SLP M ON M
DPTR FM NORMAL   169    LOWEST  SLP 29.76 ON  1

[REMARKS]
