184
CXUS55 KALY 160710
CF6DDH
PRELIMINARY LOCAL CLIMATOLOGICAL DATA (WS FORM: F-6)

                                          STATION:   BENNINGTON VT
                                          MONTH:     OCTOBER
                                          YEAR:      2018
                                          LATITUDE:   42 53 N
                                          LONGITUDE:  73 15 W

  TEMPERATURE IN F:       :PCPN:    SNOW:  WIND      :SUNSHINE: SKY     :PK WND
================================================================================
1   2   3   4   5  6A  6B    7    8   9   10  11  12  13   14  15   16   17  18
                                     12Z  AVG MX 2MIN
DY MAX MIN AVG DEP HDD CDD  WTR  SNW DPTH SPD SPD DIR MIN PSBL S-S WX    SPD DR
================================================================================

 1  56  52  54   1  11   0 0.13    M    M  0.9  7  10   M    M  10 1       9  10
 2  64  53  59   7   6   0 0.95    M    M  4.9 16 120   M    M   9 1      25 120
 3  63  50  57   5   8   0 0.01    M    M  3.7 13 250   M    M   9 1      16 240
 4  74  48  61   9   4   0    T    M    0  3.5 13 260   M    M   5 1      20 250
 5  61  41  51   0  14   0 0.00    M    M  2.4  9 360   M    M   1        12 330
 6  66  48  57   6   8   0 0.00    M    M  3.7 14 190   M    M   9        18 220
 7  69  52  61  10   4   0 0.03    M    M  2.3  8 360   M    M  10 1      13 350
 8  62  50  56   6   9   0 0.03    M    M  3.5 14 130   M    M  10 1      21 120
 9  80  60  70  20   0   5 0.00    M    M  2.6 10 220   M    M   6 1      14 230
10  82  58  70  21   0   5 0.00    M    M  3.9 14 190   M    M   4 1      18 220
11  73  60  67  18   0   2 1.23    M    M  6.2 14 180   M    M   9 1      20 170
12  60  45  53   4  12   0 0.00    M    M  8.6 18 270   M    M   8        28 290
13  51  41  46  -2  19   0 0.04    M    M  5.4 17 270   M    M   8        22 280
14  56  35  46  -2  19   0 0.00    M    M  1.9 12 280   M    M   4 1      15 280
15  62  35  49   1  16   0 0.31    M    M  7.7 24 280   M    M   7 1      36 300
================================================================================
SM  979  728       130  12  2.73    M     61.2          M      109
================================================================================
AV 65.3 48.5                               4.1 FASTST   M    M   7    MAX(MPH)
                                 MISC ---->  # 24 280               # 36  300
================================================================================
NOTES:
# LAST OF SEVERAL OCCURRENCES

COLUMN 17 PEAK WIND IN M.P.H.

PRELIMINARY LOCAL CLIMATOLOGICAL DATA (WS FORM: F-6) , PAGE 2

                                          STATION:  BENNINGTON VT
                                          MONTH:    OCTOBER
                                          YEAR:     2018
                                          LATITUDE:   42 53 N
                                          LONGITUDE:  73 15 W

[TEMPERATURE DATA]      [PRECIPITATION DATA]       SYMBOLS USED IN COLUMN 16

AVERAGE MONTHLY: 56.9   TOTAL FOR MONTH:   2.73    1 = FOG OR MIST
DPTR FM NORMAL:   6.7   DPTR FM NORMAL:    0.85    2 = FOG REDUCING VISIBILITY
HIGHEST:    82 ON 10    GRTST 24HR  1.23 ON 11-11      TO 1/4 MILE OR LESS
LOWEST:     35 ON 15,14                            3 = THUNDER
                        SNOW, ICE PELLETS, HAIL    4 = ICE PELLETS
                        TOTAL MONTH:    M          5 = HAIL
                        GRTST 24HR    M  ON   M    6 = FREEZING RAIN OR DRIZZLE
                        GRTST DEPTH:   0           7 = DUSTSTORM OR SANDSTORM:
                                                       VSBY 1/2 MILE OR LESS
                                                   8 = SMOKE OR HAZE
[NO. OF DAYS WITH]      [WEATHER - DAYS WITH]      9 = BLOWING SNOW
                                                   X = TORNADO
MAX 32 OR BELOW:   0    0.01 INCH OR MORE:   8
MAX 90 OR ABOVE:   0    0.10 INCH OR MORE:   4
MIN 32 OR BELOW:   0    0.50 INCH OR MORE:   2
MIN  0 OR BELOW:   0    1.00 INCH OR MORE:   1

[HDD (BASE 65) ]
TOTAL THIS MO.   130    CLEAR  (SCALE 0-3)   1
DPTR FM NORMAL   -93    PTCLDY (SCALE 4-7)   6
TOTAL FM JUL 1   253    CLOUDY (SCALE 8-10)  8
DPTR FM NORMAL  -248

[CDD (BASE 65) ]
TOTAL THIS MO.    12
DPTR FM NORMAL    12    [PRESSURE DATA]
TOTAL FM JAN 1   637    HIGHEST SLP M ON M
DPTR FM NORMAL   326    LOWEST  SLP 29.55 ON 11

[REMARKS]
