000
CXUS53 KILX 170900
CF6DEC
PRELIMINARY LOCAL CLIMATOLOGICAL DATA (WS FORM: F-6)

                                          STATION:   DECATUR IL AIRPORT
                                          MONTH:     JULY
                                          YEAR:      2018
                                          LATITUDE:   39 49 N
                                          LONGITUDE:  88 51 W

  TEMPERATURE IN F:       :PCPN:    SNOW:  WIND      :SUNSHINE: SKY     :PK WND
================================================================================
1   2   3   4   5  6A  6B    7    8   9   10  11  12  13   14  15   16   17  18
                                     12Z  AVG MX 2MIN
DY MAX MIN AVG DEP HDD CDD  WTR  SNW DPTH SPD SPD DIR MIN PSBL S-S WX    SPD DR
================================================================================

 1  91  72  82   6   0  17 2.10    M    M 11.4 30 230   M    M   3 138    43 270
 2  88  69  79   3   0  14 0.00    M    M  5.3 10  50   M    M   3 12     17  60
 3  90  68  79   3   0  14 0.00    M    M  6.3 15 140   M    M   1 3      21 120
 4  91  72  82   6   0  17 0.00    M    M  5.0 13 220   M    M   2 1      30 210
 5  94  73  84   8   0  19 0.01    M    M  7.3 25 280   M    M   2 3      35 270
 6  81  59  70  -6   0   5 0.00    M    M 10.3 20  50   M    M   1        25  50
 7  79  55  67  -9   0   2 0.00    M    M  7.8 17 110   M    M   0        22 100
 8  84  53  69  -7   0   4 0.00    M    M  3.2 10 150   M    M   0        14 160
 9  90  64  77   1   0  12 0.00    M    M  5.8 13 210   M    M   1        19 220
10  93  68  81   5   0  16 0.03    M    M  6.8 25 320   M    M   1 13     35 320
11  87  62  75  -1   0  10 0.00    M    M  5.5 13  70   M    M   0        18  80
12  86  63  75  -1   0  10 0.00    M    M  5.8 12 150   M    M   0        21 110
13  89  62  76   0   0  11 0.00    M    M  5.4 12 140   M    M   0        19 150
14  81  67  74  -2   0   9 0.60    M    M  7.8 25  70   M    M   2 13     30  70
15  86  68  77   1   0  12 0.00    M    M  5.9 14 210   M    M   7 1      18 200
16  91  73  82   6   0  17    T    M    M  6.8 17 310   M    M   4 13     24 310
================================================================================
SM 1401 1048         0 189  2.74    M    106.4          M       27
================================================================================
AV 87.6 65.5                               6.7 FASTST   M    M   2    MAX(MPH)
                                 MISC ---->  # 30 230               # 43  270
================================================================================
NOTES:
# LAST OF SEVERAL OCCURRENCES

COLUMN 17 PEAK WIND IN M.P.H.

PRELIMINARY LOCAL CLIMATOLOGICAL DATA (WS FORM: F-6) , PAGE 2

                                          STATION:  DECATUR IL AIRPORT
                                          MONTH:    JULY
                                          YEAR:     2018
                                          LATITUDE:   39 49 N
                                          LONGITUDE:  88 51 W

[TEMPERATURE DATA]      [PRECIPITATION DATA]       SYMBOLS USED IN COLUMN 16

AVERAGE MONTHLY: 76.5   TOTAL FOR MONTH:   2.74    1 = FOG OR MIST
DPTR FM NORMAL:   0.5   DPTR FM NORMAL:    0.73    2 = FOG REDUCING VISIBILITY
HIGHEST:    94 ON  5    GRTST 24HR  2.10 ON  1- 1      TO 1/4 MILE OR LESS
LOWEST:     53 ON  8                               3 = THUNDER
                        SNOW, ICE PELLETS, HAIL    4 = ICE PELLETS
                        TOTAL MONTH:    M          5 = HAIL
                        GRTST 24HR    M  ON   M    6 = FREEZING RAIN OR DRIZZLE
                        GRTST DEPTH:  M  ON   M    7 = DUSTSTORM OR SANDSTORM:
                                                       VSBY 1/2 MILE OR LESS
                                                   8 = SMOKE OR HAZE
[NO. OF DAYS WITH]      [WEATHER - DAYS WITH]      9 = BLOWING SNOW
                                                   X = TORNADO
MAX 32 OR BELOW:   0    0.01 INCH OR MORE:   4
MAX 90 OR ABOVE:   7    0.10 INCH OR MORE:   2
MIN 32 OR BELOW:   0    0.50 INCH OR MORE:   2
MIN  0 OR BELOW:   0    1.00 INCH OR MORE:   1

[HDD (BASE 65) ]
TOTAL THIS MO.     0    CLEAR  (SCALE 0-3)  14
DPTR FM NORMAL     0    PTCLDY (SCALE 4-7)   2
TOTAL FM JUL 1     0    CLOUDY (SCALE 8-10)  0
DPTR FM NORMAL     0

[CDD (BASE 65) ]
TOTAL THIS MO.   189
DPTR FM NORMAL    13    [PRESSURE DATA]
TOTAL FM JAN 1   746    HIGHEST SLP M ON M
DPTR FM NORMAL   254    LOWEST  SLP 29.79 ON  1

[REMARKS]
