000
CXUS55 KBOU 220900
CF6DEN
PRELIMINARY LOCAL CLIMATOLOGICAL DATA (WS FORM: F-6)

                                          STATION:   DENVER CO
                                          MONTH:     JULY
                                          YEAR:      2018
                                          LATITUDE:   39 52 N
                                          LONGITUDE: 104 40 W

  TEMPERATURE IN F:       :PCPN:    SNOW:  WIND      :SUNSHINE: SKY     :PK WND
================================================================================
1   2   3   4   5  6A  6B    7    8   9   10  11  12  13   14  15   16   17  18
                                     12Z  AVG MX 2MIN
DY MAX MIN AVG DEP HDD CDD  WTR  SNW DPTH SPD SPD DIR MIN PSBL S-S WX    SPD DR
================================================================================

 1  90  47  69  -3   0   4 0.00  0.0    0  7.3 21 160   M    M   2        26 160
 2  95  56  76   4   0  11 0.02  0.0    0 10.4 47 140   M    M   4 3      64 150
 3  99  57  78   6   0  13 0.00  0.0    0  9.2 29 300   M    M   5        39 290
 4  93  58  76   3   0  11 0.00  0.0    0 10.2 31 110   M    M   6 3      37 110
 5  87  62  75   2   0  10    T  0.0    0 16.0 37 130   M    M   6 38     48 130
 6  92  60  76   3   0  11 0.00  0.0    0 11.1 22 160   M    M   1        31 160
 7  98  62  80   7   0  15 0.00  0.0    0 10.3 20 110   M    M   3        27 100
 8  98  67  83   9   0  18 0.00  0.0    0 10.7 31 110   M    M   4 3      40 120
 9  95  63  79   5   0  14 0.00  0.0    0 11.6 23 160   M    M   2        32 160
10  98  64  81   7   0  16 0.00  0.0    0 12.8 23 160   M    M   2        34 130
11  96  60  78   4   0  13 0.00  0.0    0 10.0 24 170   M    M   2        31 170
12  88  62  75   1   0  10 0.00  0.0    0 11.6 37 330   M    M   5 3      46 320
13  90  61  76   2   0  11 0.00  0.0    0  8.3 17  60   M    M   3 8      24 100
14  97  64  81   7   0  16 0.00  0.0    0 10.7 29 140   M    M   2        38 120
15  75  59  67  -7   0   2 0.21  0.0    0 11.3 28 350   M    M   8 1      36 340
16  91  59  75   0   0  10 0.07  0.0    0  6.4 33  20   M    M   7 123    44  20
17  88  60  74  -1   0   9 0.00  0.0    0 10.1 25 170   M    M   7        32 170
18  95  63  79   4   0  14 0.00  0.0    0  9.8 24 200   M    M   4        31 200
19  98  64  81   6   0  16 0.00  0.0    0  8.5 14 170   M    M   5        18 110
20  97  66  82   7   0  17 0.00  0.0    0  9.3 22  50   M    M   6        30  70
21  97  68  83   8   0  18 0.00  0.0    0  8.1 31 260   M    M   6        41 280
================================================================================
SM 1957 1282         0 259  0.30     0.0 213.7          M       90
================================================================================
AV 93.2 61.1                              10.2 FASTST   M    M   4    MAX(MPH)
                                 MISC ---->  # 47 140               # 64  150
================================================================================
NOTES:
# LAST OF SEVERAL OCCURRENCES

COLUMN 17 PEAK WIND IN M.P.H.

PRELIMINARY LOCAL CLIMATOLOGICAL DATA (WS FORM: F-6) , PAGE 2

                                          STATION:  DENVER CO
                                          MONTH:    JULY
                                          YEAR:     2018
                                          LATITUDE:   39 52 N
                                          LONGITUDE: 104 40 W

[TEMPERATURE DATA]      [PRECIPITATION DATA]       SYMBOLS USED IN COLUMN 16

AVERAGE MONTHLY: 77.1   TOTAL FOR MONTH:   0.30    1 = FOG OR MIST
DPTR FM NORMAL:   3.3   DPTR FM NORMAL:   -1.06    2 = FOG REDUCING VISIBILITY
HIGHEST:    99 ON  3    GRTST 24HR  0.21 ON 15-15      TO 1/4 MILE OR LESS
LOWEST:     47 ON  1                               3 = THUNDER
                        SNOW, ICE PELLETS, HAIL    4 = ICE PELLETS
                        TOTAL MONTH:   0.0 INCH    5 = HAIL
                        GRTST 24HR     0.0         6 = FREEZING RAIN OR DRIZZLE
                        GRTST DEPTH:   0           7 = DUSTSTORM OR SANDSTORM:
                                                       VSBY 1/2 MILE OR LESS
                                                   8 = SMOKE OR HAZE
[NO. OF DAYS WITH]      [WEATHER - DAYS WITH]      9 = BLOWING SNOW
                                                   X = TORNADO
MAX 32 OR BELOW:   0    0.01 INCH OR MORE:   3
MAX 90 OR ABOVE:  17    0.10 INCH OR MORE:   1
MIN 32 OR BELOW:   0    0.50 INCH OR MORE:   0
MIN  0 OR BELOW:   0    1.00 INCH OR MORE:   0

[HDD (BASE 65) ]
TOTAL THIS MO.     0    CLEAR  (SCALE 0-3)   8
DPTR FM NORMAL    -1    PTCLDY (SCALE 4-7)  13
TOTAL FM JUL 1     0    CLOUDY (SCALE 8-10)  0
DPTR FM NORMAL    -1

[CDD (BASE 65) ]
TOTAL THIS MO.   259
DPTR FM NORMAL    70    [PRESSURE DATA]
TOTAL FM JAN 1   548    HIGHEST SLP M ON M
DPTR FM NORMAL   204    LOWEST  SLP 29.64 ON  3

[REMARKS]
