000
CXUS56 KOTX 190900
CF6DEW
PRELIMINARY LOCAL CLIMATOLOGICAL DATA (WS FORM: F-6)

                                          STATION:   DEER_PARK WA AIRPORT
                                          MONTH:     OCTOBER
                                          YEAR:      2018
                                          LATITUDE:   47 58 N
                                          LONGITUDE: 117 25 W

  TEMPERATURE IN F:       :PCPN:    SNOW:  WIND      :SUNSHINE: SKY     :PK WND
================================================================================
1   2   3   4   5  6A  6B    7    8   9   10  11  12  13   14  15   16   17  18
                                     12Z  AVG MX 2MIN
DY MAX MIN AVG DEP HDD CDD  WTR  SNW DPTH SPD SPD DIR MIN PSBL S-S WX    SPD DR
================================================================================

 1  68  44  56   6   9   0 0.00    M    M  4.5 17 220   M    M   7        24 210
 2  67  36  52   2  13   0 0.03    M    M 11.2 30 320   M    M   7 1      42 320
 3  54  21  38 -11  27   0 0.00    M    M  5.0 13  50   M    M   0        17  40
 4  57  28  43  -6  22   0 0.00    M    M  3.8 12  30   M    M   4        14 190
 5  56  19  38 -10  27   0 0.10    M    M  3.2 16 210   M    M   5 12     20 210
 6  57  29  43  -5  22   0 0.04    M    M  3.1 10  50   M    M   6 12     12  50
 7  51  26  39  -8  26   0 0.00    M    M  1.8  7  50   M    M   8 12      9  50
 8  54  42  48   1  17   0 0.16    M    M  4.8 10  30   M    M  10        13  40
 9  59  41  50   4  15   0 0.19    M    M 10.5 24  50   M    M   7        33  30
10  58  25  42  -4  23   0 0.00    M    M  5.3 14  60   M    M   3        19  30
11  58  21  40  -6  25   0 0.00    M    M  3.0 13 260   M    M   2        16 190
12  62  31  47   2  18   0 0.01    M    M  5.3 28 330   M    M   3        36 360
13  57  24  41  -4  24   0    T    M    M  5.1 16  20   M    M   2        23  20
14  56  18  37  -8  28   0 0.00    M    M  2.4 12 210   M    M   0 1      14 210
15  59  21  40  -4  25   0 0.00    M    M  1.8  9 220   M    M   0        13 220
16  64  20  42  -2  23   0 0.00    M    M  2.2  9 350   M    M   0        10 350
17  64  24  44   0  21   0 0.00    M    M  2.2  8 350   M    M   0        10  70
18  62  23  43   0  22   0 0.00    M    M  1.1  7 180   M    M   0 18      9 170
================================================================================
SM 1063  493       387   0  0.53    M     76.3          M       64
================================================================================
AV 59.1 27.4                               4.2 FASTST   M    M   4    MAX(MPH)
                                 MISC ---->  # 30 320               # 42  320
================================================================================
NOTES:
# LAST OF SEVERAL OCCURRENCES

COLUMN 17 PEAK WIND IN M.P.H.

PRELIMINARY LOCAL CLIMATOLOGICAL DATA (WS FORM: F-6) , PAGE 2

                                          STATION:  DEER_PARK WA AIRPORT
                                          MONTH:    OCTOBER
                                          YEAR:     2018
                                          LATITUDE:   47 58 N
                                          LONGITUDE: 117 25 W

[TEMPERATURE DATA]      [PRECIPITATION DATA]       SYMBOLS USED IN COLUMN 16

AVERAGE MONTHLY: 43.2   TOTAL FOR MONTH:   0.53    1 = FOG OR MIST
DPTR FM NORMAL:  -3.2   DPTR FM NORMAL:   -0.28    2 = FOG REDUCING VISIBILITY
HIGHEST:    68 ON  1    GRTST 24HR  0.19 ON  9- 9      TO 1/4 MILE OR LESS
LOWEST:     18 ON 14                               3 = THUNDER
                        SNOW, ICE PELLETS, HAIL    4 = ICE PELLETS
                        TOTAL MONTH:    M          5 = HAIL
                        GRTST 24HR    M  ON   M    6 = FREEZING RAIN OR DRIZZLE
                        GRTST DEPTH:  M  ON   M    7 = DUSTSTORM OR SANDSTORM:
                                                       VSBY 1/2 MILE OR LESS
                                                   8 = SMOKE OR HAZE
[NO. OF DAYS WITH]      [WEATHER - DAYS WITH]      9 = BLOWING SNOW
                                                   X = TORNADO
MAX 32 OR BELOW:   0    0.01 INCH OR MORE:   6
MAX 90 OR ABOVE:   0    0.10 INCH OR MORE:   3
MIN 32 OR BELOW:  14    0.50 INCH OR MORE:   0
MIN  0 OR BELOW:   0    1.00 INCH OR MORE:   0

[HDD (BASE 65) ]
TOTAL THIS MO.   387    CLEAR  (SCALE 0-3)  10
DPTR FM NORMAL    52    PTCLDY (SCALE 4-7)   6
TOTAL FM JUL 1   780    CLOUDY (SCALE 8-10)  2
DPTR FM NORMAL    26

[CDD (BASE 65) ]
TOTAL THIS MO.     0
DPTR FM NORMAL     0    [PRESSURE DATA]
TOTAL FM JAN 1   234    HIGHEST SLP M ON M
DPTR FM NORMAL    47    LOWEST  SLP 29.57 ON  2

[REMARKS]
