000
CXUS53 KIWX 170800
CF6DFI
PRELIMINARY LOCAL CLIMATOLOGICAL DATA (WS FORM: F-6)

                                          STATION:   DEFIANCE MEMORIAL
                                          MONTH:     OCTOBER
                                          YEAR:      2018
                                          LATITUDE:   41 20 N
                                          LONGITUDE:  84 26 W

  TEMPERATURE IN F:       :PCPN:    SNOW:  WIND      :SUNSHINE: SKY     :PK WND
================================================================================
1   2   3   4   5  6A  6B    7    8   9   10  11  12  13   14  15   16   17  18
                                     12Z  AVG MX 2MIN
DY MAX MIN AVG DEP HDD CDD  WTR  SNW DPTH SPD SPD DIR MIN PSBL S-S WX    SPD DR
================================================================================

 1  81  53  67  10   0   2    T  0.0    0  5.0 12 200   M    M   4 128    16 200
 2  74  53  64   7   1   0 0.00  0.0    0  5.8 14 310   M    M   7 18     21 240
 3  86  52  69  13   0   4 0.00  0.0    0  7.8 20 200   M    M   3 1      29 200
 4  77  51  64   8   1   0 0.07  0.0    0 11.8 20 210   M    M   7 13     29 180
 5  61  49  55  -1  10   0 0.36    M    0  4.8 14  90   M    M   7 1      20 100
 6  85  60  73  18   0   8 0.66  0.0    0  6.2 24 310   M    M   5 13     36 300
 7  67  60  64   9   1   0 0.01  0.0    0  7.3 13  60   M    M   9 12     17  80
 8  87  61  74  20   0   9 0.00  0.0    0  5.4 16 200   M    M   5 128    25 190
 9  86  69  78  24   0  13 0.00  0.0    0  7.3 14 200   M    M   1        21 180
10  76  65  71  17   0   6 0.09  0.0    0  8.6 20 180   M    M   7 1      31 150
11  66  47  57   3   8   0 0.00  0.0    0 10.1 21 310   M    M   8        31 300
12  53  38  46  -7  19   0 0.13  0.0    0  6.3 14 300   M    M   9 1      22 290
13  52  35  44  -9  21   0    T  0.0    0  4.7 14 220   M    M   3 1      20 230
14  61  38  50  -2  15   0    T  0.0    0  4.0 12 130   M    M   2 1      18 150
15  53  32  43  -9  22   0 0.01  0.0    0  8.0 20 300   M    M   6 1      29 270
16  55  30  43  -9  22   0 0.00  0.0    0  7.9 16 230   M    M   0        30 220
================================================================================
SM 1120  793       120  42  1.33     0.0 111.0          M       83
================================================================================
AV 70.0 49.6                               6.9 FASTST   M    M   5    MAX(MPH)
                                 MISC ---->  # 24 310               # 36  300
================================================================================
NOTES:
# LAST OF SEVERAL OCCURRENCES

COLUMN 17 PEAK WIND IN M.P.H.

PRELIMINARY LOCAL CLIMATOLOGICAL DATA (WS FORM: F-6) , PAGE 2

                                          STATION:  DEFIANCE MEMORIAL
                                          MONTH:    OCTOBER
                                          YEAR:     2018
                                          LATITUDE:   41 20 N
                                          LONGITUDE:  84 26 W

[TEMPERATURE DATA]      [PRECIPITATION DATA]       SYMBOLS USED IN COLUMN 16

AVERAGE MONTHLY: 59.8   TOTAL FOR MONTH:   1.33    1 = FOG OR MIST
DPTR FM NORMAL:   5.4   DPTR FM NORMAL:   -0.14    2 = FOG REDUCING VISIBILITY
HIGHEST:    87 ON  8    GRTST 24HR  0.66 ON  6- 6      TO 1/4 MILE OR LESS
LOWEST:     30 ON 16                               3 = THUNDER
                        SNOW, ICE PELLETS, HAIL    4 = ICE PELLETS
                        TOTAL MONTH:   0.0 INCH    5 = HAIL
                        GRTST 24HR     0.0         6 = FREEZING RAIN OR DRIZZLE
                        GRTST DEPTH:   0           7 = DUSTSTORM OR SANDSTORM:
                                                       VSBY 1/2 MILE OR LESS
                                                   8 = SMOKE OR HAZE
[NO. OF DAYS WITH]      [WEATHER - DAYS WITH]      9 = BLOWING SNOW
                                                   X = TORNADO
MAX 32 OR BELOW:   0    0.01 INCH OR MORE:   7
MAX 90 OR ABOVE:   0    0.10 INCH OR MORE:   3
MIN 32 OR BELOW:   2    0.50 INCH OR MORE:   1
MIN  0 OR BELOW:   0    1.00 INCH OR MORE:   0

[HDD (BASE 65) ]
TOTAL THIS MO.   120    CLEAR  (SCALE 0-3)   5
DPTR FM NORMAL   -57    PTCLDY (SCALE 4-7)   8
TOTAL FM JUL 1   197    CLOUDY (SCALE 8-10)  3
DPTR FM NORMAL  -103

[CDD (BASE 65) ]
TOTAL THIS MO.    42
DPTR FM NORMAL    33    [PRESSURE DATA]
TOTAL FM JAN 1  1093    HIGHEST SLP M ON M
DPTR FM NORMAL   395    LOWEST  SLP 29.59 ON 10

[REMARKS]
