000
CXUS54 KFWD 170730
CF6DFW
PRELIMINARY LOCAL CLIMATOLOGICAL DATA (WS FORM: F-6)

                                          STATION:   DALLAS FORT WORTH
                                          MONTH:     NOVEMBER
                                          YEAR:      2018
                                          LATITUDE:   32 54 N
                                          LONGITUDE:  97  2 W

  TEMPERATURE IN F:       :PCPN:    SNOW:  WIND      :SUNSHINE: SKY     :PK WND
================================================================================
1   2   3   4   5  6A  6B    7    8   9   10  11  12  13   14  15   16   17  18
                                     12Z  AVG MX 2MIN
DY MAX MIN AVG DEP HDD CDD  WTR  SNW DPTH SPD SPD DIR MIN PSBL S-S WX    SPD DR
================================================================================

 1  63  48  56  -6   9   0 0.00  0.0    0 12.6 29 350   M    M   6        33 350
 2  73  46  60  -2   5   0 0.00  0.0    0  9.2 16 260   M    M   3 8      21 250
 3  75  48  62   0   3   0 0.32  0.0    0 15.8 32 180   M    M   6 13     40 190
 4  65  49  57  -4   8   0 0.00  0.0    0  7.3 14 330   M    M   5        18 330
 5  81  51  66   5   0   1 0.00  0.0    0 10.9 25 210   M    M   5 8      31 220
 6  73  54  64   4   1   0 0.00  0.0    0  6.6 14 130   M    M   5 18     18 130
 7  69  56  63   3   2   0    T  0.0    0 10.3 20  60   M    M  10 1      23  60
 8  57  50  54  -6  11   0 0.29  0.0    0 10.0 18 350   M    M  10 1      25  10
 9  54  41  48 -11  17   0    T  0.0    0 14.2 23 360   M    M   7        31  10
10  52  32  42 -17  23   0 0.00  0.0    0  6.2 14  40   M    M   5        18 150
11  52  45  49  -9  16   0 0.09  0.0    0  9.4 15 150   M    M  10 18     19 160
12  46  33  40 -18  25   0 0.15  0.0    0 18.8 30 340   M    M  10 1      36 350
13  41  29  35 -23  30   0 0.00  0.0    0 16.5 25 340   M    M   7        33 360
14  48  25  37 -20  28   0 0.00  0.0    0  6.6 16 320   M    M   1 8      22 310
15  66  29  48  -9  17   0 0.00  0.0    0  7.7 16 180   M    M   3        21 200
16  72  37  55  -1  10   0 0.00  0.0    0  7.9 17 180   M    M   3        20 180
================================================================================
SM  987  673       205   1  0.85     0.0 170.0          M       96
================================================================================
AV 61.7 42.1                              10.6 FASTST   M    M   6    MAX(MPH)
                                 MISC ---->  # 32 180               # 40  190
================================================================================
NOTES:
# LAST OF SEVERAL OCCURRENCES

COLUMN 17 PEAK WIND IN M.P.H.

PRELIMINARY LOCAL CLIMATOLOGICAL DATA (WS FORM: F-6) , PAGE 2

                                          STATION:  DALLAS FORT WORTH
                                          MONTH:    NOVEMBER
                                          YEAR:     2018
                                          LATITUDE:   32 54 N
                                          LONGITUDE:  97  2 W

[TEMPERATURE DATA]      [PRECIPITATION DATA]       SYMBOLS USED IN COLUMN 16

AVERAGE MONTHLY: 51.9   TOTAL FOR MONTH:   0.85    1 = FOG OR MIST
DPTR FM NORMAL:  -7.5   DPTR FM NORMAL:   -0.79    2 = FOG REDUCING VISIBILITY
HIGHEST:    81 ON  5    GRTST 24HR  1.14 ON 31- 1      TO 1/4 MILE OR LESS
LOWEST:     25 ON 14                               3 = THUNDER
                        SNOW, ICE PELLETS, HAIL    4 = ICE PELLETS
                        TOTAL MONTH:   0.0 INCH    5 = HAIL
                        GRTST 24HR     0.0         6 = FREEZING RAIN OR DRIZZLE
                        GRTST DEPTH:   0           7 = DUSTSTORM OR SANDSTORM:
                                                       VSBY 1/2 MILE OR LESS
                                                   8 = SMOKE OR HAZE
[NO. OF DAYS WITH]      [WEATHER - DAYS WITH]      9 = BLOWING SNOW
                                                   X = TORNADO
MAX 32 OR BELOW:   0    0.01 INCH OR MORE:   4
MAX 90 OR ABOVE:   0    0.10 INCH OR MORE:   3
MIN 32 OR BELOW:   4    0.50 INCH OR MORE:   0
MIN  0 OR BELOW:   0    1.00 INCH OR MORE:   0

[HDD (BASE 65) ]
TOTAL THIS MO.   205    CLEAR  (SCALE 0-3)   3
DPTR FM NORMAL    93    PTCLDY (SCALE 4-7)   9
TOTAL FM JUL 1   308    CLOUDY (SCALE 8-10)  4
DPTR FM NORMAL   124

[CDD (BASE 65) ]
TOTAL THIS MO.     1
DPTR FM NORMAL   -23    [PRESSURE DATA]
TOTAL FM JAN 1  3149    HIGHEST SLP M ON M
DPTR FM NORMAL   402    LOWEST  SLP 29.64 ON  5

[REMARKS]
