000
CXUS54 KFWD 220730
CF6DFW
PRELIMINARY LOCAL CLIMATOLOGICAL DATA (WS FORM: F-6)

                                          STATION:   DALLAS FORT WORTH
                                          MONTH:     FEBRUARY
                                          YEAR:      2018
                                          LATITUDE:   32 54 N
                                          LONGITUDE:  97  2 W

  TEMPERATURE IN F:       :PCPN:    SNOW:  WIND      :SUNSHINE: SKY     :PK WND
================================================================================
1   2   3   4   5  6A  6B    7    8   9   10  11  12  13   14  15   16   17  18
                                     12Z  AVG MX 2MIN
DY MAX MIN AVG DEP HDD CDD  WTR  SNW DPTH SPD SPD DIR MIN PSBL S-S WX    SPD DR
================================================================================

 1  65  44  55   8  10   0 0.00  0.0    0 16.4 29  10   M    M   3        35  20
 2  55  34  45  -2  20   0 0.00  0.0    0  9.5 21  10   M    M   6        26  20
 3  60  40  50   2  15   0 0.00  0.0    0 13.6 29 180   M    M   8        34 190
 4  67  36  52   4  13   0 0.00  0.0    0 11.3 31  20   M    M   4 1      41  20
 5  47  25  36 -12  29   0 0.00  0.0    0  6.7 18  10   M    M   5        22 360
 6  44  33  39  -9  26   0 0.27  0.0    0 11.8 22 350   M    M   9 1368   24 330
 7  50  31  41  -7  24   0    T  0.0    0 12.1 23 350   M    M   5 16     27 350
 8  62  30  46  -2  19   0 0.00  0.0    0  4.2 10 140   M    M   3        13 160
 9  73  42  58   9   7   0 0.00  0.0    0 13.0 29 190   M    M   7        32 190
10  61  32  47  -2  18   0    T  0.0    0 14.1 23 330   M    M  10 168    28 330
11  44  27  36 -13  29   0    T    T    0 13.4 23 350   M    M   8 46     27 350
12  48  27  38 -11  27   0 0.00  0.0    0  8.3 14 130   M    M   5        20  60
13  48  41  45  -4  20   0    T  0.0    0  6.2 17 140   M    M  10 1      20 140
14  79  45  62  12   3   0 0.01  0.0    0 11.1 23 180   M    M   9 18     29 170
15  82  65  74  24   0   9 0.00  0.0    0 20.3 30 190   M    M   8        37 180
16  71  47  59   9   6   0    T  0.0    0 15.9 30 340   M    M   8        36 340
17  67  43  55   5  10   0 0.29  0.0    0  6.9 21 310   M    M   9 1      24 310
18  67  47  57   7   8   0 0.02  0.0    0  9.7 24 140   M    M   9 1      28 150
19  79  67  73  22   0   8    T  0.0    0 21.0 35 200   M    M  10        44 180
20  74  39  57   6   8   0 2.08  0.0    0 17.5 29 310   M    M  10 13     37 170
21  39  34  37 -14  28   0 1.86  0.0    0 15.1 26 350   M    M  10 13     31 350
================================================================================
SM 1282  829       320  17  4.53    T    258.1          M      156
================================================================================
AV 61.1 39.5                              12.3 FASTST   M    M   7    MAX(MPH)
                                 MISC ---->  # 35 200               # 44  180
================================================================================
NOTES:
# LAST OF SEVERAL OCCURRENCES

COLUMN 17 PEAK WIND IN M.P.H.

PRELIMINARY LOCAL CLIMATOLOGICAL DATA (WS FORM: F-6) , PAGE 2

                                          STATION:  DALLAS FORT WORTH
                                          MONTH:    FEBRUARY
                                          YEAR:     2018
                                          LATITUDE:   32 54 N
                                          LONGITUDE:  97  2 W

[TEMPERATURE DATA]      [PRECIPITATION DATA]       SYMBOLS USED IN COLUMN 16

AVERAGE MONTHLY: 50.3   TOTAL FOR MONTH:   4.53    1 = FOG OR MIST
DPTR FM NORMAL:   1.2   DPTR FM NORMAL:    2.60    2 = FOG REDUCING VISIBILITY
HIGHEST:    82 ON 15    GRTST 24HR  3.20 ON 20-21      TO 1/4 MILE OR LESS
LOWEST:     25 ON  5                               3 = THUNDER
                        SNOW, ICE PELLETS, HAIL    4 = ICE PELLETS
                        TOTAL MONTH:    T          5 = HAIL
                        GRTST 24HR    T  ON 11-11  6 = FREEZING RAIN OR DRIZZLE
                        GRTST DEPTH:   0           7 = DUSTSTORM OR SANDSTORM:
                                                       VSBY 1/2 MILE OR LESS
                                                   8 = SMOKE OR HAZE
[NO. OF DAYS WITH]      [WEATHER - DAYS WITH]      9 = BLOWING SNOW
                                                   X = TORNADO
MAX 32 OR BELOW:   0    0.01 INCH OR MORE:   6
MAX 90 OR ABOVE:   0    0.10 INCH OR MORE:   4
MIN 32 OR BELOW:   6    0.50 INCH OR MORE:   2
MIN  0 OR BELOW:   0    1.00 INCH OR MORE:   2

[HDD (BASE 65) ]
TOTAL THIS MO.   320    CLEAR  (SCALE 0-3)   2
DPTR FM NORMAL   -17    PTCLDY (SCALE 4-7)   9
TOTAL FM JUL 1  1587    CLOUDY (SCALE 8-10) 10
DPTR FM NORMAL  -255

[CDD (BASE 65) ]
TOTAL THIS MO.    17
DPTR FM NORMAL    17    [PRESSURE DATA]
TOTAL FM JAN 1    20    HIGHEST SLP M ON M
DPTR FM NORMAL    18    LOWEST  SLP 29.73 ON 19

[REMARKS]
