225
CXUS55 KCYS 221000
CF6DGW
PRELIMINARY LOCAL CLIMATOLOGICAL DATA (WS FORM: F-6)

                                          STATION:   CONVERSE CO (DOUGLAS) WY ARPT
                                          MONTH:     OCTOBER
                                          YEAR:      2018
                                          LATITUDE:   42 46 N
                                          LONGITUDE: 105 22 W

  TEMPERATURE IN F:       :PCPN:    SNOW:  WIND      :SUNSHINE: SKY     :PK WND
================================================================================
1   2   3   4   5  6A  6B    7    8   9   10  11  12  13   14  15   16   17  18
                                     12Z  AVG MX 2MIN
DY MAX MIN AVG DEP HDD CDD  WTR  SNW DPTH SPD SPD DIR MIN PSBL S-S WX    SPD DR
================================================================================

 1  73  43  58   7   7   0 0.01    M    M  6.0 22 140   M    M   4 1      28 150
 2  80  43  62  11   3   0 0.00    M    M  6.3 23 280   M    M   1        28 280
 3  76  33  55   5  10   0 0.00    M    M 18.6 40 280   M    M   4        51 280
 4  58  34  46  -4  19   0 0.13    M    M 16.8 32 140   M    M   4 1      40 140
 5  56  27  42  -8  23   0 0.19    M    M  8.2 21  20   M    M   5 1      29  30
 6  56  27  42  -7  23   0    T    M    M 14.1 25 150   M    M   3        31 140
 7  43  33  38 -11  27   0 0.07    M    M 10.1 18 140   M    M  10 1      24 140
 8  39  32  36 -12  29   0 0.19    M    M  5.0 14  50   M    M  10 1      15  50
 9  37  32  35 -13  30   0 0.04    M    M  4.7 12  70   M    M  10 1      13  50
10  35  26  31 -17  34   0 0.02    M    M  6.0 15  30   M    M  10 168    20  40
11  45  23  34 -13  31   0 0.03    M    M  6.5 26  10   M    M   7 12     34  10
12  59  23  41  -6  24   0 0.01    M    M  9.3 23 280   M    M   1 1      29 260
13  46  19  33 -14  32   0    T    M    M 10.1 26  30   M    M   8 1      32  40
14  30  15  23 -23  42   0 0.02    M    M  9.7 21 290   M    M   6 1      24 290
15  49  12  31 -15  34   0 0.00    M    M 11.7 28 280   M    M   0        35 300
16  60  27  44  -2  21   0 0.00    M    M  8.2 18 300   M    M   0        23 300
17  62  23  43  -2  22   0 0.00    M    M  8.1 22 130   M    M   0        27 130
18  69  27  48   3  17   0 0.00    M    M  7.8 24 290   M    M   0        30 290
19  63  30  47   2  18   0 0.00    M    M  8.3 18 330   M    M   0        23 330
20  69  25  47   3  18   0 0.00  0.0    0  2.1 10 140   M    M   0        11 130
21  74  28  51   7  14   0 0.00    M    M  5.4 17 300   M    M   0        21 290
================================================================================
SM 1179  582       478   0  0.71     0.0 183.0          M       83
================================================================================
AV 56.1 27.7                               8.7 FASTST   M    M   4    MAX(MPH)
                                 MISC ---->  # 40 280               # 51  280
================================================================================
NOTES:
# LAST OF SEVERAL OCCURRENCES

COLUMN 17 PEAK WIND IN M.P.H.

PRELIMINARY LOCAL CLIMATOLOGICAL DATA (WS FORM: F-6) , PAGE 2

                                          STATION:  CONVERSE CO (DOUGLAS) WY ARPT
                                          MONTH:    OCTOBER
                                          YEAR:     2018
                                          LATITUDE:   42 46 N
                                          LONGITUDE: 105 22 W

[TEMPERATURE DATA]      [PRECIPITATION DATA]       SYMBOLS USED IN COLUMN 16

AVERAGE MONTHLY: 41.9   TOTAL FOR MONTH:   0.71    1 = FOG OR MIST
DPTR FM NORMAL:  -5.5   DPTR FM NORMAL:   -0.13    2 = FOG REDUCING VISIBILITY
HIGHEST:    80 ON  2    GRTST 24HR  0.19 ON  8- 8      TO 1/4 MILE OR LESS
LOWEST:     12 ON 15                               3 = THUNDER
                        SNOW, ICE PELLETS, HAIL    4 = ICE PELLETS
                        TOTAL MONTH:   0.0 INCH    5 = HAIL
                        GRTST 24HR     0.0         6 = FREEZING RAIN OR DRIZZLE
                        GRTST DEPTH:   0           7 = DUSTSTORM OR SANDSTORM:
                                                       VSBY 1/2 MILE OR LESS
                                                   8 = SMOKE OR HAZE
[NO. OF DAYS WITH]      [WEATHER - DAYS WITH]      9 = BLOWING SNOW
                                                   X = TORNADO
MAX 32 OR BELOW:   1    0.01 INCH OR MORE:  10
MAX 90 OR ABOVE:   0    0.10 INCH OR MORE:   3
MIN 32 OR BELOW:  16    0.50 INCH OR MORE:   0
MIN  0 OR BELOW:   0    1.00 INCH OR MORE:   0

[HDD (BASE 65) ]
TOTAL THIS MO.   478    CLEAR  (SCALE 0-3)  10
DPTR FM NORMAL   108    PTCLDY (SCALE 4-7)   7
TOTAL FM JUL 1   623    CLOUDY (SCALE 8-10)  4
DPTR FM NORMAL   -16

[CDD (BASE 65) ]
TOTAL THIS MO.     0
DPTR FM NORMAL     0    [PRESSURE DATA]
TOTAL FM JAN 1   432    HIGHEST SLP M ON M
DPTR FM NORMAL   -54    LOWEST  SLP 29.54 ON  3

[REMARKS]
