000
CXUS55 KCYS 221000
CF6DGW
PRELIMINARY LOCAL CLIMATOLOGICAL DATA (WS FORM: F-6)

                                          STATION:   CONVERSE CO (DOUGLAS) WY ARPT
                                          MONTH:     JULY
                                          YEAR:      2018
                                          LATITUDE:   42 46 N
                                          LONGITUDE: 105 22 W

  TEMPERATURE IN F:       :PCPN:    SNOW:  WIND      :SUNSHINE: SKY     :PK WND
================================================================================
1   2   3   4   5  6A  6B    7    8   9   10  11  12  13   14  15   16   17  18
                                     12Z  AVG MX 2MIN
DY MAX MIN AVG DEP HDD CDD  WTR  SNW DPTH SPD SPD DIR MIN PSBL S-S WX    SPD DR
================================================================================

 1  83  40  62  -7   3   0 0.00    M    M  6.9 23 280   M    M   1        28 290
 2  91  46  69   0   0   4 0.00    M    M  8.5 36 210   M    M   0        52 220
 3  86  51  69   0   0   4    T  0.0    0  7.5 23  10   M    M   1 3      30 360
 4  79  53  66  -3   0   1 0.00  0.0    0 10.3 20  60   M    M   3        23 330
 5  87  60  74   4   0   9 0.00    M    M 15.2 32 150   M    M   3 1      38 150
 6  94  60  77   7   0  12 0.00  0.0    0 10.0 17 130   M    M   0        21 140
 7  99  55  77   7   0  12 0.00  0.0    0  7.4 25 190   M    M   0        33 190
 8  94  57  76   6   0  11 0.00  0.0    0  6.9 17  90   M    M   0        23  90
 9  95  63  79   9   0  14 0.00  0.0    0 11.7 29 260   M    M   1 3      37 260
10  99  62  81  10   0  16 0.00    M    M  6.8 22 240   M    M   0 3      32 240
11  87  63  75   4   0  10 0.13    M    M  8.8 18 290   M    M   0 13     23 330
12  81  59  70  -1   0   5 0.10    M    M  7.1 15 150   M    M   2 13     21  90
13  89  58  74   3   0   9 0.00  0.0    0 10.8 20 190   M    M   1 1      25 170
14  96  56  76   5   0  11 0.00    M    M  8.8 23  60   M    M   1 3      31  50
15  81  60  71   0   0   6 0.17  0.0    0 13.3 24 160   M    M   4 1      32 150
16  86  55  71  -1   0   6 0.41  0.0    0  7.1 32 270   M    M   2 13     41 280
17  86  53  70  -2   0   5 0.54  0.0    0 10.5 44 300   M    M   0 138    56 290
18  88  54  71  -1   0   6 0.00  0.0    0 10.7 28 300   M    M   1 12     36 270
19  91  52  72   0   0   7 0.00  0.0    0  6.5 16  40   M    M   0        21  50
20  92  54  73   1   0   8 0.00    M    M  8.5 20 130   M    M   0        25 140
21  95  63  79   7   0  14 0.15    M    M  9.1 24 180   M    M   0 13     36 180
================================================================================
SM 1879 1174         3 170  1.50     0.0 192.4          M       20
================================================================================
AV 89.5 55.9                               9.2 FASTST   M    M   1    MAX(MPH)
                                 MISC ---->  # 44 300               # 56  290
================================================================================
NOTES:
# LAST OF SEVERAL OCCURRENCES

COLUMN 17 PEAK WIND IN M.P.H.

PRELIMINARY LOCAL CLIMATOLOGICAL DATA (WS FORM: F-6) , PAGE 2

                                          STATION:  CONVERSE CO (DOUGLAS) WY ARPT
                                          MONTH:    JULY
                                          YEAR:     2018
                                          LATITUDE:   42 46 N
                                          LONGITUDE: 105 22 W

[TEMPERATURE DATA]      [PRECIPITATION DATA]       SYMBOLS USED IN COLUMN 16

AVERAGE MONTHLY: 72.7   TOTAL FOR MONTH:   1.50    1 = FOG OR MIST
DPTR FM NORMAL:   2.0   DPTR FM NORMAL:    0.52    2 = FOG REDUCING VISIBILITY
HIGHEST:    99 ON 10, 7 GRTST 24HR  0.54 ON 17-17      TO 1/4 MILE OR LESS
LOWEST:     40 ON  1                               3 = THUNDER
                        SNOW, ICE PELLETS, HAIL    4 = ICE PELLETS
                        TOTAL MONTH:   0.0 INCH    5 = HAIL
                        GRTST 24HR     0.0         6 = FREEZING RAIN OR DRIZZLE
                        GRTST DEPTH:   0           7 = DUSTSTORM OR SANDSTORM:
                                                       VSBY 1/2 MILE OR LESS
                                                   8 = SMOKE OR HAZE
[NO. OF DAYS WITH]      [WEATHER - DAYS WITH]      9 = BLOWING SNOW
                                                   X = TORNADO
MAX 32 OR BELOW:   0    0.01 INCH OR MORE:   6
MAX 90 OR ABOVE:  10    0.10 INCH OR MORE:   6
MIN 32 OR BELOW:   0    0.50 INCH OR MORE:   1
MIN  0 OR BELOW:   0    1.00 INCH OR MORE:   0

[HDD (BASE 65) ]
TOTAL THIS MO.     3    CLEAR  (SCALE 0-3)  18
DPTR FM NORMAL    -6    PTCLDY (SCALE 4-7)   3
TOTAL FM JUL 1     3    CLOUDY (SCALE 8-10)  0
DPTR FM NORMAL    -6

[CDD (BASE 65) ]
TOTAL THIS MO.   170
DPTR FM NORMAL    42    [PRESSURE DATA]
TOTAL FM JAN 1   255    HIGHEST SLP M ON M
DPTR FM NORMAL    50    LOWEST  SLP 29.71 ON  3

[REMARKS]
