000
CXUS53 KBIS 200803
CF6DIK
PRELIMINARY LOCAL CLIMATOLOGICAL DATA (WS FORM: F-6)

                                          STATION:   DICKINSON ND
                                          MONTH:     MAY
                                          YEAR:      2018
                                          LATITUDE:   46 47 N
                                          LONGITUDE: 102 48 W

  TEMPERATURE IN F:       :PCPN:    SNOW:  WIND      :SUNSHINE: SKY     :PK WND
================================================================================
1   2   3   4   5  6A  6B    7    8   9   10  11  12  13   14  15   16   17  18
                                     12Z  AVG MX 2MIN
DY MAX MIN AVG DEP HDD CDD  WTR  SNW DPTH SPD SPD DIR MIN PSBL S-S WX    SPD DR
================================================================================

 1  55  36  46  -2  19   0 0.01    M    M  4.0 12 220   M    M   9 1      13 230
 2  66  36  51   2  14   0 0.00    M    M 10.6 22 300   M    M   2        28 290
 3  74  35  55   6  10   0 0.01    M    M 11.0 31 290   M    M   3 3      39 290
 4  78  37  58   9   7   0 0.00    M    M 11.7 23 300   M    M   2 8      31 270
 5  79  47  63  13   2   0 0.00    M    M 11.7 22 300   M    M   2        28 310
 6  80  39  60  10   5   0 0.00    M    M  4.7 14 250   M    M   1        16 260
 7  82  51  67  17   0   2 0.04    M    M  9.1 17  30   M    M   3        22 320
 8  73  53  63  12   2   0    T    M    M  8.8 15  50   M    M   4 8      25  40
 9  71  45  58   7   7   0 0.00    M    M 14.7 26 330   M    M   2        36 310
10  45  36  41 -10  24   0 0.18    M    M 13.4 26 110   M    M   8 1      34 100
11  44  38  41 -11  24   0    T    M    M 12.4 20 120   M    M  10        23 120
12  52  41  47  -5  18   0    T    M    M  6.6 14 140   M    M  10        16 110
13  69  45  57   5   8   0 0.00    M    M  8.6 18 250   M    M   7        22 250
14  77  43  60   8   5   0 0.00    M    M  9.5 22  20   M    M   4        27  20
15  80  41  61   8   4   0 0.00    M    M  9.0 18 200   M    M   0        26 200
16  86  50  68  15   0   3 0.00    M    M  8.2 17 150   M    M   0        22 150
17  70  52  61   7   4   0 0.02    M    M  9.9 24 140   M    M   3 13     31 140
18  53  44  49  -5  16   0 0.30    M    M 12.8 22  30   M    M  10 12     26  30
19  64  37  51  -3  14   0 0.00    M    M  9.8 22  60   M    M   2        27  60
================================================================================
SM 1298  806       183   5  0.56    M    186.5          M       82
================================================================================
AV 68.3 42.4                               9.8 FASTST   M    M   4    MAX(MPH)
                                 MISC ---->  # 31 290               # 39  290
================================================================================
NOTES:
# LAST OF SEVERAL OCCURRENCES

COLUMN 17 PEAK WIND IN M.P.H.

PRELIMINARY LOCAL CLIMATOLOGICAL DATA (WS FORM: F-6) , PAGE 2

                                          STATION:  DICKINSON ND
                                          MONTH:    MAY
                                          YEAR:     2018
                                          LATITUDE:   46 47 N
                                          LONGITUDE: 102 48 W

[TEMPERATURE DATA]      [PRECIPITATION DATA]       SYMBOLS USED IN COLUMN 16

AVERAGE MONTHLY: 55.4   TOTAL FOR MONTH:   0.56    1 = FOG OR MIST
DPTR FM NORMAL:   4.1   DPTR FM NORMAL:   -0.79    2 = FOG REDUCING VISIBILITY
HIGHEST:    86 ON 16    GRTST 24HR  0.30 ON 18-18      TO 1/4 MILE OR LESS
LOWEST:     35 ON  3                               3 = THUNDER
                        SNOW, ICE PELLETS, HAIL    4 = ICE PELLETS
                        TOTAL MONTH:    M          5 = HAIL
                        GRTST 24HR    M  ON   M    6 = FREEZING RAIN OR DRIZZLE
                        GRTST DEPTH:  M  ON   M    7 = DUSTSTORM OR SANDSTORM:
                                                       VSBY 1/2 MILE OR LESS
                                                   8 = SMOKE OR HAZE
[NO. OF DAYS WITH]      [WEATHER - DAYS WITH]      9 = BLOWING SNOW
                                                   X = TORNADO
MAX 32 OR BELOW:   0    0.01 INCH OR MORE:   6
MAX 90 OR ABOVE:   0    0.10 INCH OR MORE:   2
MIN 32 OR BELOW:   0    0.50 INCH OR MORE:   0
MIN  0 OR BELOW:   0    1.00 INCH OR MORE:   0

[HDD (BASE 65) ]
TOTAL THIS MO.   183    CLEAR  (SCALE 0-3)  10
DPTR FM NORMAL   -83    PTCLDY (SCALE 4-7)   5
TOTAL FM JUL 1  8745    CLOUDY (SCALE 8-10)  4
DPTR FM NORMAL   417

[CDD (BASE 65) ]
TOTAL THIS MO.     5
DPTR FM NORMAL     5    [PRESSURE DATA]
TOTAL FM JAN 1     5    HIGHEST SLP M ON M
DPTR FM NORMAL     4    LOWEST  SLP 29.74 ON 17

[REMARKS]
