000
CXUS53 KBIS 160803
CF6DIK
PRELIMINARY LOCAL CLIMATOLOGICAL DATA (WS FORM: F-6)

                                          STATION:   DICKINSON ND
                                          MONTH:     NOVEMBER
                                          YEAR:      2018
                                          LATITUDE:   46 47 N
                                          LONGITUDE: 102 48 W

  TEMPERATURE IN F:       :PCPN:    SNOW:  WIND      :SUNSHINE: SKY     :PK WND
================================================================================
1   2   3   4   5  6A  6B    7    8   9   10  11  12  13   14  15   16   17  18
                                     12Z  AVG MX 2MIN
DY MAX MIN AVG DEP HDD CDD  WTR  SNW DPTH SPD SPD DIR MIN PSBL S-S WX    SPD DR
================================================================================

 1  51  30  41   4  24   0    T    M    M 11.6 32 320   M    M   9        42 320
 2  42  33  38   2  27   0 0.12    M    M 10.0 18 130   M    M  10 1      24 120
 3  36  33  35  -1  30   0 0.13    M    M  7.0 13  70   M    M  10 12     18  70
 4  39  31  35   0  30   0 0.08    M    M 16.1 26 170   M    M  10 1      32 170
 5  41  22  32  -3  33   0 0.11    M    M 19.8 31 310   M    M  10 1      39 310
 6  22  10  16 -18  49   0    T    M    M 24.2 36 300   M    M   9        45 300
 7  25   7  16 -18  49   0    T    M    M  9.1 18 320   M    M   6 18     25 320
 8  23  -8   8 -25  57   0    T    M    M 10.9 21 290   M    M   8 18     27 290
 9  17  -8   5 -28  60   0    T    M    M 12.6 25 170   M    M   3 18     33 160
10  33  16  25  -7  40   0    T    M    M 18.2 26 290   M    M  10 18     36 310
11  24   2  13 -19  52   0    T    M    M 12.5 20 340   M    M   9 1      29 320
12  26   8  17 -14  48   0    T    M    M 10.0 21 280   M    M   6 18     26 290
13  42  15  29  -2  36   0 0.00    M    M 10.6 18 280   M    M   5        23 270
14  56  31  44  14  21   0 0.00    M    M 11.8 21 250   M    M   0        29 250
15  46  29  38   8  27   0 0.00    M    M 14.6 29 300   M    M   8 1      39 290
================================================================================
SM  523  251       583   0  0.44    M    199.0          M      113
================================================================================
AV 34.9 16.7                              13.3 FASTST   M    M   8    MAX(MPH)
                                 MISC ---->  # 36 300               # 45  300
================================================================================
NOTES:
# LAST OF SEVERAL OCCURRENCES

COLUMN 17 PEAK WIND IN M.P.H.

PRELIMINARY LOCAL CLIMATOLOGICAL DATA (WS FORM: F-6) , PAGE 2

                                          STATION:  DICKINSON ND
                                          MONTH:    NOVEMBER
                                          YEAR:     2018
                                          LATITUDE:   46 47 N
                                          LONGITUDE: 102 48 W

[TEMPERATURE DATA]      [PRECIPITATION DATA]       SYMBOLS USED IN COLUMN 16

AVERAGE MONTHLY: 25.8   TOTAL FOR MONTH:   0.44    1 = FOG OR MIST
DPTR FM NORMAL:  -7.5   DPTR FM NORMAL:    0.09    2 = FOG REDUCING VISIBILITY
HIGHEST:    56 ON 14    GRTST 24HR  0.13 ON  3- 3      TO 1/4 MILE OR LESS
LOWEST:     -8 ON  9, 8                            3 = THUNDER
                        SNOW, ICE PELLETS, HAIL    4 = ICE PELLETS
                        TOTAL MONTH:    M          5 = HAIL
                        GRTST 24HR    M  ON   M    6 = FREEZING RAIN OR DRIZZLE
                        GRTST DEPTH:  M  ON   M    7 = DUSTSTORM OR SANDSTORM:
                                                       VSBY 1/2 MILE OR LESS
                                                   8 = SMOKE OR HAZE
[NO. OF DAYS WITH]      [WEATHER - DAYS WITH]      9 = BLOWING SNOW
                                                   X = TORNADO
MAX 32 OR BELOW:   6    0.01 INCH OR MORE:   4
MAX 90 OR ABOVE:   0    0.10 INCH OR MORE:   3
MIN 32 OR BELOW:  13    0.50 INCH OR MORE:   0
MIN  0 OR BELOW:   2    1.00 INCH OR MORE:   0

[HDD (BASE 65) ]
TOTAL THIS MO.   583    CLEAR  (SCALE 0-3)   2
DPTR FM NORMAL   107    PTCLDY (SCALE 4-7)   3
TOTAL FM JUL 1  1722    CLOUDY (SCALE 8-10) 10
DPTR FM NORMAL   235

[CDD (BASE 65) ]
TOTAL THIS MO.     0
DPTR FM NORMAL     0    [PRESSURE DATA]
TOTAL FM JAN 1   431    HIGHEST SLP M ON M
DPTR FM NORMAL    12    LOWEST  SLP 29.61 ON  5

[REMARKS]
