000
CXUS53 KDLH 220631
CF6DLH
PRELIMINARY LOCAL CLIMATOLOGICAL DATA (WS FORM: F-6)

                                          STATION:   DULUTH
                                          MONTH:     SEPTEMBER
                                          YEAR:      2018
                                          LATITUDE:   46 49 N
                                          LONGITUDE:  92 11 W

  TEMPERATURE IN F:       :PCPN:    SNOW:  WIND      :SUNSHINE: SKY     :PK WND
================================================================================
1   2   3   4   5  6A  6B    7    8   9   10  11  12  13   14  15   16   17  18
                                     12Z  AVG MX 2MIN
DY MAX MIN AVG DEP HDD CDD  WTR  SNW DPTH SPD SPD DIR MIN PSBL S-S WX    SPD DR
================================================================================

 1  81  60  71  10   0   6 0.00  0.0    0  4.7 14 260   M    M   6 1      19 300
 2  76  58  67   6   0   2 0.24  0.0    0  7.4 26 280   M    M   4 123    37 290
 3  73  49  61   1   4   0 0.00  0.0    0  8.6 17 120   M    M   1 1      22 100
 4  74  62  68   8   0   3 0.16  0.0    0  7.4 14 250   M    M   9 12     18 260
 5  71  46  59  -1   6   0    T  0.0    0  9.2 16 360   M    M   1 1      24 340
 6  72  39  56  -3   9   0 0.00  0.0    0  3.1 10 160   M    M   1 1      13 220
 7  72  55  64   5   1   0    T  0.0    0  7.7 15 100   M    M   6        20 100
 8  68  54  61   2   4   0 0.00  0.0    0 11.2 16  90   M    M   3        20 100
 9  69  50  60   2   5   0 0.00  0.0    0  9.1 17 190   M    M   2        24 200
10  76  52  64   6   1   0    T  0.0    0  8.0 16 210   M    M   6        21 200
11  81  61  71  13   0   6    T  0.0    0 12.5 23 190   M    M   2        32 190
12  77  66  72  15   0   7 0.00  0.0    0 11.2 20 220   M    M   6        27 210
13  81  63  72  15   0   7 0.00  0.0    0 12.9 25 210   M    M   4        34 190
14  80  69  75  19   0  10    T  0.0    0  7.1 16 120   M    M   8 3      19  90
15  71  62  67  11   0   2 1.74  0.0    0 11.1 28 240   M    M  10 123    41 240
16  80  62  71  15   0   6 0.00  0.0    0 11.6 20 110   M    M   5 12     25 120
17  74  55  65  10   0   0 0.00  0.0    0 10.3 20 320   M    M   3        25 320
18  61  53  57   2   8   0 0.01  0.0    0 10.3 18 110   M    M  10 1      21 110
19  58  52  55   1  10   0    T  0.0    0  6.8 13  60   M    M  10        16  70
20  60  51  56   2   9   0 0.77  0.0    0 17.1 30  90   M    M   9 1      44 100
21  59  41  50  -3  15   0 0.01  0.0    0 13.8 26 310   M    M   6 1      39 300
================================================================================
SM 1514 1160        72  49  2.93     0.0 201.1          M      112
================================================================================
AV 72.1 55.2                               9.6 FASTST   M    M   5    MAX(MPH)
                                 MISC ---->  # 30  90               # 44  100
================================================================================
NOTES:
# LAST OF SEVERAL OCCURRENCES

COLUMN 17 PEAK WIND IN M.P.H.

PRELIMINARY LOCAL CLIMATOLOGICAL DATA (WS FORM: F-6) , PAGE 2

                                          STATION:  DULUTH
                                          MONTH:    SEPTEMBER
                                          YEAR:     2018
                                          LATITUDE:   46 49 N
                                          LONGITUDE:  92 11 W

[TEMPERATURE DATA]      [PRECIPITATION DATA]       SYMBOLS USED IN COLUMN 16

AVERAGE MONTHLY: 63.7   TOTAL FOR MONTH:   2.93    1 = FOG OR MIST
DPTR FM NORMAL:   6.2   DPTR FM NORMAL:   -0.01    2 = FOG REDUCING VISIBILITY
HIGHEST:    81 ON 13,11 GRTST 24HR  1.74 ON 15-15      TO 1/4 MILE OR LESS
LOWEST:     39 ON  6                               3 = THUNDER
                        SNOW, ICE PELLETS, HAIL    4 = ICE PELLETS
                        TOTAL MONTH:   0.0 INCH    5 = HAIL
                        GRTST 24HR     0.0         6 = FREEZING RAIN OR DRIZZLE
                        GRTST DEPTH:   0           7 = DUSTSTORM OR SANDSTORM:
                                                       VSBY 1/2 MILE OR LESS
                                                   8 = SMOKE OR HAZE
[NO. OF DAYS WITH]      [WEATHER - DAYS WITH]      9 = BLOWING SNOW
                                                   X = TORNADO
MAX 32 OR BELOW:   0    0.01 INCH OR MORE:   6
MAX 90 OR ABOVE:   0    0.10 INCH OR MORE:   4
MIN 32 OR BELOW:   0    0.50 INCH OR MORE:   2
MIN  0 OR BELOW:   0    1.00 INCH OR MORE:   1

[HDD (BASE 65) ]
TOTAL THIS MO.    72    CLEAR  (SCALE 0-3)   6
DPTR FM NORMAL  -100    PTCLDY (SCALE 4-7)   9
TOTAL FM JUL 1   113    CLOUDY (SCALE 8-10)  6
DPTR FM NORMAL  -208

[CDD (BASE 65) ]
TOTAL THIS MO.    49
DPTR FM NORMAL    36    [PRESSURE DATA]
TOTAL FM JAN 1   394    HIGHEST SLP M ON M
DPTR FM NORMAL   191    LOWEST  SLP 29.45 ON 21

[REMARKS]
