000
CXUS56 KTFX 191205
CF6DLN
PRELIMINARY LOCAL CLIMATOLOGICAL DATA (WS FORM: F-6)

                                          STATION:   DILLON AIRPORT MT
                                          MONTH:     JULY
                                          YEAR:      2018
                                          LATITUDE:   45 15 N
                                          LONGITUDE: 112 33 W

  TEMPERATURE IN F:       :PCPN:    SNOW:  WIND      :SUNSHINE: SKY     :PK WND
================================================================================
1   2   3   4   5  6A  6B    7    8   9   10  11  12  13   14  15   16   17  18
                                     12Z  AVG MX 2MIN
DY MAX MIN AVG DEP HDD CDD  WTR  SNW DPTH SPD SPD DIR MIN PSBL S-S WX    SPD DR
================================================================================

 1  75  50  63   0   2   0 0.00    M    0  9.3 21 250   M    M   5        26 280
 2  78  45  62  -1   3   0 0.00    M    0 10.4 23 250   M    M   0 8      29 310
 3  61  37  49 -15  16   0 0.00    M    0  6.7 16  50   M    M   4        19  50
 4  75  35  55  -9  10   0 0.00    M    0  7.6 18  40   M    M   0        23  30
 5  88  42  65   1   0   0 0.00    M    0  6.6 20 160   M    M   0        26 160
 6  90  51  71   7   0   6 0.00    M    0  5.8 14 210   M    M   0 8      20 220
 7  87  52  70   6   0   5 0.00    M    0  8.4 16 240   M    M   0        20 230
 8  85  50  68   3   0   3 0.00    M    0  6.5 15  10   M    M   0 8      17  10
 9  87  53  70   5   0   5    T    M    0  6.5 32 150   M    M   1 38     41 150
10  91  56  74   9   0   9 0.00    M    0  9.7 28 260   M    M   0 38     36 230
11  83  46  65   0   0   0 0.00    M    0  4.4 14  40   M    M   0 8      17  30
12  84  51  68   2   0   3 0.00    M    0  5.3 12  20   M    M   0 8      13  30
13  91  50  71   5   0   6 0.00    M    0  8.0 20 140   M    M   0 8      23 140
14  89  54  72   6   0   7 0.00    M    0  9.5 22  60   M    M   0 8      29  60
15  87  48  68   2   0   3 0.00    M    0  5.3 12  60   M    M   0        15  60
16  86  55  71   5   0   6 0.00    M    0  5.8 29 150   M    M   2 8      40 140
17  77  52  65  -1   0   0    T    M    0  6.5 18  30   M    M   2        23 200
18  86  49  68   2   0   3 0.00    M    0  8.7 23 260   M    M   0 8      28 270
================================================================================
SM 1500  876        31  56    T     M    131.0          M       14
================================================================================
AV 83.3 48.7                               7.3 FASTST   M    M   1    MAX(MPH)
                                 MISC ---->  # 32 150               # 41  150
================================================================================
NOTES:
# LAST OF SEVERAL OCCURRENCES

COLUMN 17 PEAK WIND IN M.P.H.

PRELIMINARY LOCAL CLIMATOLOGICAL DATA (WS FORM: F-6) , PAGE 2

                                          STATION:  DILLON AIRPORT MT
                                          MONTH:    JULY
                                          YEAR:     2018
                                          LATITUDE:   45 15 N
                                          LONGITUDE: 112 33 W

[TEMPERATURE DATA]      [PRECIPITATION DATA]       SYMBOLS USED IN COLUMN 16

AVERAGE MONTHLY: 66.0   TOTAL FOR MONTH:      T    1 = FOG OR MIST
DPTR FM NORMAL:   1.1   DPTR FM NORMAL:   -0.71    2 = FOG REDUCING VISIBILITY
HIGHEST:    91 ON 13,10 GRTST 24HR    T  ON 17-17      TO 1/4 MILE OR LESS
LOWEST:     35 ON  4                               3 = THUNDER
                        SNOW, ICE PELLETS, HAIL    4 = ICE PELLETS
                        TOTAL MONTH:    M          5 = HAIL
                        GRTST 24HR    M  ON   M    6 = FREEZING RAIN OR DRIZZLE
                        GRTST DEPTH:   0           7 = DUSTSTORM OR SANDSTORM:
                                                       VSBY 1/2 MILE OR LESS
                                                   8 = SMOKE OR HAZE
[NO. OF DAYS WITH]      [WEATHER - DAYS WITH]      9 = BLOWING SNOW
                                                   X = TORNADO
MAX 32 OR BELOW:   0    0.01 INCH OR MORE:   0
MAX 90 OR ABOVE:   3    0.10 INCH OR MORE:   0
MIN 32 OR BELOW:   0    0.50 INCH OR MORE:   0
MIN  0 OR BELOW:   0    1.00 INCH OR MORE:   0

[HDD (BASE 65) ]
TOTAL THIS MO.    31    CLEAR  (SCALE 0-3)  16
DPTR FM NORMAL   -10    PTCLDY (SCALE 4-7)   2
TOTAL FM JUL 1    31    CLOUDY (SCALE 8-10)  0
DPTR FM NORMAL   -10

[CDD (BASE 65) ]
TOTAL THIS MO.    56
DPTR FM NORMAL    14    [PRESSURE DATA]
TOTAL FM JAN 1    56    HIGHEST SLP M ON M
DPTR FM NORMAL    -3    LOWEST  SLP 29.71 ON  2

[REMARKS]
