000
CXUS56 KTFX 161205
CF6DLN
PRELIMINARY LOCAL CLIMATOLOGICAL DATA (WS FORM: F-6)

                                          STATION:   DILLON AIRPORT MT
                                          MONTH:     OCTOBER
                                          YEAR:      2018
                                          LATITUDE:   45 15 N
                                          LONGITUDE: 112 33 W

  TEMPERATURE IN F:       :PCPN:    SNOW:  WIND      :SUNSHINE: SKY     :PK WND
================================================================================
1   2   3   4   5  6A  6B    7    8   9   10  11  12  13   14  15   16   17  18
                                     12Z  AVG MX 2MIN
DY MAX MIN AVG DEP HDD CDD  WTR  SNW DPTH SPD SPD DIR MIN PSBL S-S WX    SPD DR
================================================================================

 1  63  26  45  -4  20   0 0.00    M    0  7.5 14 210   M    M   3 1      17 200
 2  66  47  57   9   8   0 0.00    M    0 11.2 23 250   M    M   7        31 240
 3  64  34  49   1  16   0    T    M    0  8.4 25 240   M    M   1        33 220
 4  51  34  43  -5  22   0 0.24    M    0  5.2 18  70   M    M   8 13     23  60
 5  49  31  40  -7  25   0    T    M    0  5.5 15 250   M    M   6 1      19 240
 6  48  34  41  -6  24   0 0.04    M    0  4.0 14  50   M    M   9        17  40
 7  51  27  39  -7  26   0 0.00    M    0  5.7 13  40   M    M   8        16  40
 8  51  23  37  -9  28   0 0.00    M    0  6.1 14  30   M    M   3        18  30
 9  39  31  35 -11  30   0 0.09    M    0 13.4 26  20   M    M  10 12     33  40
10  38  30  34 -12  31   0 0.01    M    T 10.2 20  50   M    M  10 1      24  50
11  45  28  37  -8  28   0 0.00    M    0  4.3 14 230   M    M   6        15 220
12  59  26  43  -2  22   0 0.00    M    0 10.4 23 210   M    M   1        29 210
13  38  20  29 -15  36   0 0.13    M    0 12.5 25  30   M    M   8 1      33  30
14  38  19  29 -15  36   0    T    M    0  5.8 14  30   M    M   4        18  30
15  51  19  35  -9  30   0 0.00  0.0    T  4.6 10 200   M    M   0        12 220
================================================================================
SM  751  429       382   0  0.51     0.0 114.8          M       84
================================================================================
AV 50.1 28.6                               7.7 FASTST   M    M   6    MAX(MPH)
                                 MISC ---->  # 26  20               # 33  220
================================================================================
NOTES:
# LAST OF SEVERAL OCCURRENCES

COLUMN 17 PEAK WIND IN M.P.H.

PRELIMINARY LOCAL CLIMATOLOGICAL DATA (WS FORM: F-6) , PAGE 2

                                          STATION:  DILLON AIRPORT MT
                                          MONTH:    OCTOBER
                                          YEAR:     2018
                                          LATITUDE:   45 15 N
                                          LONGITUDE: 112 33 W

[TEMPERATURE DATA]      [PRECIPITATION DATA]       SYMBOLS USED IN COLUMN 16

AVERAGE MONTHLY: 39.3   TOTAL FOR MONTH:   0.51    1 = FOG OR MIST
DPTR FM NORMAL:  -6.9   DPTR FM NORMAL:    0.10    2 = FOG REDUCING VISIBILITY
HIGHEST:    66 ON  2    GRTST 24HR  0.24 ON  4- 4      TO 1/4 MILE OR LESS
LOWEST:     19 ON 15,14                            3 = THUNDER
                        SNOW, ICE PELLETS, HAIL    4 = ICE PELLETS
                        TOTAL MONTH:   0.0 INCH    5 = HAIL
                        GRTST 24HR     0.0         6 = FREEZING RAIN OR DRIZZLE
                        GRTST DEPTH:   0           7 = DUSTSTORM OR SANDSTORM:
                                                       VSBY 1/2 MILE OR LESS
                                                   8 = SMOKE OR HAZE
[NO. OF DAYS WITH]      [WEATHER - DAYS WITH]      9 = BLOWING SNOW
                                                   X = TORNADO
MAX 32 OR BELOW:   0    0.01 INCH OR MORE:   5
MAX 90 OR ABOVE:   0    0.10 INCH OR MORE:   2
MIN 32 OR BELOW:  11    0.50 INCH OR MORE:   0
MIN  0 OR BELOW:   0    1.00 INCH OR MORE:   0

[HDD (BASE 65) ]
TOTAL THIS MO.   382    CLEAR  (SCALE 0-3)   5
DPTR FM NORMAL   102    PTCLDY (SCALE 4-7)   7
TOTAL FM JUL 1   882    CLOUDY (SCALE 8-10)  3
DPTR FM NORMAL   153

[CDD (BASE 65) ]
TOTAL THIS MO.     0
DPTR FM NORMAL     0    [PRESSURE DATA]
TOTAL FM JAN 1   135    HIGHEST SLP M ON M
DPTR FM NORMAL   -21    LOWEST  SLP 29.51 ON  3

[REMARKS]
