000
CXUS51 KLWX 200620
CF6DMH
PRELIMINARY LOCAL CLIMATOLOGICAL DATA (WS FORM: F-6)

                                          STATION:   BALTIMORE INNER HARBOR MD
                                          MONTH:     NOVEMBER
                                          YEAR:      2018
                                          LATITUDE:   39 16 N
                                          LONGITUDE:  76 37 W

  TEMPERATURE IN F:       :PCPN:    SNOW:  WIND      :SUNSHINE: SKY     :PK WND
================================================================================
1   2   3   4   5  6A  6B    7    8   9   10  11  12  13   14  15   16   17  18
                                     12Z  AVG MX 2MIN
DY MAX MIN AVG DEP HDD CDD  WTR  SNW DPTH SPD SPD DIR MIN PSBL S-S WX    SPD DR
================================================================================

 1  76  55  66  11   0   1 0.00    M    M   M   M   M   M    M   M         M  M
 2  75  57  66  11   0   1 0.73    M    M   M   M   M   M    M   M         M  M
 3  59  47  53  -2  12   0 0.03    M    M   M   M   M   M    M   M         M  M
 4  56  42  49  -5  16   0 0.00    M    M   M   M   M   M    M   M         M  M
 5  57  51  54   0  11   0 0.96    M    M   M   M   M   M    M   M         M  M
 6  60  54  57   3   8   0 1.07    M    M   M   M   M   M    M   M         M  M
 7  64  49  57   4   8   0 0.00    M    M   M   M   M   M    M   M         M  M
 8  60  49  55   2  10   0 0.00    M    M   M   M   M   M    M   M         M  M
 9  51  45  48  -5  17   0 0.61    M    M   M   M   M   M    M   M         M  M
10  48  33  41 -11  24   0 0.00    M    M   M   M   M   M    M   M         M  M
11  49  31  40 -12  25   0 0.00    M    M   M   M   M   M    M   0         M  M
12  49  36  43  -9  22   0 0.38    M    M   M   M   M   M    M   0         M  M
13  50  43  47  -4  18   0 0.58    M    M   M   M   M   M    M   M         M  M
14  45  38  42  -9  23   0 0.00    M    M   M   M   M   M    M   M         M  M
15  42  32  37 -14  28   0 0.85    M    M   M   M   M   M    M   M         M  M
16  48  37  43  -7  22   0 0.16    M    M   M   M   M   M    M   M         M  M
17  50  41  46  -4  19   0 0.00    M    M   M   M   M   M    M   M         M  M
18  49  37  43  -7  22   0 0.00    M    M   M   M   M   M    M   M         M  M
19  55  40  48  -1  17   0 0.00    M    M   M   M   M   M    M   M         M  M
================================================================================
SM 1043  817       302   2  5.37    M        M          M        0
================================================================================
AV 54.9 43.0                                 M FASTST   M    M   0    MAX(MPH)
                                 MISC ---->     M   M                  M    M
================================================================================
NOTES:
# LAST OF SEVERAL OCCURRENCES

COLUMN 17 PEAK WIND IN M.P.H.

PRELIMINARY LOCAL CLIMATOLOGICAL DATA (WS FORM: F-6) , PAGE 2

                                          STATION:  BALTIMORE INNER HARBOR MD
                                          MONTH:    NOVEMBER
                                          YEAR:     2018
                                          LATITUDE:   39 16 N
                                          LONGITUDE:  76 37 W

[TEMPERATURE DATA]      [PRECIPITATION DATA]       SYMBOLS USED IN COLUMN 16

AVERAGE MONTHLY: 49.0   TOTAL FOR MONTH:   5.37    1 = FOG OR MIST
DPTR FM NORMAL:  -3.4   DPTR FM NORMAL:    3.52    2 = FOG REDUCING VISIBILITY
HIGHEST:    76 ON  1    GRTST 24HR  1.07 ON  6- 6      TO 1/4 MILE OR LESS
LOWEST:     31 ON 11                               3 = THUNDER
                        SNOW, ICE PELLETS, HAIL    4 = ICE PELLETS
                        TOTAL MONTH:    M          5 = HAIL
                        GRTST 24HR    M  ON   M    6 = FREEZING RAIN OR DRIZZLE
                        GRTST DEPTH:  M  ON   M    7 = DUSTSTORM OR SANDSTORM:
                                                       VSBY 1/2 MILE OR LESS
                                                   8 = SMOKE OR HAZE
[NO. OF DAYS WITH]      [WEATHER - DAYS WITH]      9 = BLOWING SNOW
                                                   X = TORNADO
MAX 32 OR BELOW:   0    0.01 INCH OR MORE:   9
MAX 90 OR ABOVE:   0    0.10 INCH OR MORE:   8
MIN 32 OR BELOW:   2    0.50 INCH OR MORE:   6
MIN  0 OR BELOW:   0    1.00 INCH OR MORE:   1

[HDD (BASE 65) ]
TOTAL THIS MO.   302    CLEAR  (SCALE 0-3)   2
DPTR FM NORMAL    60    PTCLDY (SCALE 4-7)   0
TOTAL FM JUL 1   506    CLOUDY (SCALE 8-10)  0
DPTR FM NORMAL    55

[CDD (BASE 65) ]
TOTAL THIS MO.     2
DPTR FM NORMAL     2    [PRESSURE DATA]
TOTAL FM JAN 1  2114    HIGHEST SLP M ON M
DPTR FM NORMAL   450    LOWEST  SLP 29.57 ON  2

[REMARKS]
