000
CXUS54 KEPZ 171200
CF6DMN
PRELIMINARY LOCAL CLIMATOLOGICAL DATA (WS FORM: F-6)

                                          STATION:   DEMING
                                          MONTH:     AUGUST
                                          YEAR:      2018
                                          LATITUDE:   32 15 N
                                          LONGITUDE: 107 42 W

  TEMPERATURE IN F:       :PCPN:    SNOW:  WIND      :SUNSHINE: SKY     :PK WND
================================================================================
1   2   3   4   5  6A  6B    7    8   9   10  11  12  13   14  15   16   17  18
                                     12Z  AVG MX 2MIN
DY MAX MIN AVG DEP HDD CDD  WTR  SNW DPTH SPD SPD DIR MIN PSBL S-S WX    SPD DR
================================================================================

 1  91  68  80   1   0  15 0.00  0.0    0  6.4 16 330   M    M   0        21 330
 2 100  63  82   3   0  17 0.00  0.0    0  6.6 18 240   M    M   0        25 250
 3 100  68  84   5   0  19 0.08  0.0    0  7.0 29 230   M    M   1 3      43 230
 4 102  67  85   6   0  20 0.00  0.0    0  5.2 16  70   M    M   1        22  70
 5 102  71  87   8   0  22    T  0.0    0  5.6 18 310   M    M   1        26 320
 6 101  71  86   7   0  21 0.00  0.0    0  9.1 33 330   M    M   1 8      43 330
 7 100  67  84   5   0  19 0.00  0.0    0  6.2 21 330   M    M   1        28 320
 8  99  67  83   4   0  18 0.09  0.0    0  9.2 26 120   M    M   1 3      38 120
 9  82  67  75  -4   0  10 0.01  0.0    0  5.3 17 290   M    M   3        22 290
10  83  65  74  -5   0   9 0.01  0.0    0  4.8 13 150   M    M   5        17 140
11  90  61  76  -2   0  11 0.58  0.0    0  9.4 24  70   M    M   4 1      32  70
12  86  60  73  -5   0   8 0.00  0.0    0  5.7 12 140   M    M   1        15 150
13  93  62  78   0   0  13 0.00  0.0    0  5.8 16 280   M    M   0        23 290
14  96  67  82   4   0  17 0.00  0.0    0  6.6 21 220   M    M   0        27 220
15  97  68  83   5   0  18 0.00  0.0    0  7.0 26 230   M    M   1 8      34 230
16  96  72  84   6   0  19 0.00  0.0    0  8.2 20  90   M    M   2        24 210
================================================================================
SM 1518 1064         0 256  0.77     0.0 108.1          M       22
================================================================================
AV 94.9 66.5                               6.8 FASTST   M    M   1    MAX(MPH)
                                 MISC ---->  # 33 330               # 43  230
================================================================================
NOTES:
# LAST OF SEVERAL OCCURRENCES

COLUMN 17 PEAK WIND IN M.P.H.

PRELIMINARY LOCAL CLIMATOLOGICAL DATA (WS FORM: F-6) , PAGE 2

                                          STATION:  DEMING
                                          MONTH:    AUGUST
                                          YEAR:     2018
                                          LATITUDE:   32 15 N
                                          LONGITUDE: 107 42 W

[TEMPERATURE DATA]      [PRECIPITATION DATA]       SYMBOLS USED IN COLUMN 16

AVERAGE MONTHLY: 80.7   TOTAL FOR MONTH:   0.77    1 = FOG OR MIST
DPTR FM NORMAL:   2.1   DPTR FM NORMAL:   -0.75    2 = FOG REDUCING VISIBILITY
HIGHEST:   102 ON  5, 4 GRTST 24HR  0.58 ON 11-11      TO 1/4 MILE OR LESS
LOWEST:     60 ON 12                               3 = THUNDER
                        SNOW, ICE PELLETS, HAIL    4 = ICE PELLETS
                        TOTAL MONTH:   0.0 INCH    5 = HAIL
                        GRTST 24HR     0.0         6 = FREEZING RAIN OR DRIZZLE
                        GRTST DEPTH:   0           7 = DUSTSTORM OR SANDSTORM:
                                                       VSBY 1/2 MILE OR LESS
                                                   8 = SMOKE OR HAZE
[NO. OF DAYS WITH]      [WEATHER - DAYS WITH]      9 = BLOWING SNOW
                                                   X = TORNADO
MAX 32 OR BELOW:   0    0.01 INCH OR MORE:   5
MAX 90 OR ABOVE:  13    0.10 INCH OR MORE:   1
MIN 32 OR BELOW:   0    0.50 INCH OR MORE:   1
MIN  0 OR BELOW:   0    1.00 INCH OR MORE:   0

[HDD (BASE 65) ]
TOTAL THIS MO.     0    CLEAR  (SCALE 0-3)  14
DPTR FM NORMAL     0    PTCLDY (SCALE 4-7)   2
TOTAL FM JUL 1     0    CLOUDY (SCALE 8-10)  0
DPTR FM NORMAL     0

[CDD (BASE 65) ]
TOTAL THIS MO.   256
DPTR FM NORMAL    38    [PRESSURE DATA]
TOTAL FM JAN 1  1547    HIGHEST SLP M ON M
DPTR FM NORMAL   302    LOWEST  SLP 29.66 ON M

[REMARKS]
