000
CXUS55 KEAX 190736
CF6DMO
PRELIMINARY LOCAL CLIMATOLOGICAL DATA (WS FORM: F-6)

                                          STATION:   SEDALIA MO
                                          MONTH:     JULY
                                          YEAR:      2018
                                          LATITUDE:   38 42 N
                                          LONGITUDE:  93  6 W

  TEMPERATURE IN F:       :PCPN:    SNOW:  WIND      :SUNSHINE: SKY     :PK WND
================================================================================
1   2   3   4   5  6A  6B    7    8   9   10  11  12  13   14  15   16   17  18
                                     12Z  AVG MX 2MIN
DY MAX MIN AVG DEP HDD CDD  WTR  SNW DPTH SPD SPD DIR MIN PSBL S-S WX    SPD DR
================================================================================

 1  87  72  80   2   0  15 0.84    M    M  6.0 28 280   M    M   4 13     37 280
 2  88  69  79   1   0  14 0.00    M    M  4.3  9 120   M    M   0        13  80
 3  94  73  84   6   0  19 0.00    M    M  7.7 14 170   M    M   1        19 180
 4  93  75  84   6   0  19 0.00    M    M  6.9 15 150   M    M   1        19 170
 5  95  74  85   6   0  20 0.00    M    M  6.3 16  20   M    M   0        20  20
 6  91  73  82   3   0  17 0.00    M    M  6.9 14  20   M    M   2        20  80
 7  86  65  76  -3   0  11 0.00    M    M  6.6 12  70   M    M   0        15  50
 8  88  59  74  -5   0   9 0.00    M    M  4.4 10 120   M    M   0        15 130
 9  94  72  83   4   0  18 0.00    M    M  4.0 12 210   M    M   0        16 210
10  96  73  85   6   0  20 0.00    M    M  1.5  6 230   M    M   0         9 340
11  97  72  85   6   0  20 0.00    M    M  3.8 10 120   M    M   0        17 130
12  99  73  86   7   0  21 0.00    M    M  6.4 13 180   M    M   0        17 180
13  97  75  86   7   0  21 0.00    M    M  7.8 16 170   M    M   0        20 170
14  92  73  83   4   0  18    T    M    M  6.3 26 280   M    M   1 3      39 290
15  95  75  85   6   0  20 0.00    M    M  4.8 12 330   M    M   2        17 270
16  96  73  85   6   0  20 0.00    M    M  5.5 13 330   M    M   1        18 350
17  90  72  81   2   0  16 0.00    M    M  5.5 12  70   M    M   0        16  70
18  87  73  80   1   0  15 0.28    M    M  7.7 18 120   M    M   7 1      24 140
================================================================================
SM 1665 1291         0 313  1.12    M    102.4          M       19
================================================================================
AV 92.5 71.7                               5.7 FASTST   M    M   1    MAX(MPH)
                                 MISC ---->  # 28 280               # 39  290
================================================================================
NOTES:
# LAST OF SEVERAL OCCURRENCES

COLUMN 17 PEAK WIND IN M.P.H.

PRELIMINARY LOCAL CLIMATOLOGICAL DATA (WS FORM: F-6) , PAGE 2

                                          STATION:  SEDALIA MO
                                          MONTH:    JULY
                                          YEAR:     2018
                                          LATITUDE:   38 42 N
                                          LONGITUDE:  93  6 W

[TEMPERATURE DATA]      [PRECIPITATION DATA]       SYMBOLS USED IN COLUMN 16

AVERAGE MONTHLY: 82.1   TOTAL FOR MONTH:   1.12    1 = FOG OR MIST
DPTR FM NORMAL:   3.3   DPTR FM NORMAL:   -1.55    2 = FOG REDUCING VISIBILITY
HIGHEST:    99 ON 12    GRTST 24HR  0.84 ON  1- 1      TO 1/4 MILE OR LESS
LOWEST:     59 ON  8                               3 = THUNDER
                        SNOW, ICE PELLETS, HAIL    4 = ICE PELLETS
                        TOTAL MONTH:    M          5 = HAIL
                        GRTST 24HR    M  ON   M    6 = FREEZING RAIN OR DRIZZLE
                        GRTST DEPTH:  M  ON   M    7 = DUSTSTORM OR SANDSTORM:
                                                       VSBY 1/2 MILE OR LESS
                                                   8 = SMOKE OR HAZE
[NO. OF DAYS WITH]      [WEATHER - DAYS WITH]      9 = BLOWING SNOW
                                                   X = TORNADO
MAX 32 OR BELOW:   0    0.01 INCH OR MORE:   2
MAX 90 OR ABOVE:  13    0.10 INCH OR MORE:   2
MIN 32 OR BELOW:   0    0.50 INCH OR MORE:   1
MIN  0 OR BELOW:   0    1.00 INCH OR MORE:   0

[HDD (BASE 65) ]
TOTAL THIS MO.     0    CLEAR  (SCALE 0-3)  16
DPTR FM NORMAL     0    PTCLDY (SCALE 4-7)   2
TOTAL FM JUL 1     0    CLOUDY (SCALE 8-10)  0
DPTR FM NORMAL     0

[CDD (BASE 65) ]
TOTAL THIS MO.   313
DPTR FM NORMAL    64    [PRESSURE DATA]
TOTAL FM JAN 1  1078    HIGHEST SLP  0.00 ON M
DPTR FM NORMAL   386    LOWEST  SLP  0.00 ON M

[REMARKS]
