000
CXUS53 KDMX 190920
CF6DSM
PRELIMINARY LOCAL CLIMATOLOGICAL DATA (WS FORM: F-6)

                                          STATION:   DES MOINES IA
                                          MONTH:     JULY
                                          YEAR:      2018
                                          LATITUDE:   41 31 N
                                          LONGITUDE:  93 39 W

  TEMPERATURE IN F:       :PCPN:    SNOW:  WIND      :SUNSHINE: SKY     :PK WND
================================================================================
1   2   3   4   5  6A  6B    7    8   9   10  11  12  13   14  15   16   17  18
                                     12Z  AVG MX 2MIN
DY MAX MIN AVG DEP HDD CDD  WTR  SNW DPTH SPD SPD DIR MIN PSBL S-S WX    SPD DR
================================================================================

 1  83  69  76   0   0  11 0.23  0.0    0 11.5 24 280   M    M   5 13     35 260
 2  85  64  75  -1   0  10 0.00  0.0    0  7.5 17 170   M    M   2        24 170
 3  92  69  81   5   0  16 0.00  0.0    0 10.2 15 140   M    M   3        22 110
 4  93  74  84   8   0  19    T  0.0    0  9.6 25 320   M    M   3 38     30 320
 5  88  72  80   4   0  15    T  0.0    0  8.7 18 350   M    M   6 3      26 330
 6  84  66  75  -1   0  10 0.00  0.0    0  8.1 13  80   M    M   1        18  80
 7  83  65  74  -2   0   9 0.00  0.0    0  7.6 13 150   M    M   0        20 140
 8  86  63  75  -1   0  10 0.00  0.0    0  8.2 15 170   M    M   1        24 120
 9  93  64  79   3   0  14 0.00  0.0    0  7.2 16 240   M    M   2 8      21 250
10  91  77  84   8   0  19 0.00  0.0    0  5.5 13 140   M    M   5        20  60
11  93  73  83   7   0  18 0.00  0.0    0  9.8 15 110   M    M   1        25 130
12  96  73  85   9   0  20 0.00  0.0    0  8.9 15 180   M    M   4 8      20 170
13  95  73  84   8   0  19 0.10  0.0    0  7.1 30 310   M    M   7 13     44 300
14  89  71  80   4   0  15 0.00  0.0    0  4.4  9  20   M    M   6        15 290
15  90  71  81   5   0  16    T  0.0    0  5.2 13 310   M    M   5 12     19 310
16  87  72  80   4   0  15 0.00  0.0    0  7.6 14  20   M    M   3        22 340
17  85  65  75  -1   0  10 0.00  0.0    0  4.3 12 160   M    M   5        20 120
18  87  68  78   2   0  13 0.00  0.0    0  7.6 16 130   M    M   6        22 130
================================================================================
SM 1600 1249         0 259  0.33     0.0 139.0          M       65
================================================================================
AV 88.9 69.4                               7.7 FASTST   M    M   4    MAX(MPH)
                                 MISC ---->  # 30 310               # 44  300
================================================================================
NOTES:
# LAST OF SEVERAL OCCURRENCES

COLUMN 17 PEAK WIND IN M.P.H.

PRELIMINARY LOCAL CLIMATOLOGICAL DATA (WS FORM: F-6) , PAGE 2

                                          STATION:  DES MOINES IA
                                          MONTH:    JULY
                                          YEAR:     2018
                                          LATITUDE:   41 31 N
                                          LONGITUDE:  93 39 W

[TEMPERATURE DATA]      [PRECIPITATION DATA]       SYMBOLS USED IN COLUMN 16

AVERAGE MONTHLY: 79.1   TOTAL FOR MONTH:   0.33    1 = FOG OR MIST
DPTR FM NORMAL:   3.1   DPTR FM NORMAL:   -2.39    2 = FOG REDUCING VISIBILITY
HIGHEST:    96 ON 12    GRTST 24HR  2.10 ON 30- 1      TO 1/4 MILE OR LESS
LOWEST:     63 ON  8                               3 = THUNDER
                        SNOW, ICE PELLETS, HAIL    4 = ICE PELLETS
                        TOTAL MONTH:   0.0 INCH    5 = HAIL
                        GRTST 24HR     0.0         6 = FREEZING RAIN OR DRIZZLE
                        GRTST DEPTH:   0           7 = DUSTSTORM OR SANDSTORM:
                                                       VSBY 1/2 MILE OR LESS
                                                   8 = SMOKE OR HAZE
[NO. OF DAYS WITH]      [WEATHER - DAYS WITH]      9 = BLOWING SNOW
                                                   X = TORNADO
MAX 32 OR BELOW:   0    0.01 INCH OR MORE:   2
MAX 90 OR ABOVE:   8    0.10 INCH OR MORE:   2
MIN 32 OR BELOW:   0    0.50 INCH OR MORE:   0
MIN  0 OR BELOW:   0    1.00 INCH OR MORE:   0

[HDD (BASE 65) ]
TOTAL THIS MO.     0    CLEAR  (SCALE 0-3)   9
DPTR FM NORMAL     0    PTCLDY (SCALE 4-7)   9
TOTAL FM JUL 1     0    CLOUDY (SCALE 8-10)  0
DPTR FM NORMAL     0

[CDD (BASE 65) ]
TOTAL THIS MO.   259
DPTR FM NORMAL    54    [PRESSURE DATA]
TOTAL FM JAN 1   824    HIGHEST SLP M ON M
DPTR FM NORMAL   322    LOWEST  SLP 29.65 ON  1

[REMARKS]
