000
CXUS53 KDMX 160920
CF6DSM
PRELIMINARY LOCAL CLIMATOLOGICAL DATA (WS FORM: F-6)

                                          STATION:   DES MOINES IA
                                          MONTH:     OCTOBER
                                          YEAR:      2018
                                          LATITUDE:   41 31 N
                                          LONGITUDE:  93 39 W

  TEMPERATURE IN F:       :PCPN:    SNOW:  WIND      :SUNSHINE: SKY     :PK WND
================================================================================
1   2   3   4   5  6A  6B    7    8   9   10  11  12  13   14  15   16   17  18
                                     12Z  AVG MX 2MIN
DY MAX MIN AVG DEP HDD CDD  WTR  SNW DPTH SPD SPD DIR MIN PSBL S-S WX    SPD DR
================================================================================

 1  59  49  54  -5  11   0 0.19  0.0    0  6.6 18 320   M    M  10 12     22 340
 2  66  50  58   0   7   0 0.01  0.0    0  6.2 13 140   M    M  10 12     19 130
 3  87  51  69  11   0   4    T  0.0    0 17.3 32 200   M    M   5 3      45 310
 4  58  39  49  -9  16   0    T  0.0    0 11.5 23 350   M    M   4        34  10
 5  60  50  55  -2  10   0 0.24  0.0    0  4.5 14 150   M    M   9 13     20 150
 6  55  47  51  -6  14   0 0.37  0.0    0  9.2 20 340   M    M   9 13     27  10
 7  57  47  52  -4  13   0 0.26  0.0    0  8.4 14  50   M    M   8 1      20  60
 8  73  54  64   8   1   0 1.09  0.0    0  6.8 21 240   M    M  10 123    26 240
 9  71  63  67  11   0   2 0.82  0.0    0  7.4 23 170   M    M   9 13     31 160
10  68  40  54  -1  11   0    T  0.0    0 16.8 29 280   M    M   9        39 300
11  48  37  43 -12  22   0 0.00  0.0    0 13.2 28 300   M    M   7        38 300
12  44  33  39 -15  26   0 0.08  0.2    0  4.6 10 220   M    M  10 1      13 220
13  54  38  46  -8  19   0 0.00  0.0    0  9.4 20 190   M    M   7        26 180
14  45  34  40 -14  25   0 0.04    T    0  9.4 21 360   M    M   9 1      31 340
15  48  30  39 -14  26   0 0.00  0.0    0 10.2 18 300   M    M   3        26 330
================================================================================
SM  893  662       201   6  3.10     0.2 141.5          M      119
================================================================================
AV 59.5 44.1                               9.4 FASTST   M    M   8    MAX(MPH)
                                 MISC ---->  # 32 200               # 45  310
================================================================================
NOTES:
# LAST OF SEVERAL OCCURRENCES

COLUMN 17 PEAK WIND IN M.P.H.

PRELIMINARY LOCAL CLIMATOLOGICAL DATA (WS FORM: F-6) , PAGE 2

                                          STATION:  DES MOINES IA
                                          MONTH:    OCTOBER
                                          YEAR:     2018
                                          LATITUDE:   41 31 N
                                          LONGITUDE:  93 39 W

[TEMPERATURE DATA]      [PRECIPITATION DATA]       SYMBOLS USED IN COLUMN 16

AVERAGE MONTHLY: 51.8   TOTAL FOR MONTH:   3.10    1 = FOG OR MIST
DPTR FM NORMAL:  -4.2   DPTR FM NORMAL:    1.83    2 = FOG REDUCING VISIBILITY
HIGHEST:    87 ON  3    GRTST 24HR  1.09 ON  8- 8      TO 1/4 MILE OR LESS
LOWEST:     30 ON 15                               3 = THUNDER
                        SNOW, ICE PELLETS, HAIL    4 = ICE PELLETS
                        TOTAL MONTH:   0.2 INCH    5 = HAIL
                        GRTST 24HR   0.2 ON 12-12  6 = FREEZING RAIN OR DRIZZLE
                        GRTST DEPTH:   0           7 = DUSTSTORM OR SANDSTORM:
                                                       VSBY 1/2 MILE OR LESS
                                                   8 = SMOKE OR HAZE
[NO. OF DAYS WITH]      [WEATHER - DAYS WITH]      9 = BLOWING SNOW
                                                   X = TORNADO
MAX 32 OR BELOW:   0    0.01 INCH OR MORE:   9
MAX 90 OR ABOVE:   0    0.10 INCH OR MORE:   6
MIN 32 OR BELOW:   1    0.50 INCH OR MORE:   2
MIN  0 OR BELOW:   0    1.00 INCH OR MORE:   1

[HDD (BASE 65) ]
TOTAL THIS MO.   201    CLEAR  (SCALE 0-3)   1
DPTR FM NORMAL    56    PTCLDY (SCALE 4-7)   4
TOTAL FM JUL 1   287    CLOUDY (SCALE 8-10) 10
DPTR FM NORMAL    42

[CDD (BASE 65) ]
TOTAL THIS MO.     6
DPTR FM NORMAL    -5    [PRESSURE DATA]
TOTAL FM JAN 1  1439    HIGHEST SLP M ON M
DPTR FM NORMAL   376    LOWEST  SLP 29.53 ON  3

[REMARKS]
