000
CXUS54 KFWD 180730
CF6DTO
PRELIMINARY LOCAL CLIMATOLOGICAL DATA (WS FORM: F-6)

                                          STATION:   DENTON
                                          MONTH:     NOVEMBER
                                          YEAR:      2018
                                          LATITUDE:   33 12 N
                                          LONGITUDE:  97 12 W

  TEMPERATURE IN F:       :PCPN:    SNOW:  WIND      :SUNSHINE: SKY     :PK WND
================================================================================
1   2   3   4   5  6A  6B    7    8   9   10  11  12  13   14  15   16   17  18
                                     12Z  AVG MX 2MIN
DY MAX MIN AVG DEP HDD CDD  WTR  SNW DPTH SPD SPD DIR MIN PSBL S-S WX    SPD DR
================================================================================

 1  64  45  55  -5  10   0 0.00  0.0    0 10.3 25  20   M    M   3 8      32  20
 2  73  43  58  -1   7   0 0.00  0.0    0  6.5 17 250   M    M   0        23 250
 3  75  47  61   2   4   0 0.24  0.0    0 12.9 28 180   M    M   2 13     37 200
 4  65  45  55  -4  10   0 0.00  0.0    0  6.1 14 300   M    M   0        18 290
 5  80  48  64   6   1   0 0.00  0.0    0  9.9 22 210   M    M   3        29 220
 6  76  46  61   3   4   0 0.00  0.0    0  6.9 16 140   M    M   3        21 110
 7  69  54  62   4   3   0 0.03  0.0    0 12.1 18  70   M    M  10 1      23  50
 8  57  49  53  -4  12   0 0.01  0.0    0  9.9 18 360   M    M  10        23 360
 9  55  37  46 -11  19   0 0.00  0.0    0 12.6 22 350   M    M   5        29 360
10  52  30  41 -15  24   0 0.00  0.0    0  6.9 12  60   M    M   3        15  70
11  51  44  48  -8  17   0    T  0.0    0  9.9 17 150   M    M  10        22 160
12  47  32  40 -16  25   0 0.10    M    0 16.5 29 350   M    M  10 1      39 350
13  41  25  33 -22  32   0 0.00  0.0    0 12.9 23 350   M    M   5        30 360
14  49  21  35 -20  30   0 0.00  0.0    0  5.1 14 360   M    M   0        20 350
15  67  27  47  -8  18   0 0.00  0.0    0  5.7 15 200   M    M   0        19 190
16  73  38  56   2   9   0 0.00  0.0    0  8.7 17 190   M    M   0        22 190
17  70  39  55   1  10   0 0.00  0.0    0  8.9 20 190   M    M   1        26 190
================================================================================
SM 1064  670       235   0  0.38     0.0 161.8          M       65
================================================================================
AV 62.6 39.4                               9.5 FASTST   M    M   4    MAX(MPH)
                                 MISC ---->  # 29 350               # 39  350
================================================================================
NOTES:
# LAST OF SEVERAL OCCURRENCES

COLUMN 17 PEAK WIND IN M.P.H.

PRELIMINARY LOCAL CLIMATOLOGICAL DATA (WS FORM: F-6) , PAGE 2

                                          STATION:  DENTON
                                          MONTH:    NOVEMBER
                                          YEAR:     2018
                                          LATITUDE:   33 12 N
                                          LONGITUDE:  97 12 W

[TEMPERATURE DATA]      [PRECIPITATION DATA]       SYMBOLS USED IN COLUMN 16

AVERAGE MONTHLY: 51.0   TOTAL FOR MONTH:   0.38    1 = FOG OR MIST
DPTR FM NORMAL:  -5.8   DPTR FM NORMAL:   -1.40    2 = FOG REDUCING VISIBILITY
HIGHEST:    80 ON  5    GRTST 24HR  1.10 ON 31- 1      TO 1/4 MILE OR LESS
LOWEST:     21 ON 14                               3 = THUNDER
                        SNOW, ICE PELLETS, HAIL    4 = ICE PELLETS
                        TOTAL MONTH:   0.0 INCH    5 = HAIL
                        GRTST 24HR     0.0         6 = FREEZING RAIN OR DRIZZLE
                        GRTST DEPTH:   0           7 = DUSTSTORM OR SANDSTORM:
                                                       VSBY 1/2 MILE OR LESS
                                                   8 = SMOKE OR HAZE
[NO. OF DAYS WITH]      [WEATHER - DAYS WITH]      9 = BLOWING SNOW
                                                   X = TORNADO
MAX 32 OR BELOW:   0    0.01 INCH OR MORE:   4
MAX 90 OR ABOVE:   0    0.10 INCH OR MORE:   2
MIN 32 OR BELOW:   5    0.50 INCH OR MORE:   0
MIN  0 OR BELOW:   0    1.00 INCH OR MORE:   0

[HDD (BASE 65) ]
TOTAL THIS MO.   235    CLEAR  (SCALE 0-3)  10
DPTR FM NORMAL    83    PTCLDY (SCALE 4-7)   3
TOTAL FM JUL 1   370    CLOUDY (SCALE 8-10)  4
DPTR FM NORMAL   108

[CDD (BASE 65) ]
TOTAL THIS MO.     0
DPTR FM NORMAL   -12    [PRESSURE DATA]
TOTAL FM JAN 1  2878    HIGHEST SLP M ON M
DPTR FM NORMAL   462    LOWEST  SLP 29.64 ON  5

[REMARKS]
