000
CXUS54 KFWD 200730
CF6DTO
PRELIMINARY LOCAL CLIMATOLOGICAL DATA (WS FORM: F-6)

                                          STATION:   DENTON
                                          MONTH:     AUGUST
                                          YEAR:      2018
                                          LATITUDE:   33 12 N
                                          LONGITUDE:  97 12 W

  TEMPERATURE IN F:       :PCPN:    SNOW:  WIND      :SUNSHINE: SKY     :PK WND
================================================================================
1   2   3   4   5  6A  6B    7    8   9   10  11  12  13   14  15   16   17  18
                                     12Z  AVG MX 2MIN
DY MAX MIN AVG DEP HDD CDD  WTR  SNW DPTH SPD SPD DIR MIN PSBL S-S WX    SPD DR
================================================================================

 1  95  61  78  -7   0  13 0.00  0.0    0  6.3 15  50   M    M   0        19  40
 2  96  67  82  -3   0  17 0.00  0.0    0  6.1 15 170   M    M   1        20 180
 3  98  70  84  -1   0  19 0.00  0.0    0  8.5 22 120   M    M   0        25 140
 4  98  68  83  -2   0  18 0.00  0.0    0  9.6 20 150   M    M   0        28 150
 5 100  76  88   3   0  23 0.00  0.0    0 11.2 20 180   M    M   1        30 170
 6  99  76  88   3   0  23 0.00  0.0    0  8.9 20 170   M    M   2        29 160
 7 101  76  89   4   0  24 0.00  0.0    0 10.2 21 180   M    M   0        27 180
 8  94  75  85   0   0  20 0.08  0.0    0 10.8 22  30   M    M   2 1      26  30
 9  98  74  86   1   0  21 0.01  0.0    0  5.2 24  10   M    M   3 3      31  20
10  91  72  82  -3   0  17 0.14  0.0    0  7.8 22 200   M    M   2 13     29 160
11  82  71  77  -8   0  12 1.27  0.0    0  8.1 17  70   M    M   8 13     22  80
12  88  72  80  -4   0  15    T  0.0    0  9.3 28 140   M    M   5        34 160
13  83  72  78  -6   0  13 2.18  0.0    0  7.0 26 210   M    M   7 13     37 200
14  90  68  79  -5   0  14 0.17  0.0    0  7.7 24 190   M    M   5 138    30 190
15  96  76  86   2   0  21 0.00  0.0    0  9.9 18 190   M    M   0        24 210
16 101  77  89   5   0  24 0.00  0.0    0  8.1 16 180   M    M   1        23 210
17  98  78  88   4   0  23 0.03  0.0    0  7.9 16 200   M    M   0        22 190
18 100  74  87   3   0  22 0.90  0.0    0  7.7 40 290   M    M   1 38     60 290
19  94  74  84   0   0  19    T  0.0    0  5.6 14 220   M    M   2        18 210
================================================================================
SM 1802 1377         0 358  4.78     0.0 155.9          M       40
================================================================================
AV 94.8 72.5                               8.2 FASTST   M    M   2    MAX(MPH)
                                 MISC ---->  # 40 290               # 60  290
================================================================================
NOTES:
# LAST OF SEVERAL OCCURRENCES

COLUMN 17 PEAK WIND IN M.P.H.

PRELIMINARY LOCAL CLIMATOLOGICAL DATA (WS FORM: F-6) , PAGE 2

                                          STATION:  DENTON
                                          MONTH:    AUGUST
                                          YEAR:     2018
                                          LATITUDE:   33 12 N
                                          LONGITUDE:  97 12 W

[TEMPERATURE DATA]      [PRECIPITATION DATA]       SYMBOLS USED IN COLUMN 16

AVERAGE MONTHLY: 83.7   TOTAL FOR MONTH:   4.78    1 = FOG OR MIST
DPTR FM NORMAL:  -0.9   DPTR FM NORMAL:    3.87    2 = FOG REDUCING VISIBILITY
HIGHEST:   101 ON 16, 7 GRTST 24HR  2.18 ON 13-13      TO 1/4 MILE OR LESS
LOWEST:     61 ON  1                               3 = THUNDER
                        SNOW, ICE PELLETS, HAIL    4 = ICE PELLETS
                        TOTAL MONTH:   0.0 INCH    5 = HAIL
                        GRTST 24HR     0.0         6 = FREEZING RAIN OR DRIZZLE
                        GRTST DEPTH:   0           7 = DUSTSTORM OR SANDSTORM:
                                                       VSBY 1/2 MILE OR LESS
                                                   8 = SMOKE OR HAZE
[NO. OF DAYS WITH]      [WEATHER - DAYS WITH]      9 = BLOWING SNOW
                                                   X = TORNADO
MAX 32 OR BELOW:   0    0.01 INCH OR MORE:   8
MAX 90 OR ABOVE:  16    0.10 INCH OR MORE:   5
MIN 32 OR BELOW:   0    0.50 INCH OR MORE:   3
MIN  0 OR BELOW:   0    1.00 INCH OR MORE:   2

[HDD (BASE 65) ]
TOTAL THIS MO.     0    CLEAR  (SCALE 0-3)  15
DPTR FM NORMAL     0    PTCLDY (SCALE 4-7)   3
TOTAL FM JUL 1     0    CLOUDY (SCALE 8-10)  1
DPTR FM NORMAL     0

[CDD (BASE 65) ]
TOTAL THIS MO.   358
DPTR FM NORMAL   -15    [PRESSURE DATA]
TOTAL FM JAN 1  2147    HIGHEST SLP M ON M
DPTR FM NORMAL   399    LOWEST  SLP 29.76 ON 19

[REMARKS]
