000
CXUS53 KDTX 160800
CF6DTW
PRELIMINARY LOCAL CLIMATOLOGICAL DATA (WS FORM: F-6)

                                          STATION:   DETROIT MI
                                          MONTH:     OCTOBER
                                          YEAR:      2018
                                          LATITUDE:   42 13 N
                                          LONGITUDE:  83 20 W

  TEMPERATURE IN F:       :PCPN:    SNOW:  WIND      :SUNSHINE: SKY     :PK WND
================================================================================
1   2   3   4   5  6A  6B    7    8   9   10  11  12  13   14  15   16   17  18
                                     12Z  AVG MX 2MIN
DY MAX MIN AVG DEP HDD CDD  WTR  SNW DPTH SPD SPD DIR MIN PSBL S-S WX    SPD DR
================================================================================

 1  62  54  58   0   7   0 0.16  0.0    0  6.8 14  40   M    M  10 128    19  40
 2  73  59  66   8   0   1 0.27  0.0    0  9.1 20 270   M    M  10 138    25 280
 3  78  57  68  11   0   3 0.00  0.0    0  9.3 24 200   M    M   8        29 200
 4  78  47  63   6   2   0 0.02  0.0    0 13.8 26 210   M    M   7        36 210
 5  61  45  53  -3  12   0    T  0.0    0  4.8 13 140   M    M   8 18     18 120
 6  81  61  71  15   0   6 1.25  0.0    0  5.1 23 300   M    M   9 138    29 310
 7  63  57  60   4   5   0 0.05  0.0    0  8.4 14  30   M    M  10 18     17  20
 8  82  57  70  15   0   5    T  0.0    0  5.1 13 180   M    M   7 128    16 180
 9  86  67  77  22   0  12    T  0.0    0  7.1 14 170   M    M   4 18     21 160
10  80  66  73  19   0   8 0.08  0.0    0  9.8 22 180   M    M   7 18     28 180
11  72  47  60   6   5   0    T  0.0    0 16.8 25 270   M    M   8 1      42 260
12  49  41  45  -9  20   0 0.09  0.0    0  8.9 17 300   M    M  10 1      24 290
13  54  40  47  -6  18   0 0.03  0.0    0  8.4 17 240   M    M   7 18     23 250
14  58  39  49  -4  16   0 0.00  0.0    0  5.1 14 170   M    M   5 8      18 190
15  55  35  45  -8  20   0 0.05  0.0    0 11.4 28 270   M    M   8 18     35 300
================================================================================
SM 1032  772       105  35  2.00     0.0 129.9          M      118
================================================================================
AV 68.8 51.5                               8.7 FASTST   M    M   8    MAX(MPH)
                                 MISC ---->  # 28 270               # 42  260
================================================================================
NOTES:
# LAST OF SEVERAL OCCURRENCES

COLUMN 17 PEAK WIND IN M.P.H.

PRELIMINARY LOCAL CLIMATOLOGICAL DATA (WS FORM: F-6) , PAGE 2

                                          STATION:  DETROIT MI
                                          MONTH:    OCTOBER
                                          YEAR:     2018
                                          LATITUDE:   42 13 N
                                          LONGITUDE:  83 20 W

[TEMPERATURE DATA]      [PRECIPITATION DATA]       SYMBOLS USED IN COLUMN 16

AVERAGE MONTHLY: 60.1   TOTAL FOR MONTH:   2.00    1 = FOG OR MIST
DPTR FM NORMAL:   4.9   DPTR FM NORMAL:    0.75    2 = FOG REDUCING VISIBILITY
HIGHEST:    86 ON  9    GRTST 24HR  1.25 ON  6- 6      TO 1/4 MILE OR LESS
LOWEST:     35 ON 15                               3 = THUNDER
                        SNOW, ICE PELLETS, HAIL    4 = ICE PELLETS
                        TOTAL MONTH:   0.0 INCH    5 = HAIL
                        GRTST 24HR     0.0         6 = FREEZING RAIN OR DRIZZLE
                        GRTST DEPTH:   0           7 = DUSTSTORM OR SANDSTORM:
                                                       VSBY 1/2 MILE OR LESS
                                                   8 = SMOKE OR HAZE
[NO. OF DAYS WITH]      [WEATHER - DAYS WITH]      9 = BLOWING SNOW
                                                   X = TORNADO
MAX 32 OR BELOW:   0    0.01 INCH OR MORE:   9
MAX 90 OR ABOVE:   0    0.10 INCH OR MORE:   3
MIN 32 OR BELOW:   0    0.50 INCH OR MORE:   1
MIN  0 OR BELOW:   0    1.00 INCH OR MORE:   1

[HDD (BASE 65) ]
TOTAL THIS MO.   105    CLEAR  (SCALE 0-3)   0
DPTR FM NORMAL   -49    PTCLDY (SCALE 4-7)   8
TOTAL FM JUL 1   166    CLOUDY (SCALE 8-10)  7
DPTR FM NORMAL  -102

[CDD (BASE 65) ]
TOTAL THIS MO.    35
DPTR FM NORMAL    28    [PRESSURE DATA]
TOTAL FM JAN 1  1237    HIGHEST SLP M ON M
DPTR FM NORMAL   435    LOWEST  SLP 29.59 ON 10

[REMARKS]
