000
CXUS55 KTWC 180855
CF6DUG
PRELIMINARY LOCAL CLIMATOLOGICAL DATA (WS FORM: F-6)

                                          STATION:   DOUGLAS AZ
                                          MONTH:     DECEMBER
                                          YEAR:      2018
                                          LATITUDE:   31 28 N
                                          LONGITUDE: 109 36 W

  TEMPERATURE IN F:       :PCPN:    SNOW:  WIND      :SUNSHINE: SKY     :PK WND
================================================================================
1   2   3   4   5  6A  6B    7    8   9   10  11  12  13   14  15   16   17  18
                                     12Z  AVG MX 2MIN
DY MAX MIN AVG DEP HDD CDD  WTR  SNW DPTH SPD SPD DIR MIN PSBL S-S WX    SPD DR
================================================================================

 1  61  28  45  -3  20   0 0.00  0.0    M  5.8 22 230   M    M   M        26 230
 2  58  38  48   0  17   0 0.00  0.0    M 11.6 25 240   M    M   M        34 250
 3  59  28  44  -4  21   0 0.00  0.0    M  4.2 10  50   M    M   M        21 170
 4  66  24  45  -2  20   0 0.00  0.0    M  3.0  9  10   M    M   M        20 130
 5  65  31  48   1  17   0 0.00  0.0    M  5.9 16 170   M    M   M        21 170
 6  68  49  59  12   6   0    T  0.0    M  9.3 28 200   M    M   M        37 190
 7  60  39  50   3  15   0 0.31    M    M  6.4 31 300   M    M   M 23     40 290
 8  57  36  47   1  18   0 0.00  0.0    M  2.2 10 320   M    M   M 1      13 320
 9  62  30  46   0  19   0 0.00  0.0    M  4.7 12 360   M    M   M 2      12 350
10  62  28  45  -1  20   0 0.00  0.0    0  6.2 13  80   M    M   M        15  70
11  59  37  48   2  17   0 0.00  0.0    0  3.4  9 130   M    M   M        10 130
12  64  36  50   4  15   0 0.00  0.0    0  8.1 18 320   M    M   M        23 310
13  57  25  41  -5  24   0 0.00  0.0    0  6.9 14 330   M    M   M        17 350
14  58  18  38  -8  27   0 0.00  0.0    0  5.3 12  10   M    M   M        12  80
15  54  27  41  -5  24   0 0.00  0.0    0  3.6 14 230   M    M   M        17 230
16  55  36  46   0  19   0    T    M    0  3.7 10 190   M    M   M        12 180
17  59  36  48   2  17   0 0.09    M    M  5.0 25 290   M    M   M 1      45 280
================================================================================
SM 1024  546       316   0  0.40     0.0  95.3          M        M
================================================================================
AV 60.2 32.1                               5.6 FASTST   M    M   0    MAX(MPH)
                                 MISC ---->  # 31 300               # 45  280
================================================================================
NOTES:
# LAST OF SEVERAL OCCURRENCES

COLUMN 17 PEAK WIND IN M.P.H.

PRELIMINARY LOCAL CLIMATOLOGICAL DATA (WS FORM: F-6) , PAGE 2

                                          STATION:  DOUGLAS AZ
                                          MONTH:    DECEMBER
                                          YEAR:     2018
                                          LATITUDE:   31 28 N
                                          LONGITUDE: 109 36 W

[TEMPERATURE DATA]      [PRECIPITATION DATA]       SYMBOLS USED IN COLUMN 16

AVERAGE MONTHLY: 46.2   TOTAL FOR MONTH:   0.40    1 = FOG OR MIST
DPTR FM NORMAL:  -0.4   DPTR FM NORMAL:   -0.15    2 = FOG REDUCING VISIBILITY
HIGHEST:    68 ON  6    GRTST 24HR  0.31 ON  7- 7      TO 1/4 MILE OR LESS
LOWEST:     18 ON 14                               3 = THUNDER
                        SNOW, ICE PELLETS, HAIL    4 = ICE PELLETS
                        TOTAL MONTH:   0.0 INCH    5 = HAIL
                        GRTST 24HR     0.0         6 = FREEZING RAIN OR DRIZZLE
                        GRTST DEPTH:   0           7 = DUSTSTORM OR SANDSTORM:
                                                       VSBY 1/2 MILE OR LESS
                                                   8 = SMOKE OR HAZE
[NO. OF DAYS WITH]      [WEATHER - DAYS WITH]      9 = BLOWING SNOW
                                                   X = TORNADO
MAX 32 OR BELOW:   0    0.01 INCH OR MORE:   2
MAX 90 OR ABOVE:   0    0.10 INCH OR MORE:   1
MIN 32 OR BELOW:   9    0.50 INCH OR MORE:   0
MIN  0 OR BELOW:   0    1.00 INCH OR MORE:   0

[HDD (BASE 65) ]
TOTAL THIS MO.   316    CLEAR  (SCALE 0-3)   0
DPTR FM NORMAL     4    PTCLDY (SCALE 4-7)   0
TOTAL FM JUL 1   868    CLOUDY (SCALE 8-10)  0
DPTR FM NORMAL   121

[CDD (BASE 65) ]
TOTAL THIS MO.     0
DPTR FM NORMAL     0    [PRESSURE DATA]
TOTAL FM JAN 1  1971    HIGHEST SLP M ON M
DPTR FM NORMAL   158    LOWEST  SLP 29.80 ON  1

[REMARKS]
