000
CXUS55 KDVN 181100
CF6DVN
PRELIMINARY LOCAL CLIMATOLOGICAL DATA (WS FORM: F-6)

                                          STATION:   DAVENPORT IA
                                          MONTH:     OCTOBER
                                          YEAR:      2018
                                          LATITUDE:   41 37 N
                                          LONGITUDE:  90 35 W

  TEMPERATURE IN F:       :PCPN:    SNOW:  WIND      :SUNSHINE: SKY     :PK WND
================================================================================
1   2   3   4   5  6A  6B    7    8   9   10  11  12  13   14  15   16   17  18
                                     12Z  AVG MX 2MIN
DY MAX MIN AVG DEP HDD CDD  WTR  SNW DPTH SPD SPD DIR MIN PSBL S-S WX    SPD DR
================================================================================

 1  75  53  64   7   1   0 0.20  0.0    0  8.6 16 330   M    M   9 1      23 340
 2  64  51  58   1   7   0    T  0.0    0  5.1 12 300   M    M   8 12     17 290
 3  87  60  74  18   0   9 0.70  0.0    0 15.4 30 210   M    M   1 13     46 200
 4  64  45  55  -1  10   0 0.00  0.0    0 13.2 22 100   M    M   1        31 310
 5  60  48  54  -2  11   0 2.17  0.0    0  5.9 22 310   M    M  10 13     30 320
 6  63  53  58   3   7   0 0.39  0.0    0  7.9 24 320   M    M   9 13     36 330
 7  58  53  56   1   9   0 0.47  0.0    0 10.8 17  90   M    M  10 1      23 100
 8  84  58  71  17   0   6 0.20  0.0    0  8.4 18 210   M    M   4 13     27 200
 9  84  69  77  23   0  12 0.07  0.0    0 11.7 20 160   M    M   5 13     29 180
10  75  46  61   7   4   0 2.21  0.0    0 14.3 25 260   M    M   9 13     38 250
11  50  34  42 -12  23   0 0.00  0.0    0 13.8 25 290   M    M   6        38 260
12  43   M   M   M   M   M 0.01    T    0  6.0 12 250   M    M   6 1      17 280
13  49  32  41 -12  24   0 0.00  0.0    0  7.9 20 200   M    M   6 12     27 220
14  53  35  44  -8  21   0 0.05    T    0  5.3 16 340   M    M   6 1      26 340
15  49  32  41 -11  24   0 0.06    T    0  9.5 18 290   M    M   3 1      27 320
16  62  33  48  -4  17   0 0.00  0.0    0 10.6 24 250   M    M   0        34 240
17  54  31  43  -8  22   0 0.00  0.0    0  8.4 23 340   M    M   0        34 340
================================================================================
SM 1074  733       180  27  6.53    T    162.8          M       93
================================================================================
AV 63.2 45.8                               9.6 FASTST   M    M   5    MAX(MPH)
                                 MISC ---->  # 30 210               # 46  200
================================================================================
NOTES:
# LAST OF SEVERAL OCCURRENCES

COLUMN 17 PEAK WIND IN M.P.H.

PRELIMINARY LOCAL CLIMATOLOGICAL DATA (WS FORM: F-6) , PAGE 2

                                          STATION:  DAVENPORT IA
                                          MONTH:    OCTOBER
                                          YEAR:     2018
                                          LATITUDE:   41 37 N
                                          LONGITUDE:  90 35 W

[TEMPERATURE DATA]      [PRECIPITATION DATA]       SYMBOLS USED IN COLUMN 16

AVERAGE MONTHLY: 54.5   TOTAL FOR MONTH:   6.53    1 = FOG OR MIST
DPTR FM NORMAL:   0.3   DPTR FM NORMAL:    4.88    2 = FOG REDUCING VISIBILITY
HIGHEST:    87 ON  3    GRTST 24HR  2.21 ON 10-10      TO 1/4 MILE OR LESS
LOWEST:     31 ON 17                               3 = THUNDER
                        SNOW, ICE PELLETS, HAIL    4 = ICE PELLETS
                        TOTAL MONTH:    T          5 = HAIL
                        GRTST 24HR    T  ON 15-15  6 = FREEZING RAIN OR DRIZZLE
                        GRTST DEPTH:   0           7 = DUSTSTORM OR SANDSTORM:
                                                       VSBY 1/2 MILE OR LESS
                                                   8 = SMOKE OR HAZE
[NO. OF DAYS WITH]      [WEATHER - DAYS WITH]      9 = BLOWING SNOW
                                                   X = TORNADO
MAX 32 OR BELOW:   0    0.01 INCH OR MORE:  11
MAX 90 OR ABOVE:   0    0.10 INCH OR MORE:   7
MIN 32 OR BELOW:   3    0.50 INCH OR MORE:   3
MIN  0 OR BELOW:   0    1.00 INCH OR MORE:   2

[HDD (BASE 65) ]
TOTAL THIS MO.   180    CLEAR  (SCALE 0-3)   5
DPTR FM NORMAL   -15    PTCLDY (SCALE 4-7)   6
TOTAL FM JUL 1   264    CLOUDY (SCALE 8-10)  6
DPTR FM NORMAL   -66

[CDD (BASE 65) ]
TOTAL THIS MO.    27
DPTR FM NORMAL    16    [PRESSURE DATA]
TOTAL FM JAN 1  1068    HIGHEST SLP M ON M
DPTR FM NORMAL   283    LOWEST  SLP 29.58 ON 10

[REMARKS]
