509
CXUS55 KPSR 221005
CF6DVT
PRELIMINARY LOCAL CLIMATOLOGICAL DATA (WS FORM: F-6)

                                          STATION:   DEER VLY/PHOENIX AZ
                                          MONTH:     OCTOBER
                                          YEAR:      2018
                                          LATITUDE:   33 41 N
                                          LONGITUDE: 112  4 W

  TEMPERATURE IN F:       :PCPN:    SNOW:  WIND      :SUNSHINE: SKY     :PK WND
================================================================================
1   2   3   4   5  6A  6B    7    8   9   10  11  12  13   14  15   16   17  18
                                     12Z  AVG MX 2MIN
DY MAX MIN AVG DEP HDD CDD  WTR  SNW DPTH SPD SPD DIR MIN PSBL S-S WX    SPD DR
================================================================================

 1  77  70  74  -6   0   9 0.07  0.0    0  4.2 10 230   M    M   7 1      13 220
 2  78  69  74  -6   0   9 2.17  0.0    0  6.5 15 140   M    M   8 13     20 140
 3  84  72  78  -1   0  13    T  0.0    0  4.4 10 220   M    M   6        16 210
 4  85  70  78  -1   0  13 0.00  0.0    0  4.5 12 250   M    M   3        17 170
 5  84  65  75  -3   0  10 0.00  0.0    0  2.6 12 280   M    M   0        15 250
 6  82  65  74  -4   0   9    T  0.0    0  6.6 16 180   M    M   1        19 180
 7  73  54  64 -14   1   0 0.95  0.0    0  6.2 33 360   M    M   5 13     40 360
 8  73  57  65 -12   0   0 0.00  0.0    0  6.1 15  40   M    M   5        23  90
 9  78  58  68  -9   0   3 0.00  0.0    0  4.5 15 220   M    M   1        19 220
10  80  59  70  -6   0   5 0.00  0.0    0  5.4 13 130   M    M   0        17 160
11  80  65  73  -3   0   8 0.00  0.0    0  6.4 17 170   M    M   5        23 170
12  82  67  75  -1   0  10 0.00  0.0    0  5.4 14 130   M    M   4        17 130
13  74  61  68  -7   0   3 0.93  0.0    0  5.5 18 120   M    M   9 1      25 120
14  73  61  67  -8   0   2 0.01  0.0    0  5.1 15 330   M    M   8 1      18 340
15  77  58  68  -6   0   3    T  0.0    0  6.6 16  10   M    M   2        20  20
16  65  57  61 -13   4   0    T  0.0    0  9.2 18  50   M    M   6        26  50
17  75  56  66  -8   0   1 0.00  0.0    0  8.1 17  90   M    M   0        22 140
18  80  57  69  -4   0   4 0.00  0.0    0  5.5 12  30   M    M   0        16  80
19  84  57  71  -2   0   6 0.00  0.0    0  6.0 15  90   M    M   0        22  50
20  89  69  79   7   0  14 0.00  0.0    0  8.4 16 140   M    M   3        21 110
21  87  70  79   7   0  14    T  0.0    0  8.1 16 110   M    M   3 3      22 110
================================================================================
SM 1660 1317         5 136  4.13     0.0 125.3          M       76
================================================================================
AV 79.1 62.7                               6.0 FASTST   M    M   4    MAX(MPH)
                                 MISC ---->  # 33 360               # 40  360
================================================================================
NOTES:
# LAST OF SEVERAL OCCURRENCES

COLUMN 17 PEAK WIND IN M.P.H.

PRELIMINARY LOCAL CLIMATOLOGICAL DATA (WS FORM: F-6) , PAGE 2

                                          STATION:  DEER VLY/PHOENIX AZ
                                          MONTH:    OCTOBER
                                          YEAR:     2018
                                          LATITUDE:   33 41 N
                                          LONGITUDE: 112  4 W

[TEMPERATURE DATA]      [PRECIPITATION DATA]       SYMBOLS USED IN COLUMN 16

AVERAGE MONTHLY: 70.9   TOTAL FOR MONTH:   4.13    1 = FOG OR MIST
DPTR FM NORMAL:  -5.1   DPTR FM NORMAL:    3.62    2 = FOG REDUCING VISIBILITY
HIGHEST:    89 ON 20    GRTST 24HR  2.17 ON  2- 2      TO 1/4 MILE OR LESS
LOWEST:     54 ON  7                               3 = THUNDER
                        SNOW, ICE PELLETS, HAIL    4 = ICE PELLETS
                        TOTAL MONTH:   0.0 INCH    5 = HAIL
                        GRTST 24HR     0.0         6 = FREEZING RAIN OR DRIZZLE
                        GRTST DEPTH:   0           7 = DUSTSTORM OR SANDSTORM:
                                                       VSBY 1/2 MILE OR LESS
                                                   8 = SMOKE OR HAZE
[NO. OF DAYS WITH]      [WEATHER - DAYS WITH]      9 = BLOWING SNOW
                                                   X = TORNADO
MAX 32 OR BELOW:   0    0.01 INCH OR MORE:   5
MAX 90 OR ABOVE:   0    0.10 INCH OR MORE:   3
MIN 32 OR BELOW:   0    0.50 INCH OR MORE:   3
MIN  0 OR BELOW:   0    1.00 INCH OR MORE:   1

[HDD (BASE 65) ]
TOTAL THIS MO.     5    CLEAR  (SCALE 0-3)  11
DPTR FM NORMAL     5    PTCLDY (SCALE 4-7)   8
TOTAL FM JUL 1     5    CLOUDY (SCALE 8-10)  2
DPTR FM NORMAL     5

[CDD (BASE 65) ]
TOTAL THIS MO.   136
DPTR FM NORMAL   -99    [PRESSURE DATA]
TOTAL FM JAN 1  4079    HIGHEST SLP M ON M
DPTR FM NORMAL   296    LOWEST  SLP 29.50 ON  7

[REMARKS]
