000
CXUS54 KEWX 220910
CF6DZB
PRELIMINARY LOCAL CLIMATOLOGICAL DATA (WS FORM: F-6)

                                          STATION:   Horseshoe Bay
                                          MONTH:     SEPTEMBER
                                          YEAR:      2018
                                          LATITUDE:   30 31 N
                                          LONGITUDE:  98 22 W

  TEMPERATURE IN F:       :PCPN:    SNOW:  WIND      :SUNSHINE: SKY     :PK WND
================================================================================
1   2   3   4   5  6A  6B    7    8   9   10  11  12  13   14  15   16   17  18
                                     12Z  AVG MX 2MIN
DY MAX MIN AVG DEP HDD CDD  WTR  SNW DPTH SPD SPD DIR MIN PSBL S-S WX    SPD DR
================================================================================

 1  98  71  85   M   0  20 0.00    M    M  3.7  9 160   M    M   2 3      20 160
 2  98  73  86   M   0  21 0.00    M    M  4.5 10 100   M    M   2 3      21 130
 3  86  74  80   M   0  15 0.49    M    M  2.5 10 190   M    M   7 3      17 140
 4  86  73  80   M   0  15 0.21    M    M  3.4 10 160   M    M   8 1       M  M
 5  90  73  82   M   0  17 0.34    M    M  2.0  7  10   M    M   8 3      20 200
 6  92  73  83   M   0  18 0.56    M    M  1.5 17 170   M    M   8 123    23 170
 7  86  73  80   M   0  15 0.35    M    M  1.7 10 330   M    M   6 13     16 330
 8  84  72  78   M   0  13 0.48    M    M  1.6  7 280   M    M   7 3       M  M
 9  75  71  73   M   0   8 1.32    M    M  1.3  6  30   M    M   9         M  M
10  78  68  73   M   0   8 0.01    M    M  2.4  7  50   M    M  10         M  M
11  83  69  76   M   0  11 0.10    M    M  1.5  8  70   M    M   9 1       M  M
12  88  73  81   M   0  16 0.03    M    M  2.4  8  60   M    M   8         9 100
13  90  73  82   M   0  17 0.00    M    M  3.5  9  90   M    M   7 1       M  M
14  86  72  79   M   0  14 1.26    M    M  2.1  7 140   M    M   9         M  M
15  81  72  77   M   0  12 0.79    M    M  3.1  9  90   M    M   7 1       M  M
16  85  71  78   M   0  13 0.45    M    M  1.8  9 170   M    M   6 1       M  M
17  91  67  79   M   0  14 0.01    M    M  2.0  7 190   M    M   2         M  M
18  92  72  82   M   0  17 0.00    M    M  3.8  8 170   M    M   2         M  M
19  93  71  82   M   0  17 0.00    M    M  4.3  9 180   M    M   1        17 140
20  87  73  80   M   0  15 0.14    M    M  5.6 18 150   M    M   6 3      28 150
21  87  73  80   M   0  15 0.71    M    M  5.3 12 180   M    M   7 3      17 170
================================================================================
SM 1836 1507         0 311  7.25    M     60.0          M      131
================================================================================
AV 87.4 71.8                               2.9 FASTST   M    M   6    MAX(MPH)
                                 MISC ---->  # 18 150               # 28  150
================================================================================
NOTES:
# LAST OF SEVERAL OCCURRENCES

COLUMN 17 PEAK WIND IN M.P.H.

PRELIMINARY LOCAL CLIMATOLOGICAL DATA (WS FORM: F-6) , PAGE 2

                                          STATION:  Horseshoe Bay
                                          MONTH:    SEPTEMBER
                                          YEAR:     2018
                                          LATITUDE:   30 31 N
                                          LONGITUDE:  98 22 W

[TEMPERATURE DATA]      [PRECIPITATION DATA]       SYMBOLS USED IN COLUMN 16

AVERAGE MONTHLY: 79.6   TOTAL FOR MONTH:   7.25    1 = FOG OR MIST
DPTR FM NORMAL:     M   DPTR FM NORMAL:       M    2 = FOG REDUCING VISIBILITY
HIGHEST:    98 ON  2, 1 GRTST 24HR  1.32 ON  9- 9      TO 1/4 MILE OR LESS
LOWEST:     67 ON 17                               3 = THUNDER
                        SNOW, ICE PELLETS, HAIL    4 = ICE PELLETS
                        TOTAL MONTH:    M          5 = HAIL
                        GRTST 24HR    M  ON   M    6 = FREEZING RAIN OR DRIZZLE
                        GRTST DEPTH:  M  ON   M    7 = DUSTSTORM OR SANDSTORM:
                                                       VSBY 1/2 MILE OR LESS
                                                   8 = SMOKE OR HAZE
[NO. OF DAYS WITH]      [WEATHER - DAYS WITH]      9 = BLOWING SNOW
                                                   X = TORNADO
MAX 32 OR BELOW:   0    0.01 INCH OR MORE:  16
MAX 90 OR ABOVE:   8    0.10 INCH OR MORE:  13
MIN 32 OR BELOW:   0    0.50 INCH OR MORE:   5
MIN  0 OR BELOW:   0    1.00 INCH OR MORE:   2

[HDD (BASE 65) ]
TOTAL THIS MO.     0    CLEAR  (SCALE 0-3)   5
DPTR FM NORMAL     M    PTCLDY (SCALE 4-7)  11
TOTAL FM JUL 1     0    CLOUDY (SCALE 8-10)  5
DPTR FM NORMAL     M

[CDD (BASE 65) ]
TOTAL THIS MO.   311
DPTR FM NORMAL     M    [PRESSURE DATA]
TOTAL FM JAN 1  2867    HIGHEST SLP M ON M
DPTR FM NORMAL     M    LOWEST  SLP M ON M

[REMARKS]
