000
CXUS53 KGID 220730
CF6EAR
PRELIMINARY LOCAL CLIMATOLOGICAL DATA (WS FORM: F-6)

                                          STATION:   KEARNEY
                                          MONTH:     OCTOBER
                                          YEAR:      2018
                                          LATITUDE:   40 43 N
                                          LONGITUDE:  99  0 W

  TEMPERATURE IN F:       :PCPN:    SNOW:  WIND      :SUNSHINE: SKY     :PK WND
================================================================================
1   2   3   4   5  6A  6B    7    8   9   10  11  12  13   14  15   16   17  18
                                     12Z  AVG MX 2MIN
DY MAX MIN AVG DEP HDD CDD  WTR  SNW DPTH SPD SPD DIR MIN PSBL S-S WX    SPD DR
================================================================================

 1  55  46  51  -6  14   0 0.02    M    M  7.2  9  30   M    M  10 1      12  50
 2  68  50  59   3   6   0    T    M    M  6.3 13 200   M    M   7 1      14 180
 3  93  45  69  13   0   4    T    M    M 18.9 38 360   M    M   0        47 360
 4  45  36  41 -15  24   0 0.12    M    M 14.2 26  20   M    M   7 1      36  20
 5  53  37  45 -10  20   0 0.00    M    M  8.3 26 360   M    M   8 1      32 360
 6  57  39  48  -7  17   0 0.00    M    M 12.4 22 360   M    M   8        24 360
 7  47  42  45  -9  20   0 0.17    M    M  9.8 17  50   M    M  10 13     23  90
 8  47  43  45  -9  20   0 0.18    M    M 11.6 22 360   M    M  10 1      24 340
 9  45  38  42 -12  23   0 1.42    M    M 19.2 26 360   M    M  10 1      35 360
10  44  32  38 -15  27   0    T    M    M 15.5 21 320   M    M   8 1      28 320
11  50  26  38 -15  27   0    T    M    M  6.4 10 230   M    M   3        12 230
12  53  35  44  -8  21   0 0.06    M    M  6.7 18 360   M    M   6        21 320
13  64  37  51  -1  14   0 0.30    M    M 12.9 25  20   M    M   5 1      31  30
14  40  29  35 -17  30   0    M    M    M 18.3 33 360   M    M  10 1      41 360
15  48  22  35 -16  30   0 0.00    M    M  8.6 15 220   M    M   1        16 340
16  69  32  51   0  14   0 0.00    M    M  9.3 21 310   M    M   0        22 310
17  67  35  51   1  14   0 0.00    M    M  7.1 10 320   M    M   0        12 200
18  67  45  56   6   9   0 0.02    M    M 14.9 27 190   M    M   3        36 200
19  71  42  57   7   8   0 0.00    M    M 13.7 24 350   M    M   1        32  10
20  62  35  49   0  16   0 0.00    M    M  9.6 18 350   M    M   0        23 350
21  77  36  57   8   8   0 0.00    M    M 12.2 22 220   M    M   0        30 210
================================================================================
SM 1222  782       362   4  2.29    M    243.1          M      107
================================================================================
AV 58.2 37.2                              11.6 FASTST   M    M   5    MAX(MPH)
                                 MISC ---->  # 38 360               # 47  360
================================================================================
NOTES:
# LAST OF SEVERAL OCCURRENCES

COLUMN 17 PEAK WIND IN M.P.H.

PRELIMINARY LOCAL CLIMATOLOGICAL DATA (WS FORM: F-6) , PAGE 2

                                          STATION:  KEARNEY
                                          MONTH:    OCTOBER
                                          YEAR:     2018
                                          LATITUDE:   40 43 N
                                          LONGITUDE:  99  0 W

[TEMPERATURE DATA]      [PRECIPITATION DATA]       SYMBOLS USED IN COLUMN 16

AVERAGE MONTHLY: 47.7   TOTAL FOR MONTH:   2.29    1 = FOG OR MIST
DPTR FM NORMAL:  -5.1   DPTR FM NORMAL:    0.80    2 = FOG REDUCING VISIBILITY
HIGHEST:    93 ON  3    GRTST 24HR  1.42 ON  9- 9      TO 1/4 MILE OR LESS
LOWEST:     22 ON 15                               3 = THUNDER
                        SNOW, ICE PELLETS, HAIL    4 = ICE PELLETS
                        TOTAL MONTH:    M          5 = HAIL
                        GRTST 24HR    M  ON   M    6 = FREEZING RAIN OR DRIZZLE
                        GRTST DEPTH:  M  ON   M    7 = DUSTSTORM OR SANDSTORM:
                                                       VSBY 1/2 MILE OR LESS
                                                   8 = SMOKE OR HAZE
[NO. OF DAYS WITH]      [WEATHER - DAYS WITH]      9 = BLOWING SNOW
                                                   X = TORNADO
MAX 32 OR BELOW:   0    0.01 INCH OR MORE:   8
MAX 90 OR ABOVE:   1    0.10 INCH OR MORE:   5
MIN 32 OR BELOW:   5    0.50 INCH OR MORE:   1
MIN  0 OR BELOW:   0    1.00 INCH OR MORE:   1

[HDD (BASE 65) ]
TOTAL THIS MO.   362    CLEAR  (SCALE 0-3)   8
DPTR FM NORMAL   100    PTCLDY (SCALE 4-7)   7
TOTAL FM JUL 1   454    CLOUDY (SCALE 8-10)  6
DPTR FM NORMAL    43

[CDD (BASE 65) ]
TOTAL THIS MO.     4
DPTR FM NORMAL     0    [PRESSURE DATA]
TOTAL FM JAN 1  1161    HIGHEST SLP M ON M
DPTR FM NORMAL   292    LOWEST  SLP 29.58 ON  3

[REMARKS]
