000
CXUS56 KOTX 220900
CF6EAT
PRELIMINARY LOCAL CLIMATOLOGICAL DATA (WS FORM: F-6)

                                          STATION:   WENATCHEE WA PANGBORN FIELD
                                          MONTH:     OCTOBER
                                          YEAR:      2018
                                          LATITUDE:   47 23 N
                                          LONGITUDE: 120 12 W

  TEMPERATURE IN F:       :PCPN:    SNOW:  WIND      :SUNSHINE: SKY     :PK WND
================================================================================
1   2   3   4   5  6A  6B    7    8   9   10  11  12  13   14  15   16   17  18
                                     12Z  AVG MX 2MIN
DY MAX MIN AVG DEP HDD CDD  WTR  SNW DPTH SPD SPD DIR MIN PSBL S-S WX    SPD DR
================================================================================

 1  67  47  57  -1   8   0 0.00    M    M  4.1  9 330   M    M   5        12 340
 2  70  38  54  -4  11   0    T    M    M 11.3 39 270   M    M   2 8      50 240
 3  55  35  45 -12  20   0 0.00    M    M  3.8  9  70   M    M   0        13  90
 4  61  39  50  -7  15   0 0.00    M    M  5.7 15 310   M    M   2        17 310
 5  52  39  46 -10  19   0 0.14    M    M  4.1 12 340   M    M   6        15 330
 6  64  44  54  -2  11   0 0.03    M    M  7.2 16 320   M    M   4        19 320
 7  54  45  50  -5  15   0 0.00    M    M  5.7 12 340   M    M   4        15 330
 8  51  48  50  -5  15   0 0.08    M    M  0.6  6  90   M    M  10 1       7  90
 9  56  48  52  -2  13   0 0.06    M    M  5.4 13 290   M    M  10 1      15 310
10  60  45  53  -1  12   0 0.00    M    M  3.6  9 290   M    M   6        12 290
11  61  38  50  -3  15   0 0.00    M    M  4.8 12 320   M    M   0        14 320
12  73  39  56   3   9   0 0.00    M    M  9.0 29 300   M    M   0        35 310
13  64  42  53   1  12   0 0.00    M    M  8.0 17  60   M    M   0        22  60
14  60  32  46  -6  19   0 0.00    M    M  5.0 16 280   M    M   0 8      17 280
15  61  34  48  -3  17   0 0.00    M    M  4.4 14 300   M    M   0        16 300
16  64  35  50  -1  15   0 0.00    M    M  2.5 13 300   M    M   0        14 300
17  64  36  50   0  15   0 0.00    M    M  3.7 14 300   M    M   0 8      15 300
18  62  36  49  -1  16   0 0.00    M    M  2.9  9 120   M    M   0        12 310
19  65  36  51   2  14   0 0.00    M    M  2.5  9  70   M    M   0        12 120
20  65  36  51   2  14   0 0.00    M    M  2.3 10 290   M    M   0 8      11 290
21  65  38  52   4  13   0 0.00    M    M  4.4 12 310   M    M   0 8      14 320
================================================================================
SM 1294  830       298   0  0.31    M    101.0          M       49
================================================================================
AV 61.6 39.5                               4.8 FASTST   M    M   2    MAX(MPH)
                                 MISC ---->  # 39 270               # 50  240
================================================================================
NOTES:
# LAST OF SEVERAL OCCURRENCES

COLUMN 17 PEAK WIND IN M.P.H.

PRELIMINARY LOCAL CLIMATOLOGICAL DATA (WS FORM: F-6) , PAGE 2

                                          STATION:  WENATCHEE WA PANGBORN FIELD
                                          MONTH:    OCTOBER
                                          YEAR:     2018
                                          LATITUDE:   47 23 N
                                          LONGITUDE: 120 12 W

[TEMPERATURE DATA]      [PRECIPITATION DATA]       SYMBOLS USED IN COLUMN 16

AVERAGE MONTHLY: 50.6   TOTAL FOR MONTH:   0.31    1 = FOG OR MIST
DPTR FM NORMAL:  -2.7   DPTR FM NORMAL:    0.08    2 = FOG REDUCING VISIBILITY
HIGHEST:    73 ON 12    GRTST 24HR  0.14 ON  5- 5      TO 1/4 MILE OR LESS
LOWEST:     32 ON 14                               3 = THUNDER
                        SNOW, ICE PELLETS, HAIL    4 = ICE PELLETS
                        TOTAL MONTH:    M          5 = HAIL
                        GRTST 24HR    M  ON   M    6 = FREEZING RAIN OR DRIZZLE
                        GRTST DEPTH:  M  ON   M    7 = DUSTSTORM OR SANDSTORM:
                                                       VSBY 1/2 MILE OR LESS
                                                   8 = SMOKE OR HAZE
[NO. OF DAYS WITH]      [WEATHER - DAYS WITH]      9 = BLOWING SNOW
                                                   X = TORNADO
MAX 32 OR BELOW:   0    0.01 INCH OR MORE:   4
MAX 90 OR ABOVE:   0    0.10 INCH OR MORE:   1
MIN 32 OR BELOW:   1    0.50 INCH OR MORE:   0
MIN  0 OR BELOW:   0    1.00 INCH OR MORE:   0

[HDD (BASE 65) ]
TOTAL THIS MO.   298    CLEAR  (SCALE 0-3)  14
DPTR FM NORMAL    49    PTCLDY (SCALE 4-7)   5
TOTAL FM JUL 1   395    CLOUDY (SCALE 8-10)  2
DPTR FM NORMAL    34

[CDD (BASE 65) ]
TOTAL THIS MO.     0
DPTR FM NORMAL     0    [PRESSURE DATA]
TOTAL FM JAN 1   897    HIGHEST SLP M ON M
DPTR FM NORMAL   107    LOWEST  SLP 29.57 ON  2

[REMARKS]
