000
CXUS56 KOTX 170900
CF6EAT
PRELIMINARY LOCAL CLIMATOLOGICAL DATA (WS FORM: F-6)

                                          STATION:   WENATCHEE WA PANGBORN FIELD
                                          MONTH:     FEBRUARY
                                          YEAR:      2019
                                          LATITUDE:   47 23 N
                                          LONGITUDE: 120 12 W

  TEMPERATURE IN F:       :PCPN:    SNOW:  WIND      :SUNSHINE: SKY     :PK WND
================================================================================
1   2   3   4   5  6A  6B    7    8   9   10  11  12  13   14  15   16   17  18
                                     12Z  AVG MX 2MIN
DY MAX MIN AVG DEP HDD CDD  WTR  SNW DPTH SPD SPD DIR MIN PSBL S-S WX    SPD DR
================================================================================

 1  32  29  31  -1  34   0 0.01    M    M  2.9  8 110   M    M   9 16      9 100
 2  35  25  30  -2  35   0 0.00    M    M  3.5 10 100   M    M   6 12     13  90
 3  35  27  31  -1  34   0 0.00    M    M  3.7 13  40   M    M   9        18  40
 4  27  17  22 -11  43   0 0.05    M    M  5.8 15 280   M    M  10 1      16 280
 5  20  11  16 -17  49   0 0.00    M    M  3.7 12 270   M    M   7        13 270
 6  25   5  15 -18  50   0 0.00    M    M  1.8  6 290   M    M   1         7 310
 7  22   5  14 -19  51   0 0.00    M    M  1.2  7  80   M    M   2         7  90
 8  22  13  18 -15  47   0 0.08    M    M  3.8  8 290   M    M   9 1      10 290
 9  24  20  22 -12  43   0 0.16    M    M  6.8 16 190   M    M  10 1      26 200
10  23  11  17 -17  48   0 0.08    M    M  4.5 14 130   M    M   7 18     17 140
11  17  12  15 -19  50   0 0.16    M    M  5.1 14 300   M    M  10 1      18 330
12  22  16  19 -15  46   0 0.03    M    M  3.8  9 300   M    M   7 1      10 300
13  27  13  20 -14  45   0 0.00    M    M  1.0  7 250   M    M   6         9 240
14  24  14  19 -15  46   0 0.16    M    M  5.1 12 290   M    M  10 12     13 280
15  32  20  26  -9  39   0    T    M    M  4.5 10  90   M    M   7 12     12  90
16  32  26  29  -6  36   0 0.00    M    M  2.0 10  80   M    M  10 1      13  70
================================================================================
SM  419  264       696   0  0.73    M     59.2          M      120
================================================================================
AV 26.2 16.5                               3.7 FASTST   M    M   8    MAX(MPH)
                                 MISC ---->  # 16 190               # 26  200
================================================================================
NOTES:
# LAST OF SEVERAL OCCURRENCES

COLUMN 17 PEAK WIND IN M.P.H.

PRELIMINARY LOCAL CLIMATOLOGICAL DATA (WS FORM: F-6) , PAGE 2

                                          STATION:  WENATCHEE WA PANGBORN FIELD
                                          MONTH:    FEBRUARY
                                          YEAR:     2019
                                          LATITUDE:   47 23 N
                                          LONGITUDE: 120 12 W

[TEMPERATURE DATA]      [PRECIPITATION DATA]       SYMBOLS USED IN COLUMN 16

AVERAGE MONTHLY: 21.3   TOTAL FOR MONTH:   0.73    1 = FOG OR MIST
DPTR FM NORMAL: -12.1   DPTR FM NORMAL:    0.25    2 = FOG REDUCING VISIBILITY
HIGHEST:    35 ON  3, 2 GRTST 24HR  0.16 ON 14-14      TO 1/4 MILE OR LESS
LOWEST:      5 ON  7, 6                            3 = THUNDER
                        SNOW, ICE PELLETS, HAIL    4 = ICE PELLETS
                        TOTAL MONTH:    M          5 = HAIL
                        GRTST 24HR    M  ON   M    6 = FREEZING RAIN OR DRIZZLE
                        GRTST DEPTH:  M  ON   M    7 = DUSTSTORM OR SANDSTORM:
                                                       VSBY 1/2 MILE OR LESS
                                                   8 = SMOKE OR HAZE
[NO. OF DAYS WITH]      [WEATHER - DAYS WITH]      9 = BLOWING SNOW
                                                   X = TORNADO
MAX 32 OR BELOW:  14    0.01 INCH OR MORE:   8
MAX 90 OR ABOVE:   0    0.10 INCH OR MORE:   3
MIN 32 OR BELOW:  16    0.50 INCH OR MORE:   0
MIN  0 OR BELOW:   0    1.00 INCH OR MORE:   0

[HDD (BASE 65) ]
TOTAL THIS MO.   696    CLEAR  (SCALE 0-3)   2
DPTR FM NORMAL   190    PTCLDY (SCALE 4-7)   6
TOTAL FM JUL 1  4072    CLOUDY (SCALE 8-10)  8
DPTR FM NORMAL   -54

[CDD (BASE 65) ]
TOTAL THIS MO.     0
DPTR FM NORMAL     0    [PRESSURE DATA]
TOTAL FM JAN 1     0    HIGHEST SLP M ON M
DPTR FM NORMAL     0    LOWEST  SLP 29.22 ON 14

[REMARKS]
