000
CXUS56 KOTX 170900
CF6EAT
PRELIMINARY LOCAL CLIMATOLOGICAL DATA (WS FORM: F-6)

                                          STATION:   WENATCHEE WA PANGBORN FIELD
                                          MONTH:     JUNE
                                          YEAR:      2019
                                          LATITUDE:   47 23 N
                                          LONGITUDE: 120 12 W

  TEMPERATURE IN F:       :PCPN:    SNOW:  WIND      :SUNSHINE: SKY     :PK WND
================================================================================
1   2   3   4   5  6A  6B    7    8   9   10  11  12  13   14  15   16   17  18
                                     12Z  AVG MX 2MIN
DY MAX MIN AVG DEP HDD CDD  WTR  SNW DPTH SPD SPD DIR MIN PSBL S-S WX    SPD DR
================================================================================

 1  90  63  77  13   0  12 0.00    M    M  9.1 20 310   M    M   0        24 320
 2  91  62  77  13   0  12 0.00    M    M 10.5 24 300   M    M   0        30 300
 3  81  60  71   7   0   6 0.00    M    M 18.1 28 310   M    M   0        33 310
 4  81  54  68   4   0   3 0.00    M    M  9.3 21 310   M    M   0        24 310
 5  74  54  64  -1   1   0 0.03    M    M  5.3 32 310   M    M   2        38 300
 6  67  50  59  -6   6   0 0.00    M    M 15.6 29 300   M    M   0        35 290
 7  68  47  58  -7   7   0 0.00    M    M 15.9 25 320   M    M   0        32 310
 8  73  48  61  -4   4   0 0.00    M    M 10.7 28 310   M    M   1        32 310
 9  75  49  62  -3   3   0 0.00    M    M  6.5 13 120   M    M   0        18  90
10  86  56  71   5   0   6 0.00    M    M  9.8 29 310   M    M   0        37 310
11  89  57  73   7   0   8 0.00    M    M  5.4 20 190   M    M   0        37  90
12  91  62  77  11   0  12 0.00    M    M  6.1 12 330   M    M   0        14 290
13  95  67  81  15   0  16 0.00    M    M 12.2 24 300   M    M   0        30 300
14  86  61  74   8   0   9 0.00    M    M 15.4 24 300   M    M   0        30 310
15  88  60  74   8   0   9 0.00    M    M 10.7 21 310   M    M   0        29 290
16  91  65  78  11   0  13 0.00    M    M 10.9 20 270   M    M   0        41 260
================================================================================
SM 1326  915        21 106  0.03    M    171.5          M        3
================================================================================
AV 82.9 57.2                              10.7 FASTST   M    M   0    MAX(MPH)
                                 MISC ---->  # 32 310               # 41  260
================================================================================
NOTES:
# LAST OF SEVERAL OCCURRENCES

COLUMN 17 PEAK WIND IN M.P.H.

PRELIMINARY LOCAL CLIMATOLOGICAL DATA (WS FORM: F-6) , PAGE 2

                                          STATION:  WENATCHEE WA PANGBORN FIELD
                                          MONTH:    JUNE
                                          YEAR:     2019
                                          LATITUDE:   47 23 N
                                          LONGITUDE: 120 12 W

[TEMPERATURE DATA]      [PRECIPITATION DATA]       SYMBOLS USED IN COLUMN 16

AVERAGE MONTHLY: 70.0   TOTAL FOR MONTH:   0.03    1 = FOG OR MIST
DPTR FM NORMAL:   4.8   DPTR FM NORMAL:   -0.35    2 = FOG REDUCING VISIBILITY
HIGHEST:    95 ON 13    GRTST 24HR  0.03 ON  5- 5      TO 1/4 MILE OR LESS
LOWEST:     47 ON  7                               3 = THUNDER
                        SNOW, ICE PELLETS, HAIL    4 = ICE PELLETS
                        TOTAL MONTH:    M          5 = HAIL
                        GRTST 24HR    M  ON   M    6 = FREEZING RAIN OR DRIZZLE
                        GRTST DEPTH:  M  ON   M    7 = DUSTSTORM OR SANDSTORM:
                                                       VSBY 1/2 MILE OR LESS
                                                   8 = SMOKE OR HAZE
[NO. OF DAYS WITH]      [WEATHER - DAYS WITH]      9 = BLOWING SNOW
                                                   X = TORNADO
MAX 32 OR BELOW:   0    0.01 INCH OR MORE:   1
MAX 90 OR ABOVE:   5    0.10 INCH OR MORE:   0
MIN 32 OR BELOW:   0    0.50 INCH OR MORE:   0
MIN  0 OR BELOW:   0    1.00 INCH OR MORE:   0

[HDD (BASE 65) ]
TOTAL THIS MO.    21    CLEAR  (SCALE 0-3)  16
DPTR FM NORMAL   -19    PTCLDY (SCALE 4-7)   0
TOTAL FM JUL 1  5986    CLOUDY (SCALE 8-10)  0
DPTR FM NORMAL   232

[CDD (BASE 65) ]
TOTAL THIS MO.   106
DPTR FM NORMAL    63    [PRESSURE DATA]
TOTAL FM JAN 1   166    HIGHEST SLP M ON M
DPTR FM NORMAL   -24    LOWEST  SLP 29.69 ON M

[REMARKS]
