000
CXUS55 KEAX 180736
CF6EAX
PRELIMINARY LOCAL CLIMATOLOGICAL DATA (WS FORM: F-6)

                                          STATION:   Pleasant Hill NWS MO
                                          MONTH:     OCTOBER
                                          YEAR:      2018
                                          LATITUDE:   38 48 N
                                          LONGITUDE:  94 16 W

  TEMPERATURE IN F:       :PCPN:    SNOW:  WIND      :SUNSHINE: SKY     :PK WND
================================================================================
1   2   3   4   5  6A  6B    7    8   9   10  11  12  13   14  15   16   17  18
                                     12Z  AVG MX 2MIN
DY MAX MIN AVG DEP HDD CDD  WTR  SNW DPTH SPD SPD DIR MIN PSBL S-S WX    SPD DR
================================================================================

 1  78  64  71   9   0   6 0.00  0.0    0   M   M   M   0    0   0         0   0
 2  88  64  76  15   0  11 0.00  0.0    0   M   M   M   0    0   0         0   0
 3  89  70  80  19   0  15 0.00  0.0    0   M   M   M   0    0   0         0   0
 4  70  51  61   1   4   0 0.13  0.0    0   M   M   M   0    0   0         0   0
 5  84  53  69   9   0   4    T  0.0    0   M   M   M   0    0   0         0   0
 6  73  53  63   3   2   0 3.40  0.0    0   M   M   M   0    0   0         0   0
 7  70  54  62   3   3   0 2.87  0.0    0   M   M   M   0    0   0         0   0
 8  82  65  74  15   0   9 1.18  0.0    0   M   M   M   0    0   0 13      0   0
 9  75  64  70  11   0   5 1.58  0.0    0   M   M   M   0    0   0 138     0   0
10  64  46  55  -3  10   0 0.01  0.0    0   M   M   M   0    0   0         0   0
11  55  38  47 -11  18   0 0.00  0.0    0   M   M   M   0    0   0         0   0
12  49  42  46 -12  19   0 0.33  0.0    0   M   M   M   0    0   0 1       0   0
13  56  45  51  -6  14   0 0.00  0.0    0   M   M   M   0    0   0         0   0
14  51  34  43 -14  22   0 0.30    T    0   M   M   M   0    0   0         0   0
15  47  32  40 -16  25   0    T    T    0   M   M   M   0    0   0         0   0
16  62  30  46 -10  19   0 0.00  0.0    0   M   M   M   0    0   0         0   0
17  66  42  54  -2  11   0 0.00  0.0    0   M   M   M   0    0   0         0   0
================================================================================
SM 1159  847       147  50  9.80    T        M            0      0
================================================================================
AV 68.2 49.8                                 M FASTST    0   0   0    MAX(MPH)
                                 MISC ---->     M   M               #  0    0
================================================================================
NOTES:
# LAST OF SEVERAL OCCURRENCES

COLUMN 17 PEAK WIND IN M.P.H.

PRELIMINARY LOCAL CLIMATOLOGICAL DATA (WS FORM: F-6) , PAGE 2

                                          STATION:  Pleasant Hill NWS MO
                                          MONTH:    OCTOBER
                                          YEAR:     2018
                                          LATITUDE:   38 48 N
                                          LONGITUDE:  94 16 W

[TEMPERATURE DATA]      [PRECIPITATION DATA]       SYMBOLS USED IN COLUMN 16

AVERAGE MONTHLY: 59.0   TOTAL FOR MONTH:   9.80    1 = FOG OR MIST
DPTR FM NORMAL:   0.4   DPTR FM NORMAL:    7.49    2 = FOG REDUCING VISIBILITY
HIGHEST:    89 ON  3    GRTST 24HR  3.40 ON  6- 6      TO 1/4 MILE OR LESS
LOWEST:     30 ON 16                               3 = THUNDER
                        SNOW, ICE PELLETS, HAIL    4 = ICE PELLETS
                        TOTAL MONTH:    T          5 = HAIL
                        GRTST 24HR    T  ON 15-15  6 = FREEZING RAIN OR DRIZZLE
                        GRTST DEPTH:   0           7 = DUSTSTORM OR SANDSTORM:
                                                       VSBY 1/2 MILE OR LESS
                                                   8 = SMOKE OR HAZE
[NO. OF DAYS WITH]      [WEATHER - DAYS WITH]      9 = BLOWING SNOW
                                                   X = TORNADO
MAX 32 OR BELOW:   0    0.01 INCH OR MORE:   8
MAX 90 OR ABOVE:   0    0.10 INCH OR MORE:   7
MIN 32 OR BELOW:   2    0.50 INCH OR MORE:   4
MIN  0 OR BELOW:   0    1.00 INCH OR MORE:   4

[HDD (BASE 65) ]
TOTAL THIS MO.   147    CLEAR  (SCALE 0-3)  17
DPTR FM NORMAL    20    PTCLDY (SCALE 4-7)   0
TOTAL FM JUL 1   180    CLOUDY (SCALE 8-10)  0
DPTR FM NORMAL    -5

[CDD (BASE 65) ]
TOTAL THIS MO.    50
DPTR FM NORMAL    29    [PRESSURE DATA]
TOTAL FM JAN 1  1720    HIGHEST SLP  0.00 ON M
DPTR FM NORMAL   426    LOWEST  SLP  0.00 ON M

[REMARKS]
