000
CXUS51 KAKQ 170833
CF6ECG
PRELIMINARY LOCAL CLIMATOLOGICAL DATA (WS FORM: F-6)

                                          STATION:   ELIZABETH CITY NC
                                          MONTH:     FEBRUARY
                                          YEAR:      2019
                                          LATITUDE:   36 16 N
                                          LONGITUDE:  76 11 W

  TEMPERATURE IN F:       :PCPN:    SNOW:  WIND      :SUNSHINE: SKY     :PK WND
================================================================================
1   2   3   4   5  6A  6B    7    8   9   10  11  12  13   14  15   16   17  18
                                     12Z  AVG MX 2MIN
DY MAX MIN AVG DEP HDD CDD  WTR  SNW DPTH SPD SPD DIR MIN PSBL S-S WX    SPD DR
================================================================================

 1  54  27  41  -1  24   0 0.00  0.0    0  7.1 16 210   M    M   4        23 210
 2  53  30  42  -1  23   0 0.00  0.0    0  6.5 16  30   M    M   1 1      20  30
 3  60  31  46   3  19   0 0.08    M    0  3.2 12 130   M    M   5 1      14 130
 4  61  47  54  11  11   0 0.06  0.0    0 12.7 25  20   M    M   9        34  20
 5  72  36  54  11  11   0 0.00  0.0    0  3.9 10 130   M    M   0 8      13 120
 6  75  42  59  16   6   0 0.00  0.0    0  7.0 16 200   M    M   1 8      21 190
 7  78  60  69  26   0   4    T  0.0    0 11.3 20 240   M    M   2 8      23 240
 8  78  49  64  21   1   0 0.00  0.0    0 12.3 22 300   M    M   1 8      28 300
 9  50  33  42  -1  23   0 0.00  0.0    0 14.3 21  10   M    M   0        25  10
10  50  31  41  -3  24   0    T  0.0    0  6.6 15  20   M    M   3        17  20
11  45  40  43  -1  22   0 0.71  0.0    0  6.9 15  40   M    M   9 1      17  40
12  67  44  56  12   9   0 0.05  0.0    0  7.7 37 260   M    M   9 12     54 240
13  57  41  49   5  16   0 0.00  0.0    0 12.6 25 280   M    M   2        35 280
14  58  34  46   2  19   0 0.00  0.0    0  7.4 15 120   M    M   0        19 130
15  71  50  61  17   4   0    T  0.0    0 10.8 25 210   M    M   3        32 200
16  57  39  48   4  17   0 0.20  0.0    0 12.1 22  20   M    M  10 1      26  20
================================================================================
SM  986  634       229   4  1.10     0.0 142.4          M       59
================================================================================
AV 61.6 39.6                               8.9 FASTST   M    M   4    MAX(MPH)
                                 MISC ---->  # 37 260               # 54  240
================================================================================
NOTES:
# LAST OF SEVERAL OCCURRENCES

COLUMN 17 PEAK WIND IN M.P.H.

PRELIMINARY LOCAL CLIMATOLOGICAL DATA (WS FORM: F-6) , PAGE 2

                                          STATION:  ELIZABETH CITY NC
                                          MONTH:    FEBRUARY
                                          YEAR:     2019
                                          LATITUDE:   36 16 N
                                          LONGITUDE:  76 11 W

[TEMPERATURE DATA]      [PRECIPITATION DATA]       SYMBOLS USED IN COLUMN 16

AVERAGE MONTHLY: 50.6   TOTAL FOR MONTH:   1.10    1 = FOG OR MIST
DPTR FM NORMAL:   7.2   DPTR FM NORMAL:   -0.70    2 = FOG REDUCING VISIBILITY
HIGHEST:    78 ON  8, 7 GRTST 24HR  0.71 ON 11-11      TO 1/4 MILE OR LESS
LOWEST:     27 ON  1                               3 = THUNDER
                        SNOW, ICE PELLETS, HAIL    4 = ICE PELLETS
                        TOTAL MONTH:   0.0 INCH    5 = HAIL
                        GRTST 24HR     0.0         6 = FREEZING RAIN OR DRIZZLE
                        GRTST DEPTH:   0           7 = DUSTSTORM OR SANDSTORM:
                                                       VSBY 1/2 MILE OR LESS
                                                   8 = SMOKE OR HAZE
[NO. OF DAYS WITH]      [WEATHER - DAYS WITH]      9 = BLOWING SNOW
                                                   X = TORNADO
MAX 32 OR BELOW:   0    0.01 INCH OR MORE:   5
MAX 90 OR ABOVE:   0    0.10 INCH OR MORE:   2
MIN 32 OR BELOW:   4    0.50 INCH OR MORE:   1
MIN  0 OR BELOW:   0    1.00 INCH OR MORE:   0

[HDD (BASE 65) ]
TOTAL THIS MO.   229    CLEAR  (SCALE 0-3)   9
DPTR FM NORMAL  -118    PTCLDY (SCALE 4-7)   3
TOTAL FM JUL 1  1929    CLOUDY (SCALE 8-10)  4
DPTR FM NORMAL  -305

[CDD (BASE 65) ]
TOTAL THIS MO.     4
DPTR FM NORMAL     4    [PRESSURE DATA]
TOTAL FM JAN 1     4    HIGHEST SLP M ON M
DPTR FM NORMAL     3    LOWEST  SLP 29.67 ON 13

[REMARKS]
