000
CXUS52 KTAE 200800
CF6ECP
PRELIMINARY LOCAL CLIMATOLOGICAL DATA (WS FORM: F-6)

                                          STATION:   PANAMA CITY NW
                                          MONTH:     NOVEMBER
                                          YEAR:      2018
                                          LATITUDE:   30 21 N
                                          LONGITUDE:  85 48 W

  TEMPERATURE IN F:       :PCPN:    SNOW:  WIND      :SUNSHINE: SKY     :PK WND
================================================================================
1   2   3   4   5  6A  6B    7    8   9   10  11  12  13   14  15   16   17  18
                                     12Z  AVG MX 2MIN
DY MAX MIN AVG DEP HDD CDD  WTR  SNW DPTH SPD SPD DIR MIN PSBL S-S WX    SPD DR
================================================================================

 1  81  66  74   M   0   9 0.36  0.0    0 10.5 26 170   M    M   7 13     35 230
 2  73  49  61   M   4   0 0.22    M    0  7.6 16 280   M    M   5 13     22 290
 3  72  45  59   M   6   0 0.00  0.0    0  3.8 14 270   M    M   0        24 350
 4  77  50  64   M   1   0    T  0.0    0  8.2 18 190   M    M   4        23 350
 5  81  66  74   M   0   9    T  0.0    0  7.4 17 140   M    M   9 12     24 120
 6  79  69  74   M   0   9 1.17  0.0    0  4.8 17 330   M    M   8 123    21 330
 7  83  69  76   M   0  11 0.23  0.0    0  5.4 17 190   M    M   8 123    20 180
 8  79  68  74   M   0   9 0.01  0.0    0  2.3 12 150   M    M   5        13 150
 9  81  58  70   M   0   5 1.06  0.0    0  6.7 26 310   M    M   8 13     33 300
10  63  47  55   M  10   0 0.00  0.0    0 11.5 20 340   M    M   3        29 220
11  73  45  59   M   6   0 0.00  0.0    0  5.4 12  20   M    M   1        20 280
12  75  59  67   M   0   2 0.31  0.0    0   M   M   M   M    M   M         M  M
13  70  56  63   M   2   0 0.44  0.0    0  7.6 18 300   M    M  10 1      24 340
14  56  46  51   M  14   0 0.21    M    0 10.0 18 310   M    M  10 1      23 310
15  48  36  42   M  23   0 0.06    M    0  9.3 18 310   M    M   6 1      22 310
16  61  33  47   M  18   0 0.00  0.0    0  4.7 15 330   M    M   0        28 150
17  70  38  54   M  11   0    T  0.0    0  2.0 13  20   M    M   0        26 360
18  72  43  58   M   7   0 0.00  0.0    0  2.8  9  60   M    M   0        21 150
19  73  44  59   M   6   0 0.00    M    0  2.7  8 300   M    M   0        11 360
================================================================================
SM 1367  987       108  54  4.07     0.0 112.7          M       84
================================================================================
AV 72.0 52.0                               6.3 FASTST   M    M   5    MAX(MPH)
                                 MISC ---->  # 26 170               # 35  230
================================================================================
NOTES:
# LAST OF SEVERAL OCCURRENCES

COLUMN 17 PEAK WIND IN M.P.H.

PRELIMINARY LOCAL CLIMATOLOGICAL DATA (WS FORM: F-6) , PAGE 2

                                          STATION:  PANAMA CITY NW
                                          MONTH:    NOVEMBER
                                          YEAR:     2018
                                          LATITUDE:   30 21 N
                                          LONGITUDE:  85 48 W

[TEMPERATURE DATA]      [PRECIPITATION DATA]       SYMBOLS USED IN COLUMN 16

AVERAGE MONTHLY: 62.0   TOTAL FOR MONTH:   4.07    1 = FOG OR MIST
DPTR FM NORMAL:     M   DPTR FM NORMAL:       M    2 = FOG REDUCING VISIBILITY
HIGHEST:    83 ON  7    GRTST 24HR  1.17 ON  6- 6      TO 1/4 MILE OR LESS
LOWEST:     33 ON 16                               3 = THUNDER
                        SNOW, ICE PELLETS, HAIL    4 = ICE PELLETS
                        TOTAL MONTH:   0.0 INCH    5 = HAIL
                        GRTST 24HR     0.0         6 = FREEZING RAIN OR DRIZZLE
                        GRTST DEPTH:   0           7 = DUSTSTORM OR SANDSTORM:
                                                       VSBY 1/2 MILE OR LESS
                                                   8 = SMOKE OR HAZE
[NO. OF DAYS WITH]      [WEATHER - DAYS WITH]      9 = BLOWING SNOW
                                                   X = TORNADO
MAX 32 OR BELOW:   0    0.01 INCH OR MORE:  10
MAX 90 OR ABOVE:   0    0.10 INCH OR MORE:   8
MIN 32 OR BELOW:   0    0.50 INCH OR MORE:   2
MIN  0 OR BELOW:   0    1.00 INCH OR MORE:   2

[HDD (BASE 65) ]
TOTAL THIS MO.   108    CLEAR  (SCALE 0-3)   7
DPTR FM NORMAL     M    PTCLDY (SCALE 4-7)   6
TOTAL FM JUL 1   116    CLOUDY (SCALE 8-10)  5
DPTR FM NORMAL     M

[CDD (BASE 65) ]
TOTAL THIS MO.    54
DPTR FM NORMAL     M    [PRESSURE DATA]
TOTAL FM JAN 1  2860    HIGHEST SLP M ON M
DPTR FM NORMAL     M    LOWEST  SLP 29.79 ON M

[REMARKS]
