069
CXUS54 KEWX 160910
CF6ECU
PRELIMINARY LOCAL CLIMATOLOGICAL DATA (WS FORM: F-6)

                                          STATION:   Edwards County Airport
                                          MONTH:     OCTOBER
                                          YEAR:      2018
                                          LATITUDE:   29 57 N
                                          LONGITUDE: 100 10 W

  TEMPERATURE IN F:       :PCPN:    SNOW:  WIND      :SUNSHINE: SKY     :PK WND
================================================================================
1   2   3   4   5  6A  6B    7    8   9   10  11  12  13   14  15   16   17  18
                                     12Z  AVG MX 2MIN
DY MAX MIN AVG DEP HDD CDD  WTR  SNW DPTH SPD SPD DIR MIN PSBL S-S WX    SPD DR
================================================================================

 1  79  68  74   M   0   9 0.00    M    M  9.5 13 150   M    M   8        22 150
 2  84  70  77   M   0  12 0.01    M    M 10.5 16 150   M    M   7 1      22 150
 3  82  70  76   M   0  11 0.00    M    M 11.4 17 150   M    M   7 1      23 160
 4  82  70  76   M   0  11 0.00    M    M 11.8 15 160   M    M   5        23 160
 5  84  70  77   M   0  12 0.00    M    M 13.6 18 150   M    M   7        24 160
 6  84  72  78   M   0  13 0.00    M    M 12.4 18 150   M    M   8        24 140
 7  73  66  70   M   0   5 2.51    M    M 11.5 17 150   M    M   9 1      28 150
 8  77  64  71   M   0   6 2.28    M    M 13.3 17 150   M    M   9 13     30 150
 9  79  61  70   M   0   5 5.32    M    M  9.3 23 150   M    M   4 3      31 150
10  79  59  69   M   0   4 0.00    M    M  5.1  9  50   M    M   3        14  99
11  73  59  66   M   0   1 0.00    M    M  9.3 15 150   M    M   9        22 120
12  75  64  70   M   0   5 0.00    M    M 10.2 17 160   M    M  10        23 150
13  82  68  75   M   0  10 0.13    M    M  8.9 18 150   M    M   6 1      22 150
14  82  54  68   M   0   3 0.57    M    M  9.1 15  20   M    M   7 12     25  20
15  52  37  45   M  20   0 3.95    M    M 15.9 20  20   M    M  10 13     32  10
================================================================================
SM 1167  952        20 107 14.77    M    161.8          M      109
================================================================================
AV 77.8 63.5                              10.8 FASTST   M    M   7    MAX(MPH)
                                 MISC ---->  # 23 150               # 32   10
================================================================================
NOTES:
# LAST OF SEVERAL OCCURRENCES

COLUMN 17 PEAK WIND IN M.P.H.

PRELIMINARY LOCAL CLIMATOLOGICAL DATA (WS FORM: F-6) , PAGE 2

                                          STATION:  Edwards County Airport
                                          MONTH:    OCTOBER
                                          YEAR:     2018
                                          LATITUDE:   29 57 N
                                          LONGITUDE: 100 10 W

[TEMPERATURE DATA]      [PRECIPITATION DATA]       SYMBOLS USED IN COLUMN 16

AVERAGE MONTHLY: 70.6   TOTAL FOR MONTH:  14.77    1 = FOG OR MIST
DPTR FM NORMAL:     M   DPTR FM NORMAL:       M    2 = FOG REDUCING VISIBILITY
HIGHEST:    84 ON  6, 5 GRTST 24HR  5.32 ON  9- 9      TO 1/4 MILE OR LESS
LOWEST:     37 ON 15                               3 = THUNDER
                        SNOW, ICE PELLETS, HAIL    4 = ICE PELLETS
                        TOTAL MONTH:    M          5 = HAIL
                        GRTST 24HR    M  ON   M    6 = FREEZING RAIN OR DRIZZLE
                        GRTST DEPTH:  M  ON   M    7 = DUSTSTORM OR SANDSTORM:
                                                       VSBY 1/2 MILE OR LESS
                                                   8 = SMOKE OR HAZE
[NO. OF DAYS WITH]      [WEATHER - DAYS WITH]      9 = BLOWING SNOW
                                                   X = TORNADO
MAX 32 OR BELOW:   0    0.01 INCH OR MORE:   7
MAX 90 OR ABOVE:   0    0.10 INCH OR MORE:   6
MIN 32 OR BELOW:   0    0.50 INCH OR MORE:   5
MIN  0 OR BELOW:   0    1.00 INCH OR MORE:   4

[HDD (BASE 65) ]
TOTAL THIS MO.    20    CLEAR  (SCALE 0-3)   1
DPTR FM NORMAL     M    PTCLDY (SCALE 4-7)   9
TOTAL FM JUL 1    20    CLOUDY (SCALE 8-10)  5
DPTR FM NORMAL     M

[CDD (BASE 65) ]
TOTAL THIS MO.   107
DPTR FM NORMAL     M    [PRESSURE DATA]
TOTAL FM JAN 1  2472    HIGHEST SLP M ON M
DPTR FM NORMAL     M    LOWEST  SLP M ON M

[REMARKS]
