000
CXUS55 KVEF 220940
CF6EED
PRELIMINARY LOCAL CLIMATOLOGICAL DATA (WS FORM: F-6)

                                          STATION:   NEEDLES CA
                                          MONTH:     OCTOBER
                                          YEAR:      2018
                                          LATITUDE:   34 46 N
                                          LONGITUDE: 114 37 W

  TEMPERATURE IN F:       :PCPN:    SNOW:  WIND      :SUNSHINE: SKY     :PK WND
================================================================================
1   2   3   4   5  6A  6B    7    8   9   10  11  12  13   14  15   16   17  18
                                     12Z  AVG MX 2MIN
DY MAX MIN AVG DEP HDD CDD  WTR  SNW DPTH SPD SPD DIR MIN PSBL S-S WX    SPD DR
================================================================================

 1  91  79  85   4   0  20 0.00  0.0    0  8.3 17 220   M    M   3        24 220
 2  91  75  83   2   0  18 0.02  0.0    0  6.3 14 210   M    M   6        17 230
 3  95  70  83   3   0  18 0.18  0.0    0 10.4 37 240   M    M   2 3      45 240
 4  88  71  80   0   0  15 0.00  0.0    0  4.4 14 240   M    M   3        17 190
 5  91  69  80   1   0  15 0.00  0.0    0  4.6 13 350   M    M   0        16 360
 6  91  68  80   1   0  15    T  0.0    0  9.7 28 250   M    M   2 3      34 250
 7  78  68  73  -5   0   8    T  0.0    0  9.2 31  10   M    M   3        35  10
 8  84  61  73  -5   0   8 0.00  0.0    0  5.2 18  30   M    M   0        24  30
 9  89  60  75  -3   0  10 0.00  0.0    0  8.1 18 250   M    M   0        25 220
10  88  66  77   0   0  12 0.00  0.0    0  8.9 21 190   M    M   1        28 220
11  86  69  78   1   0  13    T  0.0    0  7.0 16 210   M    M   4        21 210
12  87  69  78   2   0  13    T  0.0    0  8.4 22  10   M    M   5        26  20
13  80  64  72  -4   0   7 0.38  0.0    0  5.9 28 260   M    M   3 3      34 250
14  82  62  72  -4   0   7 0.00  0.0    0 14.8 29  10   M    M   1        35  10
15  75  59  67  -8   0   2 0.00  0.0    0 21.2 38  20   M    M   0        47  10
16  77  59  68  -7   0   3 0.00  0.0    0 14.6 28  30   M    M   2        35  30
17  81  58  70  -4   0   5 0.00  0.0    0  5.4 14  10   M    M   0        20  10
18  86  62  74   0   0   9 0.00  0.0    0 11.5 23  10   M    M   0        29  20
19  88  69  79   5   0  14 0.00  0.0    M 15.4 26  10   M    M   0        32  10
20  91  71  81   8   0  16    T  0.0    0  8.3 17  30   M    M   2        21  20
21  90  68  79   6   0  14 0.00  0.0    0  7.7 16 360   M    M   2        20 360
================================================================================
SM 1809 1397         0 242  0.58     0.0 195.3          M       39
================================================================================
AV 86.1 66.5                               9.3 FASTST   M    M   2    MAX(MPH)
                                 MISC ---->  # 38  20               # 47   10
================================================================================
NOTES:
# LAST OF SEVERAL OCCURRENCES

COLUMN 17 PEAK WIND IN M.P.H.

PRELIMINARY LOCAL CLIMATOLOGICAL DATA (WS FORM: F-6) , PAGE 2

                                          STATION:  NEEDLES CA
                                          MONTH:    OCTOBER
                                          YEAR:     2018
                                          LATITUDE:   34 46 N
                                          LONGITUDE: 114 37 W

[TEMPERATURE DATA]      [PRECIPITATION DATA]       SYMBOLS USED IN COLUMN 16

AVERAGE MONTHLY: 76.3   TOTAL FOR MONTH:   0.58    1 = FOG OR MIST
DPTR FM NORMAL:  -0.5   DPTR FM NORMAL:    0.41    2 = FOG REDUCING VISIBILITY
HIGHEST:    95 ON  3    GRTST 24HR  0.38 ON 13-13      TO 1/4 MILE OR LESS
LOWEST:     58 ON 17                               3 = THUNDER
                        SNOW, ICE PELLETS, HAIL    4 = ICE PELLETS
                        TOTAL MONTH:   0.0 INCH    5 = HAIL
                        GRTST 24HR     0.0         6 = FREEZING RAIN OR DRIZZLE
                        GRTST DEPTH:   0           7 = DUSTSTORM OR SANDSTORM:
                                                       VSBY 1/2 MILE OR LESS
                                                   8 = SMOKE OR HAZE
[NO. OF DAYS WITH]      [WEATHER - DAYS WITH]      9 = BLOWING SNOW
                                                   X = TORNADO
MAX 32 OR BELOW:   0    0.01 INCH OR MORE:   3
MAX 90 OR ABOVE:   7    0.10 INCH OR MORE:   2
MIN 32 OR BELOW:   0    0.50 INCH OR MORE:   0
MIN  0 OR BELOW:   0    1.00 INCH OR MORE:   0

[HDD (BASE 65) ]
TOTAL THIS MO.     0    CLEAR  (SCALE 0-3)  17
DPTR FM NORMAL     0    PTCLDY (SCALE 4-7)   4
TOTAL FM JUL 1     0    CLOUDY (SCALE 8-10)  0
DPTR FM NORMAL     0

[CDD (BASE 65) ]
TOTAL THIS MO.   242
DPTR FM NORMAL    -8    [PRESSURE DATA]
TOTAL FM JAN 1  5433    HIGHEST SLP M ON M
DPTR FM NORMAL  1006    LOWEST  SLP 29.49 ON  6

[REMARKS]
