000
CXUS55 KVEF 260940
CF6EED
PRELIMINARY LOCAL CLIMATOLOGICAL DATA (WS FORM: F-6)

                                          STATION:   NEEDLES CA
                                          MONTH:     JUNE
                                          YEAR:      2019
                                          LATITUDE:   34 46 N
                                          LONGITUDE: 114 37 W

  TEMPERATURE IN F:       :PCPN:    SNOW:  WIND      :SUNSHINE: SKY     :PK WND
================================================================================
1   2   3   4   5  6A  6B    7    8   9   10  11  12  13   14  15   16   17  18
                                     12Z  AVG MX 2MIN
DY MAX MIN AVG DEP HDD CDD  WTR  SNW DPTH SPD SPD DIR MIN PSBL S-S WX    SPD DR
================================================================================

 1  98  75  87   1   0  22 0.00    M    M  7.5 20 180   M    M   0        29 210
 2  97  71  84  -3   0  19 0.00    M    M  7.5 16 240   M    M   0        22 150
 3 100  70  85  -2   0  20 0.00    M    M  5.8 16 190   M    M   0        24 130
 4 106  74  90   3   0  25 0.00    M    M  4.6 14 320   M    M   0        21  20
 5 108  77  93   5   0  28 0.00    M    M  6.5 17 230   M    M   0        23 230
 6 107  81  94   6   0  29 0.00    M    M 11.6 24 200   M    M   0        32 210
 7 103  83  93   5   0  28 0.00    M    M 13.5 23 200   M    M   0        35 220
 8 103  79  91   3   0  26 0.00    M    M  6.9 15  10   M    M   0        21 350
 9 101  80  91   2   0  26 0.00    M    M 18.4 35  20   M    M   0        43  10
10 108  80  94   5   0  29 0.00    M    M  7.8 18  30   M    M   0        25  10
11 111  77  94   5   0  29 0.00    M    M  4.7 15  30   M    M   0        19  40
12 115  79  97   7   0  32 0.00    M    M  5.8 20 250   M    M   1        28 180
13 113  84  99   9   0  34 0.00    M    M 11.0 25 220   M    M   0        32 190
14 107  82  95   5   0  30 0.00    M    M  6.6 15 220   M    M   0        22 250
15 109  82  96   5   0  31 0.00    M    M  8.1 20 200   M    M   0        26 210
16 107  84  96   5   0  31 0.00    M    M 10.3 22 210   M    M   0        30 200
17 106  82  94   3   0  29 0.00    M    M  6.6 18 190   M    M   0        24 200
18 107  80  94   2   0  29 0.00    M    M  6.6 16 150   M    M   0        21 140
19 108  79  94   2   0  29 0.00    M    M  8.1 21 200   M    M   0        27 210
20 108  81  95   3   0  30 0.00    M    M 12.9 29 190   M    M   0        37 190
21 104  81  93   1   0  28 0.00  0.0    0 11.3 24 260   M    M   0        30 210
22  98  77  88  -5   0  23 0.00  0.0    0 15.5 33  20   M    M   0        40  30
23 103  74  89  -4   0  24 0.00  0.0    0  9.0 22  20   M    M   0        28  40
24 108  72  90  -3   0  25 0.00  0.0    0  7.3 17 230   M    M   1        22 200
25 105  79  92  -2   0  27 0.00    M    M  9.6 25 200   M    M   0        35 210
================================================================================
SM 2640 1963         0 683  0.00     0.0 223.5          M        2
================================================================================
AV105.6 78.5                               8.9 FASTST   M    M   0    MAX(MPH)
                                 MISC ---->  # 35  20               # 43   10
================================================================================
NOTES:
# LAST OF SEVERAL OCCURRENCES

COLUMN 17 PEAK WIND IN M.P.H.

PRELIMINARY LOCAL CLIMATOLOGICAL DATA (WS FORM: F-6) , PAGE 2

                                          STATION:  NEEDLES CA
                                          MONTH:    JUNE
                                          YEAR:     2019
                                          LATITUDE:   34 46 N
                                          LONGITUDE: 114 37 W

[TEMPERATURE DATA]      [PRECIPITATION DATA]       SYMBOLS USED IN COLUMN 16

AVERAGE MONTHLY: 92.1   TOTAL FOR MONTH:   0.00    1 = FOG OR MIST
DPTR FM NORMAL:   2.1   DPTR FM NORMAL:   -0.02    2 = FOG REDUCING VISIBILITY
HIGHEST:   115 ON 12    GRTST 24HR  0.00 ON 25-25      TO 1/4 MILE OR LESS
LOWEST:     70 ON  3                               3 = THUNDER
                        SNOW, ICE PELLETS, HAIL    4 = ICE PELLETS
                        TOTAL MONTH:   0.0 INCH    5 = HAIL
                        GRTST 24HR     0.0         6 = FREEZING RAIN OR DRIZZLE
                        GRTST DEPTH:   0           7 = DUSTSTORM OR SANDSTORM:
                                                       VSBY 1/2 MILE OR LESS
                                                   8 = SMOKE OR HAZE
[NO. OF DAYS WITH]      [WEATHER - DAYS WITH]      9 = BLOWING SNOW
                                                   X = TORNADO
MAX 32 OR BELOW:   0    0.01 INCH OR MORE:   0
MAX 90 OR ABOVE:  25    0.10 INCH OR MORE:   0
MIN 32 OR BELOW:   0    0.50 INCH OR MORE:   0
MIN  0 OR BELOW:   0    1.00 INCH OR MORE:   0

[HDD (BASE 65) ]
TOTAL THIS MO.     0    CLEAR  (SCALE 0-3)  25
DPTR FM NORMAL     0    PTCLDY (SCALE 4-7)   0
TOTAL FM JUL 1  1024    CLOUDY (SCALE 8-10)  0
DPTR FM NORMAL  -147

[CDD (BASE 65) ]
TOTAL THIS MO.   683
DPTR FM NORMAL    59    [PRESSURE DATA]
TOTAL FM JAN 1  1482    HIGHEST SLP M ON M
DPTR FM NORMAL    29    LOWEST  SLP 29.45 ON 20

[REMARKS]
