000
CXUS55 KVEF 180940
CF6EED
PRELIMINARY LOCAL CLIMATOLOGICAL DATA (WS FORM: F-6)

                                          STATION:   NEEDLES CA
                                          MONTH:     JULY
                                          YEAR:      2018
                                          LATITUDE:   34 46 N
                                          LONGITUDE: 114 37 W

  TEMPERATURE IN F:       :PCPN:    SNOW:  WIND      :SUNSHINE: SKY     :PK WND
================================================================================
1   2   3   4   5  6A  6B    7    8   9   10  11  12  13   14  15   16   17  18
                                     12Z  AVG MX 2MIN
DY MAX MIN AVG DEP HDD CDD  WTR  SNW DPTH SPD SPD DIR MIN PSBL S-S WX    SPD DR
================================================================================

 1 110  84  97   2   0  32 0.00  0.0    0  8.0 16 190   M    M   0        32 210
 2 111  85  98   3   0  33 0.00  0.0    0  9.3 20 200   M    M   0        31 220
 3 110  85  98   2   0  33 0.00  0.0    0 13.1 23 200   M    M   0        39 200
 4 110  83  97   1   0  32 0.00  0.0    0  8.8 20 200   M    M   0        28 220
 5 115  83  99   3   0  34 0.00  0.0    0  5.4 14 290   M    M   0        20 260
 6 118  88 103   7   0  38 0.00  0.0    0  6.4 31 120   M    M   1 3      39 120
 7 118  94 106  10   0  41 0.01  0.0    0  5.5 14 170   M    M   1 3      17  50
 8 117  95 106  10   0  41 0.00  0.0    0  5.7 28 100   M    M   0 3      33  90
 9 111  85  98   2   0  33    T  0.0    0 10.9 31 130   M    M   1 38     39 130
10 107  84  96  -1   0  31    T  0.0    0  6.8 26 100   M    M   1        32 110
11 103  86  95  -2   0  30 0.04  0.0    0  4.7 30 280   M    M   2 3      36 290
12  97  80  89  -8   0  24 0.61  0.0    0  5.2 35 160   M    M   3 3      41 170
13 107  81  94  -3   0  29 0.00  0.0    0  5.4 29 300   M    M   1 3      37 300
14 114  83  99   2   0  34 0.26  0.0    0  5.7 25 120   M    M   2 3      30 130
15 111  82  97   0   0  32    T  0.0    0  5.2 24 190   M    M   1        30 190
16 113  90 102   5   0  37 0.00  0.0    0  7.2 20 150   M    M   0        23 170
17 112  96 104   7   0  39 0.00  0.0    0  9.1 24 160   M    M   0        39 180
================================================================================
SM 1884 1464         0 573  0.92     0.0 122.4          M       13
================================================================================
AV110.8 86.1                               7.2 FASTST   M    M   1    MAX(MPH)
                                 MISC ---->  # 35 160               # 41  170
================================================================================
NOTES:
# LAST OF SEVERAL OCCURRENCES

COLUMN 17 PEAK WIND IN M.P.H.

PRELIMINARY LOCAL CLIMATOLOGICAL DATA (WS FORM: F-6) , PAGE 2

                                          STATION:  NEEDLES CA
                                          MONTH:    JULY
                                          YEAR:     2018
                                          LATITUDE:   34 46 N
                                          LONGITUDE: 114 37 W

[TEMPERATURE DATA]      [PRECIPITATION DATA]       SYMBOLS USED IN COLUMN 16

AVERAGE MONTHLY: 98.5   TOTAL FOR MONTH:   0.92    1 = FOG OR MIST
DPTR FM NORMAL:   2.1   DPTR FM NORMAL:    0.85    2 = FOG REDUCING VISIBILITY
HIGHEST:   118 ON  7, 6 GRTST 24HR  0.61 ON 12-12      TO 1/4 MILE OR LESS
LOWEST:     80 ON 12                               3 = THUNDER
                        SNOW, ICE PELLETS, HAIL    4 = ICE PELLETS
                        TOTAL MONTH:   0.0 INCH    5 = HAIL
                        GRTST 24HR     0.0         6 = FREEZING RAIN OR DRIZZLE
                        GRTST DEPTH:   0           7 = DUSTSTORM OR SANDSTORM:
                                                       VSBY 1/2 MILE OR LESS
                                                   8 = SMOKE OR HAZE
[NO. OF DAYS WITH]      [WEATHER - DAYS WITH]      9 = BLOWING SNOW
                                                   X = TORNADO
MAX 32 OR BELOW:   0    0.01 INCH OR MORE:   4
MAX 90 OR ABOVE:  17    0.10 INCH OR MORE:   2
MIN 32 OR BELOW:   0    0.50 INCH OR MORE:   1
MIN  0 OR BELOW:   0    1.00 INCH OR MORE:   0

[HDD (BASE 65) ]
TOTAL THIS MO.     0    CLEAR  (SCALE 0-3)  16
DPTR FM NORMAL     0    PTCLDY (SCALE 4-7)   1
TOTAL FM JUL 1     0    CLOUDY (SCALE 8-10)  0
DPTR FM NORMAL     0

[CDD (BASE 65) ]
TOTAL THIS MO.   573
DPTR FM NORMAL    41    [PRESSURE DATA]
TOTAL FM JAN 1  2670    HIGHEST SLP M ON M
DPTR FM NORMAL   538    LOWEST  SLP 29.58 ON  2

[REMARKS]
