000
CXUS55 KVEF 160940
CF6EED
PRELIMINARY LOCAL CLIMATOLOGICAL DATA (WS FORM: F-6)

                                          STATION:   NEEDLES CA
                                          MONTH:     DECEMBER
                                          YEAR:      2017
                                          LATITUDE:   34 46 N
                                          LONGITUDE: 114 37 W

  TEMPERATURE IN F:       :PCPN:    SNOW:  WIND      :SUNSHINE: SKY     :PK WND
================================================================================
1   2   3   4   5  6A  6B    7    8   9   10  11  12  13   14  15   16   17  18
                                     12Z  AVG MX 2MIN
DY MAX MIN AVG DEP HDD CDD  WTR  SNW DPTH SPD SPD DIR MIN PSBL S-S WX    SPD DR
================================================================================

 1  78  52  65  10   0   0 0.00  0.0    0  4.3 10 250   M    M   1        12  20
 2  78  49  64   9   1   0 0.00  0.0    0  2.0  9 270   M    M   0        10 260
 3  82  55  69  14   0   4 0.00  0.0    0  7.6 24  10   M    M   0        32  10
 4  63  53  58   4   7   0 0.00  0.0    0 22.5 37  20   M    M   0        43  10
 5  63  50  57   3   8   0 0.00  0.0    0 24.5 39  20   M    M   0        48  20
 6  67  52  60   6   5   0 0.00  0.0    0 23.9 37  20   M    M   0        46  20
 7  67  50  59   5   6   0 0.00  0.0    0 19.7 33  20   M    M   0        40  10
 8  72  52  62   9   3   0 0.00  0.0    0 12.7 29  10   M    M   0        33  40
 9  74  56  65  12   0   0 0.00  0.0    0 12.1 26  20   M    M   0        32  20
10  73  56  65  12   0   0 0.00  0.0    0 13.0 25  20   M    M   0        30  10
11  73  50  62   9   3   0 0.00  0.0    0 10.8 22  20   M    M   0        28  10
12  76  49  63  10   2   0 0.00  0.0    0  9.1 18 360   M    M   0        22 360
13  78  49  64  11   1   0 0.00  0.0    0  6.9 15  20   M    M   0        18  10
14  73  45  59   7   6   0 0.00  0.0    0 19.0 41  10   M    M   0        52  30
15  72  49  61   9   4   0 0.00  0.0    0  6.9 17  10   M    M   0        23  10
================================================================================
SM 1089  767        46   4  0.00     0.0 195.0          M        1
================================================================================
AV 72.6 51.1                              13.0 FASTST   M    M   0    MAX(MPH)
                                 MISC ---->  # 41  10               # 52   30
================================================================================
NOTES:
# LAST OF SEVERAL OCCURRENCES

COLUMN 17 PEAK WIND IN M.P.H.

PRELIMINARY LOCAL CLIMATOLOGICAL DATA (WS FORM: F-6) , PAGE 2

                                          STATION:  NEEDLES CA
                                          MONTH:    DECEMBER
                                          YEAR:     2017
                                          LATITUDE:   34 46 N
                                          LONGITUDE: 114 37 W

[TEMPERATURE DATA]      [PRECIPITATION DATA]       SYMBOLS USED IN COLUMN 16

AVERAGE MONTHLY: 61.9   TOTAL FOR MONTH:   0.00    1 = FOG OR MIST
DPTR FM NORMAL:   8.3   DPTR FM NORMAL:   -0.19    2 = FOG REDUCING VISIBILITY
HIGHEST:    82 ON  3    GRTST 24HR  0.00 ON 15-15      TO 1/4 MILE OR LESS
LOWEST:     45 ON 14                               3 = THUNDER
                        SNOW, ICE PELLETS, HAIL    4 = ICE PELLETS
                        TOTAL MONTH:   0.0 INCH    5 = HAIL
                        GRTST 24HR     0.0         6 = FREEZING RAIN OR DRIZZLE
                        GRTST DEPTH:   0           7 = DUSTSTORM OR SANDSTORM:
                                                       VSBY 1/2 MILE OR LESS
                                                   8 = SMOKE OR HAZE
[NO. OF DAYS WITH]      [WEATHER - DAYS WITH]      9 = BLOWING SNOW
                                                   X = TORNADO
MAX 32 OR BELOW:   0    0.01 INCH OR MORE:   0
MAX 90 OR ABOVE:   0    0.10 INCH OR MORE:   0
MIN 32 OR BELOW:   0    0.50 INCH OR MORE:   0
MIN  0 OR BELOW:   0    1.00 INCH OR MORE:   0

[HDD (BASE 65) ]
TOTAL THIS MO.    46    CLEAR  (SCALE 0-3)  15
DPTR FM NORMAL  -126    PTCLDY (SCALE 4-7)   0
TOTAL FM JUL 1    58    CLOUDY (SCALE 8-10)  0
DPTR FM NORMAL  -262

[CDD (BASE 65) ]
TOTAL THIS MO.     4
DPTR FM NORMAL     4    [PRESSURE DATA]
TOTAL FM JAN 1  5552    HIGHEST SLP M ON M
DPTR FM NORMAL  1019    LOWEST  SLP 29.72 ON  3

[REMARKS]
