000
CXUS55 KGJT 161829
CF6EEO
PRELIMINARY LOCAL CLIMATOLOGICAL DATA (WS FORM: F-6)

                                          STATION:   MEEKER CO
                                          MONTH:     OCTOBER
                                          YEAR:      2018
                                          LATITUDE:   40  2 N
                                          LONGITUDE: 107 53 W

  TEMPERATURE IN F:       :PCPN:    SNOW:  WIND      :SUNSHINE: SKY     :PK WND
================================================================================
1   2   3   4   5  6A  6B    7    8   9   10  11  12  13   14  15   16   17  18
                                     12Z  AVG MX 2MIN
DY MAX MIN AVG DEP HDD CDD  WTR  SNW DPTH SPD SPD DIR MIN PSBL S-S WX    SPD DR
================================================================================

 1  75  50  63  13   2   0 0.01    M    M  7.6 23 200   M    M   3        34 220
 2  68  47  58   8   7   0    T    M    M  5.8 18 200   M    M   6        28 130
 3  72  46  59   9   6   0 0.15    M    M  6.7 32 290   M    M   5 3      43 290
 4  58  42  50   1  15   0 0.73    M    M  4.9 38 210   M    M   7 138    52 210
 5  48  32  40  -9  25   0 0.47    M    M  4.0 17  20   M    M   8 1      21  30
 6  50  30  40  -8  25   0 0.74    M    M  3.6 14 280   M    M   5 1      18 280
 7  51  39  45  -3  20   0 0.26    M    M  4.0 21  30   M    M   9 1      27  40
 8  43  33  38 -10  27   0 0.14    M    M  2.5 13 270   M    M   5 1      16 260
 9  49  36  43  -4  22   0 0.00    M    M  2.7 13 240   M    M   9        17 230
10  44  36  40  -7  25   0 0.22    M    M  5.0 25 240   M    M  10 13     36 220
11  43  31  37  -9  28   0 0.29    M    M  1.1  7  40   M    M   8 1       9  40
12  56  32  44  -2  21   0 0.00    M    M  2.7  9  50   M    M   1        15 280
13  60  29  45  -1  20   0 0.05    M    M  7.6 30  10   M    M   4        41  10
14  39  20  30 -15  35   0    T    M    M  6.8 17  10   M    M   6        24  20
15  45  15  30 -15  35   0 0.00    M    M  2.7 13  10   M    M   0        19 360
================================================================================
SM  801  518       313   0  3.06    M     67.7          M       86
================================================================================
AV 53.4 34.5                               4.5 FASTST   M    M   6    MAX(MPH)
                                 MISC ---->  # 38 210               # 52  210
================================================================================
NOTES:
# LAST OF SEVERAL OCCURRENCES

COLUMN 17 PEAK WIND IN M.P.H.

PRELIMINARY LOCAL CLIMATOLOGICAL DATA (WS FORM: F-6) , PAGE 2

                                          STATION:  MEEKER CO
                                          MONTH:    OCTOBER
                                          YEAR:     2018
                                          LATITUDE:   40  2 N
                                          LONGITUDE: 107 53 W

[TEMPERATURE DATA]      [PRECIPITATION DATA]       SYMBOLS USED IN COLUMN 16

AVERAGE MONTHLY: 44.0   TOTAL FOR MONTH:   3.06    1 = FOG OR MIST
DPTR FM NORMAL:  -3.6   DPTR FM NORMAL:    2.12    2 = FOG REDUCING VISIBILITY
HIGHEST:    75 ON  1    GRTST 24HR  0.74 ON  6- 6      TO 1/4 MILE OR LESS
LOWEST:     15 ON 15                               3 = THUNDER
                        SNOW, ICE PELLETS, HAIL    4 = ICE PELLETS
                        TOTAL MONTH:    M          5 = HAIL
                        GRTST 24HR    M  ON   M    6 = FREEZING RAIN OR DRIZZLE
                        GRTST DEPTH:  M  ON   M    7 = DUSTSTORM OR SANDSTORM:
                                                       VSBY 1/2 MILE OR LESS
                                                   8 = SMOKE OR HAZE
[NO. OF DAYS WITH]      [WEATHER - DAYS WITH]      9 = BLOWING SNOW
                                                   X = TORNADO
MAX 32 OR BELOW:   0    0.01 INCH OR MORE:  10
MAX 90 OR ABOVE:   0    0.10 INCH OR MORE:   8
MIN 32 OR BELOW:   7    0.50 INCH OR MORE:   2
MIN  0 OR BELOW:   0    1.00 INCH OR MORE:   0

[HDD (BASE 65) ]
TOTAL THIS MO.   313    CLEAR  (SCALE 0-3)   2
DPTR FM NORMAL    52    PTCLDY (SCALE 4-7)  10
TOTAL FM JUL 1   439    CLOUDY (SCALE 8-10)  3
DPTR FM NORMAL  -129

[CDD (BASE 65) ]
TOTAL THIS MO.     0
DPTR FM NORMAL     0    [PRESSURE DATA]
TOTAL FM JAN 1   395    HIGHEST SLP  0.00 ON 15
DPTR FM NORMAL   223    LOWEST  SLP  0.00 ON 15

[REMARKS]
