000
CXUS56 KEKA 221230
CF6EKA
PRELIMINARY LOCAL CLIMATOLOGICAL DATA (WS FORM: F-6)

                                          STATION:   EUREKA CA
                                          MONTH:     OCTOBER
                                          YEAR:      2018
                                          LATITUDE:   40 47 N
                                          LONGITUDE: 124 10 W

  TEMPERATURE IN F:       :PCPN:    SNOW:  WIND      :SUNSHINE: SKY     :PK WND
================================================================================
1   2   3   4   5  6A  6B    7    8   9   10  11  12  13   14  15   16   17  18
                                     12Z  AVG MX 2MIN
DY MAX MIN AVG DEP HDD CDD  WTR  SNW DPTH SPD SPD DIR MIN PSBL S-S WX    SPD DR
================================================================================

 1  62  55  59   3   6   0 0.14  0.0    0  2.2  7 260   M    M  10 1       8  M
 2  68  54  61   5   4   0 0.04  0.0    0  2.2  6 310   M    M  10 1       9  M
 3  60  53  57   1   8   0    T  0.0    0  3.4 10 320   M    M  10 2      10 320
 4  62  47  55   0  10   0 0.00  0.0    0  4.5  9 340   M    M   0        12  M
 5  62  44  53  -2  12   0 0.14    M    0  2.0  7  90   M    M   9 1       7  M
 6  64  49  57   2   8   0 0.00  0.0    0  5.9 13 360   M    M   4        22 360
 7  61  45  53  -2  12   0 0.00  0.0    0  8.5 16 360   M    M   0        30 360
 8  60  49  55   0  10   0 0.00  0.0    0  7.5 13 360   M    M  10 1      21 360
 9  61  48  55   0  10   0 0.01  0.0    0  6.0 18 350   M    M   5 2      24 350
10  60  44  52  -3  13   0 0.00  0.0    0  3.9 10 360   M    M   1        17  M
11  57  44  51  -4  14   0 0.00  0.0    0  2.8  7 290   M    M   6 1       9  M
12  68  42  55   0  10   0 0.00  0.0    0  1.9  8 360   M    M   0         8  M
13  65  43  54  -1  11   0 0.00  0.0    0  3.3  7 240   M    M   0 8      10  M
14  58  44  51  -4  14   0 0.00  0.0    0  3.3 10 280   M    M   8 2      12  M
15  68  38  53  -2  12   0 0.00  0.0    0  1.1  6  20   M    M   0 2       6  M
16  60  39  50  -4  15   0 0.00  0.0    0  2.3  8 340   M    M   3 18      9  M
17  55  46  51  -3  14   0 0.00  0.0    0  2.1  6 320   M    M  10 1       9  M
18  54  48  51  -3  14   0 0.00  0.0    0  3.7  8  20   M    M  10 1       9  M
19  52  49  51  -3  14   0    T  0.0    0  4.0 10 350   M    M  10 1      10  M
20  53  47  50  -4  15   0    T  0.0    0  2.9  6 300   M    M  10 2       7  M
21  53  47  50  -4  15   0    T  0.0    0  2.7  5  40   M    M  10 2       7  M
================================================================================
SM 1263  975       241   0  0.33     0.0  76.2          M      126
================================================================================
AV 60.1 46.4                               3.6 FASTST   M    M   6    MAX(MPH)
                                 MISC ---->  # 18 350               # 30  360
================================================================================
NOTES:
# LAST OF SEVERAL OCCURRENCES

COLUMN 17 PEAK WIND IN M.P.H.

PRELIMINARY LOCAL CLIMATOLOGICAL DATA (WS FORM: F-6) , PAGE 2

                                          STATION:  EUREKA CA
                                          MONTH:    OCTOBER
                                          YEAR:     2018
                                          LATITUDE:   40 47 N
                                          LONGITUDE: 124 10 W

[TEMPERATURE DATA]      [PRECIPITATION DATA]       SYMBOLS USED IN COLUMN 16

AVERAGE MONTHLY: 53.3   TOTAL FOR MONTH:   0.33    1 = FOG OR MIST
DPTR FM NORMAL:  -1.6   DPTR FM NORMAL:   -0.85    2 = FOG REDUCING VISIBILITY
HIGHEST:    68 ON 15,12 GRTST 24HR  0.14 ON  5- 5      TO 1/4 MILE OR LESS
LOWEST:     38 ON 15                               3 = THUNDER
                        SNOW, ICE PELLETS, HAIL    4 = ICE PELLETS
                        TOTAL MONTH:   0.0 INCH    5 = HAIL
                        GRTST 24HR     0.0         6 = FREEZING RAIN OR DRIZZLE
                        GRTST DEPTH:   0           7 = DUSTSTORM OR SANDSTORM:
                                                       VSBY 1/2 MILE OR LESS
                                                   8 = SMOKE OR HAZE
[NO. OF DAYS WITH]      [WEATHER - DAYS WITH]      9 = BLOWING SNOW
                                                   X = TORNADO
MAX 32 OR BELOW:   0    0.01 INCH OR MORE:   4
MAX 90 OR ABOVE:   0    0.10 INCH OR MORE:   2
MIN 32 OR BELOW:   0    0.50 INCH OR MORE:   0
MIN  0 OR BELOW:   0    1.00 INCH OR MORE:   0

[HDD (BASE 65) ]
TOTAL THIS MO.   241    CLEAR  (SCALE 0-3)   7
DPTR FM NORMAL    27    PTCLDY (SCALE 4-7)   4
TOTAL FM JUL 1   903    CLOUDY (SCALE 8-10) 10
DPTR FM NORMAL    24

[CDD (BASE 65) ]
TOTAL THIS MO.     0
DPTR FM NORMAL     0    [PRESSURE DATA]
TOTAL FM JAN 1     0    HIGHEST SLP M ON M
DPTR FM NORMAL     0    LOWEST  SLP M ON M

[REMARKS]
