000
CXUS56 KLKN 161009
CF6EKO
PRELIMINARY LOCAL CLIMATOLOGICAL DATA (WS FORM: F-6)

                                          STATION:   ELKO AIRPORT NV
                                          MONTH:     OCTOBER
                                          YEAR:      2018
                                          LATITUDE:   40 49 N
                                          LONGITUDE: 115 47 W

  TEMPERATURE IN F:       :PCPN:    SNOW:  WIND      :SUNSHINE: SKY     :PK WND
================================================================================
1   2   3   4   5  6A  6B    7    8   9   10  11  12  13   14  15   16   17  18
                                     12Z  AVG MX 2MIN
DY MAX MIN AVG DEP HDD CDD  WTR  SNW DPTH SPD SPD DIR MIN PSBL S-S WX    SPD DR
================================================================================

 1  79  37  58   6   7   0 0.00  0.0    0  4.6 22 260   M    M   2        31 250
 2  78  45  62  10   3   0 0.03  0.0    0  6.0 30 240   M    M   4 18     43 300
 3  72  41  57   5   8   0 0.09  0.0    0  4.0 30 230   M    M   5 138    37 230
 4  61  42  52   1  13   0 0.20  0.0    0  8.2 39 280   M    M   8 1      55 270
 5  59  33  46  -5  19   0 0.00  0.0    0  3.1 14 220   M    M   3 1      17 220
 6  57  44  51   1  14   0 0.19  0.0    0  4.6 18  30   M    M  10 1      22  30
 7  58  34  46  -4  19   0 0.00  0.0    0  7.5 21 340   M    M   5        26 330
 8  59  29  44  -6  21   0 0.00  0.0    0  5.1 20 260   M    M   1        24 260
 9  56  41  49   0  16   0 0.10  0.0    0  7.1 30 270   M    M  10        38 270
10  52  36  44  -5  21   0 0.00  0.0    0  4.6 13 230   M    M   7        18 230
11  57  30  44  -4  21   0 0.00  0.0    0  3.9 13  30   M    M   3 18     16  40
12  63  25  44  -4  21   0 0.00  0.0    0  1.3  7  90   M    M   0 8      10  10
13  64  25  45  -3  20   0    T  0.0    0  8.0 25 320   M    M   0 8      31 310
14  48  18  33 -14  32   0 0.00  0.0    0  9.1 20  60   M    M   0        26  40
15  57  12  35 -12  30   0 0.00  0.0    0  1.7  7 120   M    M   0         9 120
================================================================================
SM  920  492       265   0  0.61     0.0  78.8          M       58
================================================================================
AV 61.3 32.8                               5.3 FASTST   M    M   4    MAX(MPH)
                                 MISC ---->  # 39 280               # 55  270
================================================================================
NOTES:
# LAST OF SEVERAL OCCURRENCES

COLUMN 17 PEAK WIND IN M.P.H.

PRELIMINARY LOCAL CLIMATOLOGICAL DATA (WS FORM: F-6) , PAGE 2

                                          STATION:  ELKO AIRPORT NV
                                          MONTH:    OCTOBER
                                          YEAR:     2018
                                          LATITUDE:   40 49 N
                                          LONGITUDE: 115 47 W

[TEMPERATURE DATA]      [PRECIPITATION DATA]       SYMBOLS USED IN COLUMN 16

AVERAGE MONTHLY: 47.1   TOTAL FOR MONTH:   0.61    1 = FOG OR MIST
DPTR FM NORMAL:  -2.5   DPTR FM NORMAL:    0.29    2 = FOG REDUCING VISIBILITY
HIGHEST:    79 ON  1    GRTST 24HR  0.20 ON  4- 4      TO 1/4 MILE OR LESS
LOWEST:     12 ON 15                               3 = THUNDER
                        SNOW, ICE PELLETS, HAIL    4 = ICE PELLETS
                        TOTAL MONTH:   0.0 INCH    5 = HAIL
                        GRTST 24HR     0.0         6 = FREEZING RAIN OR DRIZZLE
                        GRTST DEPTH:   0           7 = DUSTSTORM OR SANDSTORM:
                                                       VSBY 1/2 MILE OR LESS
                                                   8 = SMOKE OR HAZE
[NO. OF DAYS WITH]      [WEATHER - DAYS WITH]      9 = BLOWING SNOW
                                                   X = TORNADO
MAX 32 OR BELOW:   0    0.01 INCH OR MORE:   5
MAX 90 OR ABOVE:   0    0.10 INCH OR MORE:   3
MIN 32 OR BELOW:   6    0.50 INCH OR MORE:   0
MIN  0 OR BELOW:   0    1.00 INCH OR MORE:   0

[HDD (BASE 65) ]
TOTAL THIS MO.   265    CLEAR  (SCALE 0-3)   8
DPTR FM NORMAL    34    PTCLDY (SCALE 4-7)   5
TOTAL FM JUL 1   407    CLOUDY (SCALE 8-10)  2
DPTR FM NORMAL   -82

[CDD (BASE 65) ]
TOTAL THIS MO.     0
DPTR FM NORMAL     0    [PRESSURE DATA]
TOTAL FM JAN 1   678    HIGHEST SLP M ON M
DPTR FM NORMAL   295    LOWEST  SLP 29.62 ON  9

[REMARKS]
