000
CXUS56 KOTX 190900
CF6EPH
PRELIMINARY LOCAL CLIMATOLOGICAL DATA (WS FORM: F-6)

                                          STATION:   EPHRATA WA AIRPORT
                                          MONTH:     JULY
                                          YEAR:      2018
                                          LATITUDE:   47 18 N
                                          LONGITUDE: 119 31 W

  TEMPERATURE IN F:       :PCPN:    SNOW:  WIND      :SUNSHINE: SKY     :PK WND
================================================================================
1   2   3   4   5  6A  6B    7    8   9   10  11  12  13   14  15   16   17  18
                                     12Z  AVG MX 2MIN
DY MAX MIN AVG DEP HDD CDD  WTR  SNW DPTH SPD SPD DIR MIN PSBL S-S WX    SPD DR
================================================================================

 1  83  54  69  -2   0   4 0.00    M    M 13.9 33 290   M    M   0        43 300
 2  75  55  65  -6   0   0 0.00    M    M 12.2 26 320   M    M   3        33 320
 3  78  56  67  -4   0   2    T    M    M  7.2 16 190   M    M   5        21 170
 4  85  51  68  -4   0   3 0.00    M    M 10.7 20  40   M    M   0        29  50
 5  95  68  82  10   0  17 0.00    M    M 10.8 18 310   M    M   0        23 300
 6  92  67  80   8   0  15 0.00    M    M 14.8 25 220   M    M   0        34 250
 7  82  58  70  -2   0   5 0.00    M    M 10.0 18 310   M    M   0        23 310
 8  88  57  73   0   0   8 0.00    M    M  6.5 17 310   M    M   0        21 320
 9  94  55  75   2   0  10    T    M    M  9.2 25 300   M    M   0        30 290
10  86  65  76   3   0  11 0.00    M    M 12.8 25 230   M    M   2        31 230
11  91  64  78   4   0  13 0.00    M    M  9.0 18 350   M    M   0        22 320
12  95  69  82   8   0  17 0.00    M    M  7.0 15 220   M    M   0        21 240
13 102  62  82   8   0  17 0.00    M    M 12.1 30 310   M    M   0        36 310
14  93  72  83   9   0  18 0.00    M    M 15.9 30  10   M    M   0 8      36  30
15  97  66  82   8   0  17 0.00    M    M  6.7 16 320   M    M   0        19 210
16 100  62  81   6   0  16 0.00    M    M  6.3 14 180   M    M   0        19 200
17 100  64  82   7   0  17 0.00    M    M  9.5 24 310   M    M   0        31 310
18  98  72  85  10   0  20 0.00    M    M 12.7 28 300   M    M   0        35 350
================================================================================
SM 1634 1117         0 210    T     M    187.3          M       10
================================================================================
AV 90.8 62.1                              10.4 FASTST   M    M   1    MAX(MPH)
                                 MISC ---->  # 33 290               # 43  300
================================================================================
NOTES:
# LAST OF SEVERAL OCCURRENCES

COLUMN 17 PEAK WIND IN M.P.H.

PRELIMINARY LOCAL CLIMATOLOGICAL DATA (WS FORM: F-6) , PAGE 2

                                          STATION:  EPHRATA WA AIRPORT
                                          MONTH:    JULY
                                          YEAR:     2018
                                          LATITUDE:   47 18 N
                                          LONGITUDE: 119 31 W

[TEMPERATURE DATA]      [PRECIPITATION DATA]       SYMBOLS USED IN COLUMN 16

AVERAGE MONTHLY: 76.4   TOTAL FOR MONTH:      T    1 = FOG OR MIST
DPTR FM NORMAL:   3.4   DPTR FM NORMAL:   -0.24    2 = FOG REDUCING VISIBILITY
HIGHEST:   102 ON 13    GRTST 24HR    T  ON  9- 9      TO 1/4 MILE OR LESS
LOWEST:     51 ON  4                               3 = THUNDER
                        SNOW, ICE PELLETS, HAIL    4 = ICE PELLETS
                        TOTAL MONTH:    M          5 = HAIL
                        GRTST 24HR    M  ON   M    6 = FREEZING RAIN OR DRIZZLE
                        GRTST DEPTH:  M  ON   M    7 = DUSTSTORM OR SANDSTORM:
                                                       VSBY 1/2 MILE OR LESS
                                                   8 = SMOKE OR HAZE
[NO. OF DAYS WITH]      [WEATHER - DAYS WITH]      9 = BLOWING SNOW
                                                   X = TORNADO
MAX 32 OR BELOW:   0    0.01 INCH OR MORE:   0
MAX 90 OR ABOVE:  11    0.10 INCH OR MORE:   0
MIN 32 OR BELOW:   0    0.50 INCH OR MORE:   0
MIN  0 OR BELOW:   0    1.00 INCH OR MORE:   0

[HDD (BASE 65) ]
TOTAL THIS MO.     0    CLEAR  (SCALE 0-3)  17
DPTR FM NORMAL    -4    PTCLDY (SCALE 4-7)   1
TOTAL FM JUL 1     0    CLOUDY (SCALE 8-10)  0
DPTR FM NORMAL    -4

[CDD (BASE 65) ]
TOTAL THIS MO.   210
DPTR FM NORMAL    58    [PRESSURE DATA]
TOTAL FM JAN 1   441    HIGHEST SLP M ON M
DPTR FM NORMAL   142    LOWEST  SLP 29.83 ON M

[REMARKS]
