000
CXUS56 KOTX 160900
CF6EPH
PRELIMINARY LOCAL CLIMATOLOGICAL DATA (WS FORM: F-6)

                                          STATION:   EPHRATA WA AIRPORT
                                          MONTH:     OCTOBER
                                          YEAR:      2018
                                          LATITUDE:   47 18 N
                                          LONGITUDE: 119 31 W

  TEMPERATURE IN F:       :PCPN:    SNOW:  WIND      :SUNSHINE: SKY     :PK WND
================================================================================
1   2   3   4   5  6A  6B    7    8   9   10  11  12  13   14  15   16   17  18
                                     12Z  AVG MX 2MIN
DY MAX MIN AVG DEP HDD CDD  WTR  SNW DPTH SPD SPD DIR MIN PSBL S-S WX    SPD DR
================================================================================

 1  70  51  61   3   4   0 0.00    M    M  6.5 15 190   M    M   6 8      20 180
 2  73  43  58   1   7   0 0.00    M    M 15.1 40 280   M    M   2 8      52 280
 3  58  37  48  -9  17   0 0.00    M    M  7.7 17 330   M    M   0        20 340
 4  63  41  52  -4  13   0 0.00    M    M  6.3 14 320   M    M   1        17 310
 5  55  33  44 -12  21   0 0.10    M    M  4.6 10  20   M    M   4 1      13  20
 6  65  40  53  -2  12   0 0.06    M    M  7.5 16  10   M    M   4 18     20  10
 7  56  37  47  -8  18   0 0.00    M    M  5.1 13  30   M    M   4 18     14  30
 8  56  48  52  -2  13   0 0.01    M    M  4.7  9 360   M    M  10 18     11  30
 9  61  47  54   0  11   0 0.03    M    M 11.2 23  10   M    M  10 1      28  10
10  64  44  54   1  11   0    T    M    M  5.8 14  30   M    M   4        17  40
11  62  40  51  -2  14   0 0.00    M    M  5.6 17 320   M    M   0        20 320
12  69  36  53   1  12   0 0.00    M    M  8.8 29 320   M    M   0 18     36 330
13  63  43  53   1  12   0 0.00    M    M 14.1 35 360   M    M   0        40 360
14  61  33  47  -4  18   0 0.00    M    M  5.0 13  20   M    M   0        14 360
15  63  31  47  -4  18   0 0.00    M    M  4.6 10 320   M    M   0        12 320
================================================================================
SM  939  604       201   0  0.20    M    112.6          M       45
================================================================================
AV 62.6 40.3                               7.5 FASTST   M    M   3    MAX(MPH)
                                 MISC ---->  # 40 280               # 52  280
================================================================================
NOTES:
# LAST OF SEVERAL OCCURRENCES

COLUMN 17 PEAK WIND IN M.P.H.

PRELIMINARY LOCAL CLIMATOLOGICAL DATA (WS FORM: F-6) , PAGE 2

                                          STATION:  EPHRATA WA AIRPORT
                                          MONTH:    OCTOBER
                                          YEAR:     2018
                                          LATITUDE:   47 18 N
                                          LONGITUDE: 119 31 W

[TEMPERATURE DATA]      [PRECIPITATION DATA]       SYMBOLS USED IN COLUMN 16

AVERAGE MONTHLY: 51.4   TOTAL FOR MONTH:   0.20    1 = FOG OR MIST
DPTR FM NORMAL:  -2.8   DPTR FM NORMAL:    0.00    2 = FOG REDUCING VISIBILITY
HIGHEST:    73 ON  2    GRTST 24HR  0.10 ON  5- 5      TO 1/4 MILE OR LESS
LOWEST:     31 ON 15                               3 = THUNDER
                        SNOW, ICE PELLETS, HAIL    4 = ICE PELLETS
                        TOTAL MONTH:    M          5 = HAIL
                        GRTST 24HR    M  ON   M    6 = FREEZING RAIN OR DRIZZLE
                        GRTST DEPTH:  M  ON   M    7 = DUSTSTORM OR SANDSTORM:
                                                       VSBY 1/2 MILE OR LESS
                                                   8 = SMOKE OR HAZE
[NO. OF DAYS WITH]      [WEATHER - DAYS WITH]      9 = BLOWING SNOW
                                                   X = TORNADO
MAX 32 OR BELOW:   0    0.01 INCH OR MORE:   4
MAX 90 OR ABOVE:   0    0.10 INCH OR MORE:   1
MIN 32 OR BELOW:   1    0.50 INCH OR MORE:   0
MIN  0 OR BELOW:   0    1.00 INCH OR MORE:   0

[HDD (BASE 65) ]
TOTAL THIS MO.   201    CLEAR  (SCALE 0-3)   8
DPTR FM NORMAL    38    PTCLDY (SCALE 4-7)   5
TOTAL FM JUL 1   317    CLOUDY (SCALE 8-10)  2
DPTR FM NORMAL    27

[CDD (BASE 65) ]
TOTAL THIS MO.     0
DPTR FM NORMAL     0    [PRESSURE DATA]
TOTAL FM JAN 1   984    HIGHEST SLP M ON M
DPTR FM NORMAL   215    LOWEST  SLP 29.57 ON  2

[REMARKS]
