000
CXUS54 KEWX 240910
CF6ERV
PRELIMINARY LOCAL CLIMATOLOGICAL DATA (WS FORM: F-6)

                                          STATION:   KERRVILLE
                                          MONTH:     JUNE
                                          YEAR:      2018
                                          LATITUDE:   29 58 N
                                          LONGITUDE:  99  5 W

  TEMPERATURE IN F:       :PCPN:    SNOW:  WIND      :SUNSHINE: SKY     :PK WND
================================================================================
1   2   3   4   5  6A  6B    7    8   9   10  11  12  13   14  15   16   17  18
                                     12Z  AVG MX 2MIN
DY MAX MIN AVG DEP HDD CDD  WTR  SNW DPTH SPD SPD DIR MIN PSBL S-S WX    SPD DR
================================================================================

 1  97  74  86   M   0  21 0.00    M    M 11.7 16 180   M    M   5        22 160
 2  97  73  85   M   0  20 0.00    M    M  8.7 14 180   M    M   3        17 200
 3  98  74  86   M   0  21 0.00    M    M  5.1 13 130   M    M   3        17 150
 4  92  69  81   M   0  16 0.00    M    M  7.1 21 340   M    M   2        36 340
 5  99  72  86   M   0  21 0.00    M    M  6.4 13 160   M    M   1        16 190
 6  99  74  87   M   0  22 0.00    M    M  8.2 14 140   M    M   0        22 160
 7  97  74  86   M   0  21 0.00    M    M  9.7 16 140   M    M   4        23 180
 8  97  72  85   M   0  20 0.00    M    M  9.9 16 130   M    M   4        22 130
 9  97  72  85   M   0  20 0.00    M    M 10.2 18 140   M    M   5        28 140
10  94  74  84   M   0  19 0.00    M    M 13.1 18 150   M    M   4        29 180
11  97  76  87   M   0  22 0.00    M    M 12.6 17 180   M    M   6        23 180
12  97  76  87   M   0  22 0.00    M    M 11.7 14 150   M    M   6        21 170
13  97  73  85   M   0  20 0.00    M    M  9.9 16 170   M    M   4        23 180
14  94  72  83   M   0  18 0.00    M    M 10.3 17 150   M    M   5        23 200
15  97  74  86   M   0  21 0.00    M    M 11.0 16 150   M    M   5        25 150
16  94  73  84   M   0  19 0.00    M    M 13.2 21 140   M    M   7        27 140
17  94  72  83   M   0  18 0.00    M    M  6.6 15 150   M    M   7        16 100
18  93  73  83   M   0  18 0.16    M    M  6.6 15  50   M    M   6        22  50
19  82  72  77   M   0  12 0.03    M    M  6.8 12  80   M    M   9 1      18  30
20  89  72  81   M   0  16 0.02    M    M  6.1 10 100   M    M   7 1       M  M
21  92  69  81   M   0  16 0.00    M    M  6.0 10 170   M    M   5        16 130
22  97  72  85   M   0  20 0.00    M    M  9.5 14 150   M    M   4        20 200
23  98  74  86   M   0  21 0.00  0.0    0 15.3 21 140   M    M   5        27 170
================================================================================
SM 2188 1676         0 444  0.21     0.0 215.7          M      107
================================================================================
AV 95.1 72.9                               9.4 FASTST   M    M   5    MAX(MPH)
                                 MISC ---->  # 21 340               # 36  340
================================================================================
NOTES:
# LAST OF SEVERAL OCCURRENCES

COLUMN 17 PEAK WIND IN M.P.H.

PRELIMINARY LOCAL CLIMATOLOGICAL DATA (WS FORM: F-6) , PAGE 2

                                          STATION:  KERRVILLE
                                          MONTH:    JUNE
                                          YEAR:     2018
                                          LATITUDE:   29 58 N
                                          LONGITUDE:  99  5 W

[TEMPERATURE DATA]      [PRECIPITATION DATA]       SYMBOLS USED IN COLUMN 16

AVERAGE MONTHLY: 84.0   TOTAL FOR MONTH:   0.21    1 = FOG OR MIST
DPTR FM NORMAL:     M   DPTR FM NORMAL:       M    2 = FOG REDUCING VISIBILITY
HIGHEST:    99 ON  6, 5 GRTST 24HR  0.16 ON 18-18      TO 1/4 MILE OR LESS
LOWEST:     69 ON 21, 4                            3 = THUNDER
                        SNOW, ICE PELLETS, HAIL    4 = ICE PELLETS
                        TOTAL MONTH:   0.0 INCH    5 = HAIL
                        GRTST 24HR     0.0         6 = FREEZING RAIN OR DRIZZLE
                        GRTST DEPTH:   0           7 = DUSTSTORM OR SANDSTORM:
                                                       VSBY 1/2 MILE OR LESS
                                                   8 = SMOKE OR HAZE
[NO. OF DAYS WITH]      [WEATHER - DAYS WITH]      9 = BLOWING SNOW
                                                   X = TORNADO
MAX 32 OR BELOW:   0    0.01 INCH OR MORE:   3
MAX 90 OR ABOVE:  21    0.10 INCH OR MORE:   1
MIN 32 OR BELOW:   0    0.50 INCH OR MORE:   0
MIN  0 OR BELOW:   0    1.00 INCH OR MORE:   0

[HDD (BASE 65) ]
TOTAL THIS MO.     0    CLEAR  (SCALE 0-3)   5
DPTR FM NORMAL     M    PTCLDY (SCALE 4-7)  17
TOTAL FM JUL 1  1863    CLOUDY (SCALE 8-10)  1
DPTR FM NORMAL     M

[CDD (BASE 65) ]
TOTAL THIS MO.   444
DPTR FM NORMAL     M    [PRESSURE DATA]
TOTAL FM JAN 1   980    HIGHEST SLP M ON M
DPTR FM NORMAL     M    LOWEST  SLP M ON M

[REMARKS]
