000
CXUS53 KDMX 220920
CF6EST
PRELIMINARY LOCAL CLIMATOLOGICAL DATA (WS FORM: F-6)

                                          STATION:   ESTHERVILLE IA
                                          MONTH:     JULY
                                          YEAR:      2018
                                          LATITUDE:   43 24 N
                                          LONGITUDE:  94 45 W

  TEMPERATURE IN F:       :PCPN:    SNOW:  WIND      :SUNSHINE: SKY     :PK WND
================================================================================
1   2   3   4   5  6A  6B    7    8   9   10  11  12  13   14  15   16   17  18
                                     12Z  AVG MX 2MIN
DY MAX MIN AVG DEP HDD CDD  WTR  SNW DPTH SPD SPD DIR MIN PSBL S-S WX    SPD DR
================================================================================

 1  75  63  69  -3   0   4 0.62  0.0    0 10.9 31 300   M    M   6 13     42 280
 2  83  63  73   1   0   8 0.00  0.0    0 13.9 23 180   M    M   0        30 180
 3  86  67  77   5   0  12 0.00  0.0    0 13.8 24 160   M    M   2        31 160
 4  83  67  75   3   0  10 0.29  0.0    0 11.2 31 320   M    M   2 13     43 320
 5  81  63  72   0   0   7 0.00  0.0    0 10.8 23  20   M    M   2        29 300
 6  80  57  69  -3   0   4 0.00  0.0    0  6.9 17 140   M    M   0        22 150
 7  84  62  73   1   0   8 0.00  0.0    0 12.8 22 170   M    M   0        29 180
 8  87  61  74   2   0   9 0.00  0.0    0 13.0 21 180   M    M   0        26 190
 9  88  66  77   5   0  12 0.17  0.0    0  7.9 15 190   M    M   1 13     19 200
10  85  63  74   2   0   9 0.00  0.0    0  6.9 17 170   M    M   0 3      21 150
11  91  68  80   8   0  15 0.00  0.0    0 11.9 20 180   M    M   0 8      28 190
12  93  69  81   9   0  16 0.85  0.0    0 12.5 23 350   M    M   1 13     28 350
13  75  68  72   0   0   7 1.62  0.0    0  5.3 16 280   M    M   9 13     23 350
14  81  64  73   1   0   8 0.00  0.0    0  4.5 10  70   M    M   3 1      14  40
15  85  65  75   3   0  10 0.00  0.0    0  5.8 17 340   M    M   1 12     22 340
16  82  59  71  -1   0   6 0.00  0.0    0  4.1  8  50   M    M   2        11  50
17  82  61  72   0   0   7 0.00  0.0    0  4.7  9  70   M    M   0        12  70
18  83  61  72   0   0   7 0.00  0.0    0  7.1 14 150   M    M   0        19 140
19  78  66  72   0   0   7 0.03  0.0    0 13.8 29 290   M    M   9 13     39 300
20  78  63  71  -1   0   6 0.00  0.0    0 13.2 23 360   M    M   4        31 320
21  78  62  70  -2   0   5 0.00  0.0    0  9.7 16  10   M    M   2 12     22 360
================================================================================
SM 1738 1338         0 177  3.58     0.0 200.7          M       44
================================================================================
AV 82.8 63.7                               9.6 FASTST   M    M   2    MAX(MPH)
                                 MISC ---->  # 31 300               # 43  320
================================================================================
NOTES:
# LAST OF SEVERAL OCCURRENCES

COLUMN 17 PEAK WIND IN M.P.H.

PRELIMINARY LOCAL CLIMATOLOGICAL DATA (WS FORM: F-6) , PAGE 2

                                          STATION:  ESTHERVILLE IA
                                          MONTH:    JULY
                                          YEAR:     2018
                                          LATITUDE:   43 24 N
                                          LONGITUDE:  94 45 W

[TEMPERATURE DATA]      [PRECIPITATION DATA]       SYMBOLS USED IN COLUMN 16

AVERAGE MONTHLY: 73.2   TOTAL FOR MONTH:   3.58    1 = FOG OR MIST
DPTR FM NORMAL:   1.2   DPTR FM NORMAL:    0.79    2 = FOG REDUCING VISIBILITY
HIGHEST:    93 ON 12    GRTST 24HR  1.62 ON 13-13      TO 1/4 MILE OR LESS
LOWEST:     57 ON  6                               3 = THUNDER
                        SNOW, ICE PELLETS, HAIL    4 = ICE PELLETS
                        TOTAL MONTH:   0.0 INCH    5 = HAIL
                        GRTST 24HR     0.0         6 = FREEZING RAIN OR DRIZZLE
                        GRTST DEPTH:   0           7 = DUSTSTORM OR SANDSTORM:
                                                       VSBY 1/2 MILE OR LESS
                                                   8 = SMOKE OR HAZE
[NO. OF DAYS WITH]      [WEATHER - DAYS WITH]      9 = BLOWING SNOW
                                                   X = TORNADO
MAX 32 OR BELOW:   0    0.01 INCH OR MORE:   6
MAX 90 OR ABOVE:   2    0.10 INCH OR MORE:   5
MIN 32 OR BELOW:   0    0.50 INCH OR MORE:   3
MIN  0 OR BELOW:   0    1.00 INCH OR MORE:   1

[HDD (BASE 65) ]
TOTAL THIS MO.     0    CLEAR  (SCALE 0-3)  16
DPTR FM NORMAL     0    PTCLDY (SCALE 4-7)   3
TOTAL FM JUL 1     0    CLOUDY (SCALE 8-10)  2
DPTR FM NORMAL     0

[CDD (BASE 65) ]
TOTAL THIS MO.   177
DPTR FM NORMAL    30    [PRESSURE DATA]
TOTAL FM JAN 1   482    HIGHEST SLP M ON M
DPTR FM NORMAL   162    LOWEST  SLP 29.65 ON  1

[REMARKS]
