000
CXUS56 KPQR 261200
CF6EUG
PRELIMINARY LOCAL CLIMATOLOGICAL DATA (WS FORM: F-6)

                                          STATION:   EUGENE OR
                                          MONTH:     SEPTEMBER
                                          YEAR:      2018
                                          LATITUDE:   44  7 N
                                          LONGITUDE: 123 13 W

  TEMPERATURE IN F:       :PCPN:    SNOW:  WIND      :SUNSHINE: SKY     :PK WND
================================================================================
1   2   3   4   5  6A  6B    7    8   9   10  11  12  13   14  15   16   17  18
                                     12Z  AVG MX 2MIN
DY MAX MIN AVG DEP HDD CDD  WTR  SNW DPTH SPD SPD DIR MIN PSBL S-S WX    SPD DR
================================================================================

 1  78  49  64  -1   1   0 0.00  0.0    0 10.9 23  20   M    M   0 8      28  10
 2  84  49  67   2   0   2 0.00  0.0    0 10.4 22  30   M    M   0        28  20
 3  82  50  66   1   0   1 0.00  0.0    0 12.1 24  20   M    M   1 8      35  20
 4  82  45  64  -1   1   0 0.00  0.0    0 10.0 21  10   M    M   0 8      26  20
 5  89  48  69   5   0   4 0.00  0.0    0  3.7 10 210   M    M   4 8      14  50
 6  84  53  69   5   0   4 0.00  0.0    0  9.2 17 240   M    M   4        21 220
 7  85  43  64   0   1   0 0.00  0.0    0  5.8 28 250   M    M   3 8      33 250
 8  79  53  66   2   0   1    T  0.0    0  4.8 14 300   M    M   6 1      20 260
 9  80  47  64   0   1   0 0.00  0.0    0  6.0 16 260   M    M   1        21 260
10  76  53  65   1   0   0 0.02  0.0    0  7.5 17 300   M    M   8 1      20 290
11  70  47  59  -4   6   0    T  0.0    0  7.4 16 240   M    M   5        25 220
12  70  48  59  -4   6   0 0.18  0.0    0  6.9 23 300   M    M   6        26 300
13  70  44  57  -6   8   0    T  0.0    0  5.7 20 270   M    M   5 1      23 270
14  74  42  58  -5   7   0 0.00  0.0    0  3.5 14 310   M    M   7 12     17 290
15  69  45  57  -5   8   0    T  0.0    0  7.8 14 270   M    M   7 12     17 230
16  67  46  57  -5   8   0 0.05  0.0    0  8.5 21 190   M    M   8 1      25 200
17  71  42  57  -5   8   0 0.00  0.0    0  6.8 18  20   M    M   7 12     22  10
18  73  36  55  -7  10   0 0.00  0.0    0  6.5 15  30   M    M   3 1      21  20
19  75  41  58  -3   7   0 0.00  0.0    0  4.6 15 340   M    M   2 1      17 320
20  75  43  59  -2   6   0 0.00  0.0    0  4.7 15  20   M    M   4 18     19  20
21  77  42  60  -1   5   0 0.00  0.0    M  5.4 16 210   M    M   5        20 210
22  72  46  59  -1   6   0 0.01  0.0    M  8.0 20 290   M    M   7 18     25 290
23  71  37  54  -6  11   0 0.00  0.0    0  5.9 23  30   M    M   5 128    28  30
24  73  41  57  -3   8   0 0.00    M    M 10.6 23  20   M    M   1 8      28  10
25  81  42  62   2   3   0 0.00    M    M  9.5 22 360   M    M   2        26 360
================================================================================
SM 1907 1132       111  12  0.26     0.0 182.2          M      101
================================================================================
AV 76.3 45.3                               7.3 FASTST   M    M   4    MAX(MPH)
                                 MISC ---->  # 28 250               # 35   20
================================================================================
NOTES:
# LAST OF SEVERAL OCCURRENCES

COLUMN 17 PEAK WIND IN M.P.H.

PRELIMINARY LOCAL CLIMATOLOGICAL DATA (WS FORM: F-6) , PAGE 2

                                          STATION:  EUGENE OR
                                          MONTH:    SEPTEMBER
                                          YEAR:     2018
                                          LATITUDE:   44  7 N
                                          LONGITUDE: 123 13 W

[TEMPERATURE DATA]      [PRECIPITATION DATA]       SYMBOLS USED IN COLUMN 16

AVERAGE MONTHLY: 60.8   TOTAL FOR MONTH:   0.26    1 = FOG OR MIST
DPTR FM NORMAL:  -1.9   DPTR FM NORMAL:   -0.75    2 = FOG REDUCING VISIBILITY
HIGHEST:    89 ON  5    GRTST 24HR  0.18 ON 12-12      TO 1/4 MILE OR LESS
LOWEST:     36 ON 18                               3 = THUNDER
                        SNOW, ICE PELLETS, HAIL    4 = ICE PELLETS
                        TOTAL MONTH:   0.0 INCH    5 = HAIL
                        GRTST 24HR     0.0         6 = FREEZING RAIN OR DRIZZLE
                        GRTST DEPTH:   0           7 = DUSTSTORM OR SANDSTORM:
                                                       VSBY 1/2 MILE OR LESS
                                                   8 = SMOKE OR HAZE
[NO. OF DAYS WITH]      [WEATHER - DAYS WITH]      9 = BLOWING SNOW
                                                   X = TORNADO
MAX 32 OR BELOW:   0    0.01 INCH OR MORE:   4
MAX 90 OR ABOVE:   0    0.10 INCH OR MORE:   1
MIN 32 OR BELOW:   0    0.50 INCH OR MORE:   0
MIN  0 OR BELOW:   0    1.00 INCH OR MORE:   0

[HDD (BASE 65) ]
TOTAL THIS MO.   111    CLEAR  (SCALE 0-3)   9
DPTR FM NORMAL    24    PTCLDY (SCALE 4-7)  16
TOTAL FM JUL 1   147    CLOUDY (SCALE 8-10)  0
DPTR FM NORMAL    -7

[CDD (BASE 65) ]
TOTAL THIS MO.    12
DPTR FM NORMAL   -18    [PRESSURE DATA]
TOTAL FM JAN 1   332    HIGHEST SLP M ON M
DPTR FM NORMAL    94    LOWEST  SLP 29.86 ON M

[REMARKS]
