857
CXUS56 KPQR 221200
CF6EUG
PRELIMINARY LOCAL CLIMATOLOGICAL DATA (WS FORM: F-6)

                                          STATION:   EUGENE OR
                                          MONTH:     JUNE
                                          YEAR:      2018
                                          LATITUDE:   44  7 N
                                          LONGITUDE: 123 13 W

  TEMPERATURE IN F:       :PCPN:    SNOW:  WIND      :SUNSHINE: SKY     :PK WND
================================================================================
1   2   3   4   5  6A  6B    7    8   9   10  11  12  13   14  15   16   17  18
                                     12Z  AVG MX 2MIN
DY MAX MIN AVG DEP HDD CDD  WTR  SNW DPTH SPD SPD DIR MIN PSBL S-S WX    SPD DR
================================================================================

 1  73  37  55  -3  10   0 0.00  0.0    0  4.6  9 350   M    M   1 1      13 300
 2  79  40  60   2   5   0 0.00  0.0    0  4.3 14  10   M    M   3 1      17 360
 3  75  46  61   3   4   0 0.00  0.0    0  5.3 17 290   M    M   6        21 300
 4  70  44  57  -1   8   0 0.00  0.0    0  4.8 14 350   M    M   7        20  30
 5  73  38  56  -2   9   0 0.00  0.0    0  4.7 13 290   M    M   2 1      17 200
 6  77  39  58   0   7   0 0.00  0.0    0  4.9 17 290   M    M   5        24 290
 7  71  48  60   1   5   0 0.00  0.0    0  6.3 15 260   M    M   7        19 270
 8  71  47  59   0   6   0 0.26  0.0    0  6.0 18 290   M    M   9 1      24 290
 9  59  47  53  -6  12   0 0.41  0.0    0  8.1 23 280   M    M   7 18     28 290
10  60  47  54  -5  11   0 0.22  0.0    0  7.1 15 180   M    M  10 1      18 190
11  70  43  57  -2   8   0 0.05  0.0    0  7.7 16  20   M    M   5 1      21 350
12  81  40  61   1   4   0 0.00  0.0    0  5.3 13 290   M    M   4        18 290
13  64  49  57  -3   8   0    T  0.0    0  5.8 16 330   M    M   8 1      20 330
14  69  45  57  -3   8   0 0.00  0.0    0  7.2 16  20   M    M   6        21  10
15  70  43  57  -3   8   0 0.00  0.0    0  6.9 16  30   M    M   6        23  10
16  74  50  62   2   3   0 0.00  0.0    0 10.3 24  30   M    M   7        33 360
17  87  49  68   8   0   3 0.26  0.0    0  8.3 29 110   M    M   2 13     33  90
18  84  52  68   7   0   3 0.00  0.0    0  5.4 13  20   M    M   4        14  20
19  88  49  69   8   0   4 0.00  0.0    0  6.9 16  30   M    M   2 1      20 360
20  78  56  67   6   0   2    T  0.0    0 12.5 24 230   M    M   5        30 230
21  76  54  65   3   0   0 0.00  0.0    0  4.4 12  40   M    M   7        15  20
================================================================================
SM 1549  963       116  12  1.20     0.0 136.8          M      113
================================================================================
AV 73.8 45.9                               6.5 FASTST   M    M   5    MAX(MPH)
                                 MISC ---->  # 29 110               # 33  360
================================================================================
NOTES:
# LAST OF SEVERAL OCCURRENCES

COLUMN 17 PEAK WIND IN M.P.H.

PRELIMINARY LOCAL CLIMATOLOGICAL DATA (WS FORM: F-6) , PAGE 2

                                          STATION:  EUGENE OR
                                          MONTH:    JUNE
                                          YEAR:     2018
                                          LATITUDE:   44  7 N
                                          LONGITUDE: 123 13 W

[TEMPERATURE DATA]      [PRECIPITATION DATA]       SYMBOLS USED IN COLUMN 16

AVERAGE MONTHLY: 59.8   TOTAL FOR MONTH:   1.20    1 = FOG OR MIST
DPTR FM NORMAL:   0.4   DPTR FM NORMAL:   -0.04    2 = FOG REDUCING VISIBILITY
HIGHEST:    88 ON 19    GRTST 24HR  0.41 ON  9- 9      TO 1/4 MILE OR LESS
LOWEST:     37 ON  1                               3 = THUNDER
                        SNOW, ICE PELLETS, HAIL    4 = ICE PELLETS
                        TOTAL MONTH:   0.0 INCH    5 = HAIL
                        GRTST 24HR     0.0         6 = FREEZING RAIN OR DRIZZLE
                        GRTST DEPTH:   0           7 = DUSTSTORM OR SANDSTORM:
                                                       VSBY 1/2 MILE OR LESS
                                                   8 = SMOKE OR HAZE
[NO. OF DAYS WITH]      [WEATHER - DAYS WITH]      9 = BLOWING SNOW
                                                   X = TORNADO
MAX 32 OR BELOW:   0    0.01 INCH OR MORE:   5
MAX 90 OR ABOVE:   0    0.10 INCH OR MORE:   4
MIN 32 OR BELOW:   0    0.50 INCH OR MORE:   0
MIN  0 OR BELOW:   0    1.00 INCH OR MORE:   0

[HDD (BASE 65) ]
TOTAL THIS MO.   116    CLEAR  (SCALE 0-3)   5
DPTR FM NORMAL   -10    PTCLDY (SCALE 4-7)  13
TOTAL FM JUL 1  4773    CLOUDY (SCALE 8-10)  3
DPTR FM NORMAL    -2

[CDD (BASE 65) ]
TOTAL THIS MO.    12
DPTR FM NORMAL     6    [PRESSURE DATA]
TOTAL FM JAN 1    12    HIGHEST SLP M ON M
DPTR FM NORMAL     1    LOWEST  SLP 29.79 ON 17

[REMARKS]
