109
CXUS53 KPAH 180628
CF6EVV
PRELIMINARY LOCAL CLIMATOLOGICAL DATA (WS FORM: F-6)

                                          STATION:   EVANSVILLE IN
                                          MONTH:     NOVEMBER
                                          YEAR:      2018
                                          LATITUDE:   38  2 N
                                          LONGITUDE:  87 32 W

  TEMPERATURE IN F:       :PCPN:    SNOW:  WIND      :SUNSHINE: SKY     :PK WND
================================================================================
1   2   3   4   5  6A  6B    7    8   9   10  11  12  13   14  15   16   17  18
                                     12Z  AVG MX 2MIN
DY MAX MIN AVG DEP HDD CDD  WTR  SNW DPTH SPD SPD DIR MIN PSBL S-S WX    SPD DR
================================================================================

 1  53  43  48  -4  17   0 2.10    M    0 11.4 23  40   M    M  10 1      35  30
 2  54  41  48  -4  17   0    T    M    0  4.1  8 340   M    M   7         M  M
 3  58  36  47  -5  18   0 0.00  0.0    0  4.0 14 180   M    M   2 128    24 130
 4  62  51  57   6   8   0 0.17  0.0    0  9.4 24 180   M    M   7 1      33 190
 5  62  45  54   3  11   0 0.79  0.0    0  5.2 18 260   M    M   9 1      24 130
 6  63  47  55   4  10   0 0.00  0.0    0  8.9 21 260   M    M   2        27 280
 7  57  38  48  -2  17   0 0.00  0.0    0  5.1 10 340   M    M   0        16 360
 8  43  34  39 -11  26   0    T  0.0    0  9.0 14  30   M    M   6        18  50
 9  45  31  38 -11  27   0 0.01    T    0  8.1 20 310   M    M   9 1      32 300
10  36  21  29 -20  36   0 0.00    M    0  4.5 18 320   M    M   1        30 310
11  45  20  33 -15  32   0 0.00  0.0    0  2.1  9 220   M    M   6        14 230
12  46  35  41  -7  24   0    T  0.0    0  7.1 17 350   M    M   9        25 360
13  37  25  31 -17  34   0 0.04  0.1    0  9.8 17 340   M    M   8 1      25 340
14  33  22  28 -19  37   0 0.46  0.8    1 10.4 18  50   M    M   4 16     24  50
15  32  28  30 -17  35   0 0.07  0.2    1  6.9 16 230   M    M   9 16     20 240
16  47  27  37  -9  28   0 0.00  0.0    T  5.3 13 270   M    M   0 1      17 280
17  54  27  41  -5  24   0 0.00  0.0    0  5.7 10 150   M    M   2 12     16 140
================================================================================
SM  827  571       401   0  3.64     1.1 117.0          M       91
================================================================================
AV 48.7 33.6                               6.9 FASTST   M    M   5    MAX(MPH)
                                 MISC ---->  # 24 180               # 35   30
================================================================================
NOTES:
# LAST OF SEVERAL OCCURRENCES

COLUMN 17 PEAK WIND IN M.P.H.

PRELIMINARY LOCAL CLIMATOLOGICAL DATA (WS FORM: F-6) , PAGE 2

                                          STATION:  EVANSVILLE IN
                                          MONTH:    NOVEMBER
                                          YEAR:     2018
                                          LATITUDE:   38  2 N
                                          LONGITUDE:  87 32 W

[TEMPERATURE DATA]      [PRECIPITATION DATA]       SYMBOLS USED IN COLUMN 16

AVERAGE MONTHLY: 41.1   TOTAL FOR MONTH:   3.64    1 = FOG OR MIST
DPTR FM NORMAL:  -8.1   DPTR FM NORMAL:    1.30    2 = FOG REDUCING VISIBILITY
HIGHEST:    63 ON  6    GRTST 24HR  2.10 ON  1- 1      TO 1/4 MILE OR LESS
LOWEST:     20 ON 11                               3 = THUNDER
                        SNOW, ICE PELLETS, HAIL    4 = ICE PELLETS
                        TOTAL MONTH:   1.1 INCHES  5 = HAIL
                        GRTST 24HR   0.8 ON 14-14  6 = FREEZING RAIN OR DRIZZLE
                        GRTST DEPTH:   1 ON 15,14  7 = DUSTSTORM OR SANDSTORM:
                                                       VSBY 1/2 MILE OR LESS
                                                   8 = SMOKE OR HAZE
[NO. OF DAYS WITH]      [WEATHER - DAYS WITH]      9 = BLOWING SNOW
                                                   X = TORNADO
MAX 32 OR BELOW:   1    0.01 INCH OR MORE:   7
MAX 90 OR ABOVE:   0    0.10 INCH OR MORE:   4
MIN 32 OR BELOW:   8    0.50 INCH OR MORE:   2
MIN  0 OR BELOW:   0    1.00 INCH OR MORE:   1

[HDD (BASE 65) ]
TOTAL THIS MO.   401    CLEAR  (SCALE 0-3)   6
DPTR FM NORMAL   132    PTCLDY (SCALE 4-7)   6
TOTAL FM JUL 1   722    CLOUDY (SCALE 8-10)  5
DPTR FM NORMAL   150

[CDD (BASE 65) ]
TOTAL THIS MO.     0
DPTR FM NORMAL     0    [PRESSURE DATA]
TOTAL FM JAN 1  1912    HIGHEST SLP M ON M
DPTR FM NORMAL   517    LOWEST  SLP 29.53 ON  1

[REMARKS]
