000
CXUS56 KSLC 161228
CF6EVW
PRELIMINARY LOCAL CLIMATOLOGICAL DATA (WS FORM: F-6)

                                          STATION:   EVANSTON WY
                                          MONTH:     OCTOBER
                                          YEAR:      2018
                                          LATITUDE:   41 16 N
                                          LONGITUDE: 111  2 W

  TEMPERATURE IN F:       :PCPN:    SNOW:  WIND      :SUNSHINE: SKY     :PK WND
================================================================================
1   2   3   4   5  6A  6B    7    8   9   10  11  12  13   14  15   16   17  18
                                     12Z  AVG MX 2MIN
DY MAX MIN AVG DEP HDD CDD  WTR  SNW DPTH SPD SPD DIR MIN PSBL S-S WX    SPD DR
================================================================================

 1  72  37  55   5  10   0 0.02    M    0  7.5 32 210   M    M   1        39 210
 2  72  49  61  12   4   0 0.35    M    0 10.9 28 270   M    M   6 13     36 260
 3  66  46  56   7   9   0 0.27    M    0 10.0 29 230   M    M   5 13     33 230
 4  56  41  49   0  16   0 0.61    M    0 13.9 28 220   M    M   8 1      34 260
 5  51  35  43  -5  22   0 0.46    M    0  9.1 21 300   M    M   5 1      25 290
 6  46  34  40  -8  25   0    T    M    0  6.0 13  70   M    M   8        15  80
 7  41  34  38 -10  27   0    T    M    0 14.0 24  90   M    M  10 1      32  80
 8  39  31  35 -12  30   0    T    M    0 13.6 26  90   M    M   9 1      32  80
 9  39  27  33 -14  32   0 0.03    M    0 11.7 24  80   M    M   8 12     32  80
10  35  29  32 -14  33   0 0.23    M    0 10.7 23  80   M    M  10 1      28  80
11  45  25  35 -11  30   0    T    M    0  7.4 16 240   M    M   4        20 240
12  51  27  39  -7  26   0 0.00  0.0    0 11.3 18 230   M    M   1 12     22 240
13  52  29  41  -4  24   0    T    M    0 16.1 38 270   M    M   3 1      45 280
14  32  20  26 -19  39   0    T    M    0  9.6 22  80   M    M   6 1      27  70
15  45  18  32 -12  33   0 0.00  0.0    0  5.3 14  10   M    M   0        20  10
================================================================================
SM  742  482       360   0  1.97     0.0 157.1          M       84
================================================================================
AV 49.5 32.1                              10.5 FASTST   M    M   6    MAX(MPH)
                                 MISC ---->  # 38 270               # 45  280
================================================================================
NOTES:
# LAST OF SEVERAL OCCURRENCES

COLUMN 17 PEAK WIND IN M.P.H.

PRELIMINARY LOCAL CLIMATOLOGICAL DATA (WS FORM: F-6) , PAGE 2

                                          STATION:  EVANSTON WY
                                          MONTH:    OCTOBER
                                          YEAR:     2018
                                          LATITUDE:   41 16 N
                                          LONGITUDE: 111  2 W

[TEMPERATURE DATA]      [PRECIPITATION DATA]       SYMBOLS USED IN COLUMN 16

AVERAGE MONTHLY: 40.8   TOTAL FOR MONTH:   1.97    1 = FOG OR MIST
DPTR FM NORMAL:  -6.3   DPTR FM NORMAL:    1.45    2 = FOG REDUCING VISIBILITY
HIGHEST:    72 ON  2, 1 GRTST 24HR  0.61 ON  4- 4      TO 1/4 MILE OR LESS
LOWEST:     18 ON 15                               3 = THUNDER
                        SNOW, ICE PELLETS, HAIL    4 = ICE PELLETS
                        TOTAL MONTH:   0.0 INCH    5 = HAIL
                        GRTST 24HR     0.0         6 = FREEZING RAIN OR DRIZZLE
                        GRTST DEPTH:   0           7 = DUSTSTORM OR SANDSTORM:
                                                       VSBY 1/2 MILE OR LESS
                                                   8 = SMOKE OR HAZE
[NO. OF DAYS WITH]      [WEATHER - DAYS WITH]      9 = BLOWING SNOW
                                                   X = TORNADO
MAX 32 OR BELOW:   1    0.01 INCH OR MORE:   7
MAX 90 OR ABOVE:   0    0.10 INCH OR MORE:   5
MIN 32 OR BELOW:   8    0.50 INCH OR MORE:   1
MIN  0 OR BELOW:   0    1.00 INCH OR MORE:   0

[HDD (BASE 65) ]
TOTAL THIS MO.   360    CLEAR  (SCALE 0-3)   3
DPTR FM NORMAL    91    PTCLDY (SCALE 4-7)   8
TOTAL FM JUL 1   506    CLOUDY (SCALE 8-10)  4
DPTR FM NORMAL  -160

[CDD (BASE 65) ]
TOTAL THIS MO.     0
DPTR FM NORMAL     0    [PRESSURE DATA]
TOTAL FM JAN 1   375    HIGHEST SLP M ON M
DPTR FM NORMAL   213    LOWEST  SLP 29.66 ON  9

[REMARKS]
