000
CXUS53 KIND 160730
CF6EYE
PRELIMINARY LOCAL CLIMATOLOGICAL DATA (WS FORM: F-6)

                                          STATION:   INDIANAPOLIS EAGLE CREEK IN
                                          MONTH:     OCTOBER
                                          YEAR:      2018
                                          LATITUDE:   39 49 N
                                          LONGITUDE:  86 18 W

  TEMPERATURE IN F:       :PCPN:    SNOW:  WIND      :SUNSHINE: SKY     :PK WND
================================================================================
1   2   3   4   5  6A  6B    7    8   9   10  11  12  13   14  15   16   17  18
                                     12Z  AVG MX 2MIN
DY MAX MIN AVG DEP HDD CDD  WTR  SNW DPTH SPD SPD DIR MIN PSBL S-S WX    SPD DR
================================================================================

 1  83  55  69   9   0   4 0.00    M    M  4.6 14 210   M    M   2 12     22 210
 2  83  67  75  15   0  10 0.38    M    M  5.1 13 240   M    M   5 13     23 280
 3  85  65  75  16   0  10 0.00    M    M  6.4 17 200   M    M   3 12     27 210
 4  77  60  69  10   0   4 0.56    M    M  8.0 16 330   M    M   8 13     23 210
 5  78  60  69  10   0   4 0.84    M    M  5.4 15 290   M    M   7 13     22 280
 6  87  69  78  20   0  13 0.06    M    M  4.5 17 210   M    M   4 13     26 240
 7  86  67  77  19   0  12    T    M    M  3.0 10 200   M    M   5 12     15 230
 8  86  69  78  21   0  13 0.00    M    M  4.9 14 190   M    M   1        23 200
 9  84  68  76  19   0  11 0.00    M    M  5.8 15 140   M    M   2        24 210
10  73  59  66   9   0   1 0.25    M    M  7.1 21 280   M    M   6 1      29 290
11  59  44  52  -4  13   0 0.00    M    M 13.3 21 280   M    M   5        29 290
12  52  38  45 -11  20   0 0.09    M    M  7.7 14 280   M    M   5        19 300
13  52  37  45 -11  20   0    T    M    M  4.9 15 300   M    M   3        21 300
14  58  46  52  -3  13   0    T    M    M  5.3 13 120   M    M   7 18     17 120
15  54  40  47  -8  18   0 0.01    M    M  9.6 21 320   M    M   7 1      28 310
================================================================================
SM 1097  844        84  82  2.19    M     95.6          M       70
================================================================================
AV 73.1 56.3                               6.4 FASTST   M    M   5    MAX(MPH)
                                 MISC ---->  # 21 280               # 29  290
================================================================================
NOTES:
# LAST OF SEVERAL OCCURRENCES

COLUMN 17 PEAK WIND IN M.P.H.

PRELIMINARY LOCAL CLIMATOLOGICAL DATA (WS FORM: F-6) , PAGE 2

                                          STATION:  INDIANAPOLIS EAGLE CREEK IN
                                          MONTH:    OCTOBER
                                          YEAR:     2018
                                          LATITUDE:   39 49 N
                                          LONGITUDE:  86 18 W

[TEMPERATURE DATA]      [PRECIPITATION DATA]       SYMBOLS USED IN COLUMN 16

AVERAGE MONTHLY: 64.7   TOTAL FOR MONTH:   2.19    1 = FOG OR MIST
DPTR FM NORMAL:   7.2   DPTR FM NORMAL:    0.66    2 = FOG REDUCING VISIBILITY
HIGHEST:    87 ON  6    GRTST 24HR  0.84 ON  5- 5      TO 1/4 MILE OR LESS
LOWEST:     37 ON 13                               3 = THUNDER
                        SNOW, ICE PELLETS, HAIL    4 = ICE PELLETS
                        TOTAL MONTH:    M          5 = HAIL
                        GRTST 24HR    M  ON   M    6 = FREEZING RAIN OR DRIZZLE
                        GRTST DEPTH:  M  ON   M    7 = DUSTSTORM OR SANDSTORM:
                                                       VSBY 1/2 MILE OR LESS
                                                   8 = SMOKE OR HAZE
[NO. OF DAYS WITH]      [WEATHER - DAYS WITH]      9 = BLOWING SNOW
                                                   X = TORNADO
MAX 32 OR BELOW:   0    0.01 INCH OR MORE:   7
MAX 90 OR ABOVE:   0    0.10 INCH OR MORE:   4
MIN 32 OR BELOW:   0    0.50 INCH OR MORE:   2
MIN  0 OR BELOW:   0    1.00 INCH OR MORE:   0

[HDD (BASE 65) ]
TOTAL THIS MO.    84    CLEAR  (SCALE 0-3)   4
DPTR FM NORMAL   -40    PTCLDY (SCALE 4-7)  11
TOTAL FM JUL 1   123    CLOUDY (SCALE 8-10)  0
DPTR FM NORMAL   -62

[CDD (BASE 65) ]
TOTAL THIS MO.    82
DPTR FM NORMAL    70    [PRESSURE DATA]
TOTAL FM JAN 1  1612    HIGHEST SLP M ON M
DPTR FM NORMAL   557    LOWEST  SLP 29.68 ON 10

[REMARKS]
