000
CXAK56 PAFG 200943
CF6FAI
PRELIMINARY LOCAL CLIMATOLOGICAL DATA (WS FORM: F-6)

                                          STATION:   FAIRBANKS AK
                                          MONTH:     NOVEMBER
                                          YEAR:      2018
                                          LATITUDE:   64 49 N
                                          LONGITUDE: 147 52 W

  TEMPERATURE IN F:       :PCPN:    SNOW:  WIND      :SUNSHINE: SKY     :PK WND
================================================================================
1   2   3   4   5  6A  6B    7    8   9   10  11  12  13   14  15   16   17  18
                                     12Z  AVG MX 2MIN
DY MAX MIN AVG DEP HDD CDD  WTR  SNW DPTH SPD SPD DIR MIN PSBL S-S WX    SPD DR
================================================================================

 1  22   5  14   3  51   0 0.00  0.0    T  0.4  6  40   M    M   0         6  40
 2  24   3  14   4  51   0 0.00  0.0    T  1.2  6  40   M    M   0         7  70
 3  19   1  10   1  55   0 0.00  0.0    T  0.4  5 350   M    M   1         6  30
 4  16  -2   7  -1  58   0 0.00  0.0    T  0.6  5  40   M    M   0         5  40
 5  11  -2   5  -3  60   0 0.00  0.0    T  1.3  6  40   M    M   0 8       6  40
 6  13   0   7   0  58   0 0.00  0.0    T  1.2  6  20   M    M   5         7 200
 7  18   3  11   5  54   0 0.00  0.0    T  0.0  5 120   M    M   7         6 110
 8  18   5  12   6  53   0    T    T    T  0.3  5 190   M    M   9 1       6 190
 9  19   2  11   6  54   0 0.03  0.3    1  1.6  7  50   M    M   8 1       7  30
10  25   7  16  12  49   0    T    T    1  2.8  9  10   M    M   9 1      11  10
11  26  10  18  14  47   0 0.05  0.8    2  4.6  8  50   M    M   9 1       9  50
12  29  21  25  22  40   0 0.05  0.6    2  8.5 17  10   M    M   9 1      22  10
13  21  15  18  15  47   0 0.32  6.3    2 11.5 17  10   M    M  10 1      20  10
14  18   0   9   7  56   0 0.08  1.5    8  7.9 13 360   M    M   8 18     14  10
15   8  -8   0  -2  65   0 0.00  0.0    8  2.4  9  50   M    M   0 18      9  50
16  15  -9   3   2  62   0 0.00  0.0    6  0.8  6 300   M    M   6         6  30
17  14   0   7   6  58   0 0.00  0.0    6  1.2  7  30   M    M   5         8  50
18  23   4  14  13  51   0 0.00  0.0    6  1.2  8  40   M    M   7         9  40
19  22   9  16  16  49   0    T  0.1    6  1.6  9  30   M    M   8 16     10  30
================================================================================
SM  361   64      1018   0  0.53     9.6  49.5          M      101
================================================================================
AV 19.0  3.4                               2.6 FASTST   M    M   5    MAX(MPH)
                                 MISC ---->  # 17  10               # 22   10
================================================================================
NOTES:
# LAST OF SEVERAL OCCURRENCES

COLUMN 17 PEAK WIND IN M.P.H.

PRELIMINARY LOCAL CLIMATOLOGICAL DATA (WS FORM: F-6) , PAGE 2

                                          STATION:  FAIRBANKS AK
                                          MONTH:    NOVEMBER
                                          YEAR:     2018
                                          LATITUDE:   64 49 N
                                          LONGITUDE: 147 52 W

[TEMPERATURE DATA]      [PRECIPITATION DATA]       SYMBOLS USED IN COLUMN 16

AVERAGE MONTHLY: 11.2   TOTAL FOR MONTH:   0.53    1 = FOG OR MIST
DPTR FM NORMAL:   6.4   DPTR FM NORMAL:    0.09    2 = FOG REDUCING VISIBILITY
HIGHEST:    29 ON 12    GRTST 24HR  0.32 ON 13-13      TO 1/4 MILE OR LESS
LOWEST:     -9 ON 16                               3 = THUNDER
                        SNOW, ICE PELLETS, HAIL    4 = ICE PELLETS
                        TOTAL MONTH:   9.6 INCHES  5 = HAIL
                        GRTST 24HR   6.3 ON 13-13  6 = FREEZING RAIN OR DRIZZLE
                        GRTST DEPTH:   8 ON 15,14  7 = DUSTSTORM OR SANDSTORM:
                                                       VSBY 1/2 MILE OR LESS
                                                   8 = SMOKE OR HAZE
[NO. OF DAYS WITH]      [WEATHER - DAYS WITH]      9 = BLOWING SNOW
                                                   X = TORNADO
MAX 32 OR BELOW:  19    0.01 INCH OR MORE:   5
MAX 90 OR ABOVE:   0    0.10 INCH OR MORE:   1
MIN 32 OR BELOW:  19    0.50 INCH OR MORE:   0
MIN  0 OR BELOW:   7    1.00 INCH OR MORE:   0

[HDD (BASE 65) ]
TOTAL THIS MO.  1018    CLEAR  (SCALE 0-3)   6
DPTR FM NORMAL  -126    PTCLDY (SCALE 4-7)   7
TOTAL FM JUL 1  2813    CLOUDY (SCALE 8-10)  6
DPTR FM NORMAL  -590

[CDD (BASE 65) ]
TOTAL THIS MO.     0
DPTR FM NORMAL     0    [PRESSURE DATA]
TOTAL FM JAN 1    54    HIGHEST SLP M ON M
DPTR FM NORMAL    -7    LOWEST  SLP 29.47 ON 19

[REMARKS]
