000
CXUS54 KOUN 160700
CF6FDR
PRELIMINARY LOCAL CLIMATOLOGICAL DATA (WS FORM: F-6)

                                          STATION:   FREDERICK MUNICIPAL
                                          MONTH:     OCTOBER
                                          YEAR:      2018
                                          LATITUDE:   34 21 N
                                          LONGITUDE:  98 59 W

  TEMPERATURE IN F:       :PCPN:    SNOW:  WIND      :SUNSHINE: SKY     :PK WND
================================================================================
1   2   3   4   5  6A  6B    7    8   9   10  11  12  13   14  15   16   17  18
                                     12Z  AVG MX 2MIN
DY MAX MIN AVG DEP HDD CDD  WTR  SNW DPTH SPD SPD DIR MIN PSBL S-S WX    SPD DR
================================================================================

 1  86  67  77   7   0  12 0.00  0.0    0  9.6 21 170   M    M   2        26 160
 2  88  69  79   9   0  14 0.00  0.0    0 10.7 21 170   M    M   2 1      25 170
 3  90  71  81  12   0  16 0.00  0.0    0 15.3 28 190   M    M   1        36 170
 4  89  69  79  10   0  14 0.00  0.0    0 10.9 21 160   M    M   1        30 160
 5  90  69  80  12   0  15 0.00  0.0    0 14.3 28 180   M    M   2        33 170
 6  78  60  69   1   0   4 0.08  0.0    0 11.5 23 360   M    M   4 1      27 360
 7  82  62  72   4   0   7 0.88  0.0    0 13.8 29 120   M    M   7 13     38 120
 8  78  68  73   5   0   8 0.08  0.0    0 12.8 23 160   M    M   6 3      29 160
 9  70  54  62  -5   3   0 0.33  0.0    0 10.4 23 280   M    M   7 13     32 290
10  67  46  57 -10   8   0 0.00  0.0    0  8.3 18 310   M    M   0        22 310
11  65  47  56 -10   9   0 0.00  0.0    0  9.6 16  80   M    M   2        22  80
12  70  56  63  -3   2   0    T  0.0    0  6.9 17 120   M    M   7 13     20 120
13  60  50  55 -11  10   0    T  0.0    0 10.3 23  30   M    M  10 1      28  30
14  64  39  52 -13  13   0    M    M    0 17.9 33 360   M    M  10 12     41 360
15  51  36  44 -21  21   0 0.00  0.0    0 17.6 32  10   M    M   6        40  10
================================================================================
SM 1128  863        66  90  1.37     0.0 179.9          M       67
================================================================================
AV 75.2 57.5                              12.0 FASTST   M    M   4    MAX(MPH)
                                 MISC ---->  # 33 360               # 41  360
================================================================================
NOTES:
# LAST OF SEVERAL OCCURRENCES

COLUMN 17 PEAK WIND IN M.P.H.

PRELIMINARY LOCAL CLIMATOLOGICAL DATA (WS FORM: F-6) , PAGE 2

                                          STATION:  FREDERICK MUNICIPAL
                                          MONTH:    OCTOBER
                                          YEAR:     2018
                                          LATITUDE:   34 21 N
                                          LONGITUDE:  98 59 W

[TEMPERATURE DATA]      [PRECIPITATION DATA]       SYMBOLS USED IN COLUMN 16

AVERAGE MONTHLY: 66.4   TOTAL FOR MONTH:   1.37    1 = FOG OR MIST
DPTR FM NORMAL:  -1.1   DPTR FM NORMAL:   -0.16    2 = FOG REDUCING VISIBILITY
HIGHEST:    90 ON  5, 3 GRTST 24HR  0.88 ON  7- 7      TO 1/4 MILE OR LESS
LOWEST:     36 ON 15                               3 = THUNDER
                        SNOW, ICE PELLETS, HAIL    4 = ICE PELLETS
                        TOTAL MONTH:   0.0 INCH    5 = HAIL
                        GRTST 24HR     0.0         6 = FREEZING RAIN OR DRIZZLE
                        GRTST DEPTH:   0           7 = DUSTSTORM OR SANDSTORM:
                                                       VSBY 1/2 MILE OR LESS
                                                   8 = SMOKE OR HAZE
[NO. OF DAYS WITH]      [WEATHER - DAYS WITH]      9 = BLOWING SNOW
                                                   X = TORNADO
MAX 32 OR BELOW:   0    0.01 INCH OR MORE:   4
MAX 90 OR ABOVE:   2    0.10 INCH OR MORE:   2
MIN 32 OR BELOW:   0    0.50 INCH OR MORE:   1
MIN  0 OR BELOW:   0    1.00 INCH OR MORE:   0

[HDD (BASE 65) ]
TOTAL THIS MO.    66    CLEAR  (SCALE 0-3)   7
DPTR FM NORMAL    35    PTCLDY (SCALE 4-7)   6
TOTAL FM JUL 1    72    CLOUDY (SCALE 8-10)  2
DPTR FM NORMAL    33

[CDD (BASE 65) ]
TOTAL THIS MO.    90
DPTR FM NORMAL    21    [PRESSURE DATA]
TOTAL FM JAN 1  2943    HIGHEST SLP M ON M
DPTR FM NORMAL   579    LOWEST  SLP 29.61 ON  9

[REMARKS]
