000
CXUS53 KMKX 170648
CF6FLD
PRELIMINARY LOCAL CLIMATOLOGICAL DATA (WS FORM: F-6)

                                          STATION:   FOND_DU_LAC WI
                                          MONTH:     JULY
                                          YEAR:      2018
                                          LATITUDE:   43 46 N
                                          LONGITUDE:  88 29 W

  TEMPERATURE IN F:       :PCPN:    SNOW:  WIND      :SUNSHINE: SKY     :PK WND
================================================================================
1   2   3   4   5  6A  6B    7    8   9   10  11  12  13   14  15   16   17  18
                                     12Z  AVG MX 2MIN
DY MAX MIN AVG DEP HDD CDD  WTR  SNW DPTH SPD SPD DIR MIN PSBL S-S WX    SPD DR
================================================================================

 1  93  64  79   8   0  14 0.01  0.0    0 11.1 28 200   M    M   1 13     38 210
 2  85  60  73   2   0   8 0.00  0.0    0  5.9 15 190   M    M   0        19 190
 3  89  60  75   4   0  10 0.00  0.0    0  6.1 15 180   M    M   0        17 190
 4  94  68  81   9   0  16    T  0.0    0  8.1 17 180   M    M   1 3      24 250
 5  88  65  77   5   0  12 0.00  0.0    0  9.0 21  30   M    M   1        27  20
 6  77  55  66  -6   0   1 0.00  0.0    0  8.2 22  30   M    M   0        28  30
 7  82  48  65  -7   0   0 0.00  0.0    0  5.9 17 200   M    M   0        22 190
 8  86  52  69  -3   0   4 0.00  0.0    0  7.5 16 190   M    M   0        22 190
 9  89  64  77   5   0  12 0.00  0.0    0  8.4 17 240   M    M   1        22 250
10  87  62  75   3   0  10 0.00  0.0    0  6.4 16  30   M    M   1        19  30
11  87  58  73   1   0   8 0.00  0.0    0  6.6 16 160   M    M   0        20 170
12  86  63  75   3   0  10 0.01  0.0    0 11.4 25 180   M    M   2 3      39 200
13  89  69  79   7   0  14 1.62  0.0    0  7.1 40 240   M    M   5 13     55 250
14  83  68  76   4   0  11 0.14  0.0    0  3.5 12 220   M    M   5 12     13 200
15  88  69  79   7   0  14 0.00  0.0    0  4.1  9 240   M    M   2 1      12 220
16  84  68  76   4   0  11 0.00  0.0    0  8.7 18 300   M    M   2        23 290
================================================================================
SM 1387  993         0 155  1.78     0.0 118.0          M       21
================================================================================
AV 86.7 62.1                               7.4 FASTST   M    M   1    MAX(MPH)
                                 MISC ---->  # 40 240               # 55  250
================================================================================
NOTES:
# LAST OF SEVERAL OCCURRENCES

COLUMN 17 PEAK WIND IN M.P.H.

PRELIMINARY LOCAL CLIMATOLOGICAL DATA (WS FORM: F-6) , PAGE 2

                                          STATION:  FOND_DU_LAC WI
                                          MONTH:    JULY
                                          YEAR:     2018
                                          LATITUDE:   43 46 N
                                          LONGITUDE:  88 29 W

[TEMPERATURE DATA]      [PRECIPITATION DATA]       SYMBOLS USED IN COLUMN 16

AVERAGE MONTHLY: 74.4   TOTAL FOR MONTH:   1.78    1 = FOG OR MIST
DPTR FM NORMAL:   2.6   DPTR FM NORMAL:   -0.16    2 = FOG REDUCING VISIBILITY
HIGHEST:    94 ON  4    GRTST 24HR  1.62 ON 13-13      TO 1/4 MILE OR LESS
LOWEST:     48 ON  7                               3 = THUNDER
                        SNOW, ICE PELLETS, HAIL    4 = ICE PELLETS
                        TOTAL MONTH:   0.0 INCH    5 = HAIL
                        GRTST 24HR     0.0         6 = FREEZING RAIN OR DRIZZLE
                        GRTST DEPTH:   0           7 = DUSTSTORM OR SANDSTORM:
                                                       VSBY 1/2 MILE OR LESS
                                                   8 = SMOKE OR HAZE
[NO. OF DAYS WITH]      [WEATHER - DAYS WITH]      9 = BLOWING SNOW
                                                   X = TORNADO
MAX 32 OR BELOW:   0    0.01 INCH OR MORE:   4
MAX 90 OR ABOVE:   2    0.10 INCH OR MORE:   2
MIN 32 OR BELOW:   0    0.50 INCH OR MORE:   1
MIN  0 OR BELOW:   0    1.00 INCH OR MORE:   1

[HDD (BASE 65) ]
TOTAL THIS MO.     0    CLEAR  (SCALE 0-3)  14
DPTR FM NORMAL     0    PTCLDY (SCALE 4-7)   2
TOTAL FM JUL 1     0    CLOUDY (SCALE 8-10)  0
DPTR FM NORMAL     0

[CDD (BASE 65) ]
TOTAL THIS MO.   155
DPTR FM NORMAL    43    [PRESSURE DATA]
TOTAL FM JAN 1   393    HIGHEST SLP M ON M
DPTR FM NORMAL   123    LOWEST  SLP 29.70 ON  1

[REMARKS]
