000
CXUS56 KFGZ 160900
CF6FLG
PRELIMINARY LOCAL CLIMATOLOGICAL DATA (WS FORM: F-6)

                                          STATION:   FLAGSTAFF AZ AIRPORT
                                          MONTH:     OCTOBER
                                          YEAR:      2018
                                          LATITUDE:   35  7 N
                                          LONGITUDE: 111 40 W

  TEMPERATURE IN F:       :PCPN:    SNOW:  WIND      :SUNSHINE: SKY     :PK WND
================================================================================
1   2   3   4   5  6A  6B    7    8   9   10  11  12  13   14  15   16   17  18
                                     12Z  AVG MX 2MIN
DY MAX MIN AVG DEP HDD CDD  WTR  SNW DPTH SPD SPD DIR MIN PSBL S-S WX    SPD DR
================================================================================

 1  65  52  59   7   6   0 0.01  0.0    0  4.1 15 190   M    M   8 1      19 210
 2  58  52  55   3  10   0 2.30  0.0    0  7.3 21 220   M    M   8 13     30 210
 3  66  52  59   8   6   0 0.00  0.0    0  7.0 17 210   M    M   7        22 190
 4  60  43  52   1  13   0 0.24  0.0    0 11.0 25 210   M    M   6 13     32 210
 5  61  37  49  -1  16   0 0.00  0.0    0  3.1 16 220   M    M   2        21 220
 6  56  34  45  -5  20   0 0.33  0.0    0  9.9 25 210   M    M   5 13     35 190
 7  47  32  40 -10  25   0 0.57  0.7    0  7.0 21 200   M    M   9 12     25 210
 8  45  33  39 -10  26   0 0.04  0.0    0  5.5 15 210   M    M   9 12     19 240
 9  55  29  42  -7  23   0 0.00  0.0    0  7.1 18 200   M    M   3        24 220
10  51  31  41  -8  24   0 0.00  0.0    0  7.4 20 200   M    M   5        25 220
11  51  31  41  -7  24   0 0.16  0.0    0  6.5 21 220   M    M   7 1      27 200
12  59  42  51   3  14   0    T  0.0    0  6.8 15 100   M    M   6 1      19  80
13  58  35  47  -1  18   0 0.08  0.0    0  3.9 20 230   M    M   7 13     25 220
14  56  36  46  -1  19   0 0.00  0.0    0  7.6 22 210   M    M   5 12     26 210
15  44  30  37 -10  28   0 0.00  0.0    0 16.7 28  50   M    M   0        37  60
================================================================================
SM  832  569       272   0  3.73     0.7 110.9          M       87
================================================================================
AV 55.5 37.9                               7.4 FASTST   M    M   6    MAX(MPH)
                                 MISC ---->  # 28  50               # 37   60
================================================================================
NOTES:
# LAST OF SEVERAL OCCURRENCES

COLUMN 17 PEAK WIND IN M.P.H.

PRELIMINARY LOCAL CLIMATOLOGICAL DATA (WS FORM: F-6) , PAGE 2

                                          STATION:  FLAGSTAFF AZ AIRPORT
                                          MONTH:    OCTOBER
                                          YEAR:     2018
                                          LATITUDE:   35  7 N
                                          LONGITUDE: 111 40 W

[TEMPERATURE DATA]      [PRECIPITATION DATA]       SYMBOLS USED IN COLUMN 16

AVERAGE MONTHLY: 46.7   TOTAL FOR MONTH:   3.73    1 = FOG OR MIST
DPTR FM NORMAL:  -2.7   DPTR FM NORMAL:    2.90    2 = FOG REDUCING VISIBILITY
HIGHEST:    66 ON  3    GRTST 24HR  2.30 ON  2- 2      TO 1/4 MILE OR LESS
LOWEST:     29 ON  9                               3 = THUNDER
                        SNOW, ICE PELLETS, HAIL    4 = ICE PELLETS
                        TOTAL MONTH:   0.7 INCH    5 = HAIL
                        GRTST 24HR   0.7 ON  7- 7  6 = FREEZING RAIN OR DRIZZLE
                        GRTST DEPTH:   0           7 = DUSTSTORM OR SANDSTORM:
                                                       VSBY 1/2 MILE OR LESS
                                                   8 = SMOKE OR HAZE
[NO. OF DAYS WITH]      [WEATHER - DAYS WITH]      9 = BLOWING SNOW
                                                   X = TORNADO
MAX 32 OR BELOW:   0    0.01 INCH OR MORE:   8
MAX 90 OR ABOVE:   0    0.10 INCH OR MORE:   5
MIN 32 OR BELOW:   5    0.50 INCH OR MORE:   2
MIN  0 OR BELOW:   0    1.00 INCH OR MORE:   1

[HDD (BASE 65) ]
TOTAL THIS MO.   272    CLEAR  (SCALE 0-3)   3
DPTR FM NORMAL    38    PTCLDY (SCALE 4-7)   9
TOTAL FM JUL 1   461    CLOUDY (SCALE 8-10)  3
DPTR FM NORMAL   -90

[CDD (BASE 65) ]
TOTAL THIS MO.     0
DPTR FM NORMAL     0    [PRESSURE DATA]
TOTAL FM JAN 1   200    HIGHEST SLP M ON M
DPTR FM NORMAL    83    LOWEST  SLP 29.59 ON  7

[REMARKS]
