000
CXUS52 KILM 171000
CF6FLO
PRELIMINARY LOCAL CLIMATOLOGICAL DATA (WS FORM: F-6)

                                          STATION:   FLORENCE SOUTH  CAROLINA
                                          MONTH:     OCTOBER
                                          YEAR:      2018
                                          LATITUDE:   34 10 N
                                          LONGITUDE:  79 43 W

  TEMPERATURE IN F:       :PCPN:    SNOW:  WIND      :SUNSHINE: SKY     :PK WND
================================================================================
1   2   3   4   5  6A  6B    7    8   9   10  11  12  13   14  15   16   17  18
                                     12Z  AVG MX 2MIN
DY MAX MIN AVG DEP HDD CDD  WTR  SNW DPTH SPD SPD DIR MIN PSBL S-S WX    SPD DR
================================================================================

 1  86  63  75   6   0  10 0.00    M    M  3.8  9 150   M    M   0 1      13  50
 2  88  64  76   7   0  11 0.00    M    M  2.2  7 170   M    M   1 1       9  50
 3  88  67  78  10   0  13 0.00    M    M  2.5  9 300   M    M   1 1      12 200
 4  91  70  81  13   0  16 0.00    M    M  4.9 12 270   M    M   2        15 280
 5  93  70  82  14   0  17 0.00    M    M  3.1  7 270   M    M   1 1      13 190
 6  88  70  79  11   0  14 0.00    M    M  4.7 13  60   M    M   4 18     15  80
 7  89  72  81  14   0  16 0.00    M    M  3.5 13 150   M    M   6 12     15 140
 8  88  72  80  13   0  15 0.05    M    M  8.2 22 110   M    M   4 18     30 110
 9  86  70  78  12   0  13 0.00    M    M 10.3 20 120   M    M   3        25 110
10  83  74  79  13   0  14 1.78    M    M  8.4 22 120   M    M   8 13     28 120
11  80  69  75   9   0  10 1.53    M    M 15.9 36 160   M    M   8 1      48 180
12  76  54  65   0   0   0 0.00    M    M  4.8 15 340   M    M   0 8      20 330
13  76  53  65   0   0   0 0.00    M    M  4.6 14  10   M    M   1 1      18  30
14  82  57  70   5   0   5 0.00    M    M  4.7  9 140   M    M   3        11 150
15  87  63  75  11   0  10 0.00    M    M  4.5 16 200   M    M   2 12     22 180
16  88  70  79  15   0  14 0.08    M    M  4.9 10 300   M    M   5 1      17 300
================================================================================
SM 1369 1058         0 178  3.44    M     91.0          M       49
================================================================================
AV 85.6 66.1                               5.7 FASTST   M    M   3    MAX(MPH)
                                 MISC ---->  # 36 160               # 48  180
================================================================================
NOTES:
# LAST OF SEVERAL OCCURRENCES

COLUMN 17 PEAK WIND IN M.P.H.

PRELIMINARY LOCAL CLIMATOLOGICAL DATA (WS FORM: F-6) , PAGE 2

                                          STATION:  FLORENCE SOUTH  CAROLINA
                                          MONTH:    OCTOBER
                                          YEAR:     2018
                                          LATITUDE:   34 10 N
                                          LONGITUDE:  79 43 W

[TEMPERATURE DATA]      [PRECIPITATION DATA]       SYMBOLS USED IN COLUMN 16

AVERAGE MONTHLY: 75.8   TOTAL FOR MONTH:   3.44    1 = FOG OR MIST
DPTR FM NORMAL:   9.3   DPTR FM NORMAL:    1.69    2 = FOG REDUCING VISIBILITY
HIGHEST:    93 ON  5    GRTST 24HR  1.78 ON 10-10      TO 1/4 MILE OR LESS
LOWEST:     53 ON 13                               3 = THUNDER
                        SNOW, ICE PELLETS, HAIL    4 = ICE PELLETS
                        TOTAL MONTH:    M          5 = HAIL
                        GRTST 24HR    M  ON   M    6 = FREEZING RAIN OR DRIZZLE
                        GRTST DEPTH:  M  ON   M    7 = DUSTSTORM OR SANDSTORM:
                                                       VSBY 1/2 MILE OR LESS
                                                   8 = SMOKE OR HAZE
[NO. OF DAYS WITH]      [WEATHER - DAYS WITH]      9 = BLOWING SNOW
                                                   X = TORNADO
MAX 32 OR BELOW:   0    0.01 INCH OR MORE:   4
MAX 90 OR ABOVE:   2    0.10 INCH OR MORE:   2
MIN 32 OR BELOW:   0    0.50 INCH OR MORE:   2
MIN  0 OR BELOW:   0    1.00 INCH OR MORE:   2

[HDD (BASE 65) ]
TOTAL THIS MO.     0    CLEAR  (SCALE 0-3)   8
DPTR FM NORMAL   -34    PTCLDY (SCALE 4-7)   7
TOTAL FM JUL 1     0    CLOUDY (SCALE 8-10)  1
DPTR FM NORMAL   -43

[CDD (BASE 65) ]
TOTAL THIS MO.   178
DPTR FM NORMAL   118    [PRESSURE DATA]
TOTAL FM JAN 1  2699    HIGHEST SLP M ON M
DPTR FM NORMAL   683    LOWEST  SLP 29.45 ON 11

[REMARKS]
