000
CXUS55 KTBW 191000
CF6FMY
PRELIMINARY LOCAL CLIMATOLOGICAL DATA (WS FORM: F-6)

                                          STATION:   Fort Myers
                                          MONTH:     JULY
                                          YEAR:      2018
                                          LATITUDE:   26 34 N
                                          LONGITUDE:  81 52 W

  TEMPERATURE IN F:       :PCPN:    SNOW:  WIND      :SUNSHINE: SKY     :PK WND
================================================================================
1   2   3   4   5  6A  6B    7    8   9   10  11  12  13   14  15   16   17  18
                                     12Z  AVG MX 2MIN
DY MAX MIN AVG DEP HDD CDD  WTR  SNW DPTH SPD SPD DIR MIN PSBL S-S WX    SPD DR
================================================================================

 1  91  75  83   0   0  18 0.04  0.0    0  4.8 20 150   M    M   1 3      24 140
 2  94  73  84   1   0  19 0.49  0.0    0  3.8 23  60   M    M   3 138    30  70
 3  94  73  84   1   0  19 0.19  0.0    0  4.6 35  40   M    M   2 13     44  30
 4  91  70  81  -2   0  16 3.56  0.0    0  7.6 29 110   M    M   3 3      38 110
 5  91  71  81  -2   0  16    T  0.0    0  6.0 26 160   M    M   2 3      38 140
 6  89  72  81  -2   0  16 0.26  0.0    0  5.3 18  30   M    M   2 3      22  30
 7  89  73  81  -2   0  16 1.27  0.0    0  3.2 24 230   M    M   3 3      31 220
 8  92  73  83   0   0  18 0.00  0.0    0  4.5 13 100   M    M   1        16 100
 9  94  76  85   2   0  20 0.00  0.0    0  5.2 14  50   M    M   1 3      17  30
10  90  75  83   0   0  18 0.03  0.0    0  5.5 25 260   M    M   3 3      33 260
11  92  75  84   1   0  19 0.11  0.0    0  3.7 16 360   M    M   2 3      22 360
12  91  74  83   0   0  18    T  0.0    0  3.4 16 360   M    M   2 3      19 360
13  91  74  83   0   0  18 0.04  0.0    0  3.1 21 290   M    M   2 3      25 290
14  92  74  83   0   0  18    T  0.0    0  3.8 20 320   M    M   2 3      25 330
15  93  75  84   1   0  19 0.02  0.0    0  3.4 16  90   M    M   2 3      20  90
16  93  76  85   2   0  20 0.01  0.0    0  3.8 16 250   M    M   2 3      21 260
17  91  77  84   1   0  19 0.00  0.0    0  5.8 16 260   M    M   2        20 260
18  91  79  85   2   0  20    T  0.0    0  7.3 17 250   M    M   2        22 260
================================================================================
SM 1649 1335         0 327  6.02     0.0  84.8          M       37
================================================================================
AV 91.6 74.2                               4.7 FASTST   M    M   2    MAX(MPH)
                                 MISC ---->  # 35  40               # 44   30
================================================================================
NOTES:
# LAST OF SEVERAL OCCURRENCES

COLUMN 17 PEAK WIND IN M.P.H.

PRELIMINARY LOCAL CLIMATOLOGICAL DATA (WS FORM: F-6) , PAGE 2

                                          STATION:  Fort Myers
                                          MONTH:    JULY
                                          YEAR:     2018
                                          LATITUDE:   26 34 N
                                          LONGITUDE:  81 52 W

[TEMPERATURE DATA]      [PRECIPITATION DATA]       SYMBOLS USED IN COLUMN 16

AVERAGE MONTHLY: 82.9   TOTAL FOR MONTH:   6.02    1 = FOG OR MIST
DPTR FM NORMAL:  -0.1   DPTR FM NORMAL:    0.73    2 = FOG REDUCING VISIBILITY
HIGHEST:    94 ON  9, 3 GRTST 24HR  3.56 ON  4- 4      TO 1/4 MILE OR LESS
LOWEST:     70 ON  4                               3 = THUNDER
                        SNOW, ICE PELLETS, HAIL    4 = ICE PELLETS
                        TOTAL MONTH:   0.0 INCH    5 = HAIL
                        GRTST 24HR     0.0         6 = FREEZING RAIN OR DRIZZLE
                        GRTST DEPTH:   0           7 = DUSTSTORM OR SANDSTORM:
                                                       VSBY 1/2 MILE OR LESS
                                                   8 = SMOKE OR HAZE
[NO. OF DAYS WITH]      [WEATHER - DAYS WITH]      9 = BLOWING SNOW
                                                   X = TORNADO
MAX 32 OR BELOW:   0    0.01 INCH OR MORE:  11
MAX 90 OR ABOVE:  16    0.10 INCH OR MORE:   6
MIN 32 OR BELOW:   0    0.50 INCH OR MORE:   2
MIN  0 OR BELOW:   0    1.00 INCH OR MORE:   2

[HDD (BASE 65) ]
TOTAL THIS MO.     0    CLEAR  (SCALE 0-3)  18
DPTR FM NORMAL     0    PTCLDY (SCALE 4-7)   0
TOTAL FM JUL 1     0    CLOUDY (SCALE 8-10)  0
DPTR FM NORMAL     0

[CDD (BASE 65) ]
TOTAL THIS MO.   327
DPTR FM NORMAL     3    [PRESSURE DATA]
TOTAL FM JAN 1  2095    HIGHEST SLP M ON M
DPTR FM NORMAL   180    LOWEST  SLP 29.94 ON  3

[REMARKS]
