000
CXUS53 KOAX 161000
CF6FNB
PRELIMINARY LOCAL CLIMATOLOGICAL DATA (WS FORM: F-6)

                                          STATION:   FALLS CITY  NE
                                          MONTH:     OCTOBER
                                          YEAR:      2018
                                          LATITUDE:   40  4 N
                                          LONGITUDE:  95 35 W

  TEMPERATURE IN F:       :PCPN:    SNOW:  WIND      :SUNSHINE: SKY     :PK WND
================================================================================
1   2   3   4   5  6A  6B    7    8   9   10  11  12  13   14  15   16   17  18
                                     12Z  AVG MX 2MIN
DY MAX MIN AVG DEP HDD CDD  WTR  SNW DPTH SPD SPD DIR MIN PSBL S-S WX    SPD DR
================================================================================

 1  72  53  63   3   2   0 0.07    M    M  6.0 20 320   M    M  10 12     25 320
 2  85  54  70  10   0   5 0.00    M    M  6.5 17 210   M    M   6 1      25 190
 3  90  57  74  14   0   9 0.00    M    M 16.7 31 200   M    M   1        46 210
 4  59  44  52  -7  13   0 0.03    M    M 10.5 18 360   M    M   4 3      28 350
 5  68  52  60   1   5   0 1.04    M    M  7.7 24 290   M    M  10 138    31 290
 6  55  46  51  -7  14   0 1.17    M    M  9.8 17 320   M    M  10 13     25 310
 7  56  48  52  -6  13   0 0.89    M    M  4.7 10  60   M    M  10 13     16  30
 8  73  56  65   7   0   0 1.26    M    M  5.7 24 240   M    M   8 13     33 250
 9  71  52  62   5   3   0 1.14    M    M  9.9 23 170   M    M   9 18     32 170
10  52  42  47 -10  18   0    T    M    M 14.8 24 280   M    M  10 1      33 280
11  52  40  46 -10  19   0    T    M    M  8.5 21 310   M    M   6 8      29 290
12  45  39  42 -14  23   0 0.35    M    M  3.7 10 100   M    M   9 12     14 120
13  58  41  50  -6  15   0 0.00    M    M  8.8 18 160   M    M   5 1      26 160
14  47  33  40 -15  25   0 0.04    M    M 10.6 24 350   M    M   8 1      39 360
15  48  29  39 -16  26   0 0.00    M    M  7.7 14 300   M    M   2        20 310
================================================================================
SM  931  686       176  14  5.99    M    131.6          M      108
================================================================================
AV 62.1 45.7                               8.8 FASTST   M    M   7    MAX(MPH)
                                 MISC ---->  # 31 200               # 46  210
================================================================================
NOTES:
# LAST OF SEVERAL OCCURRENCES

COLUMN 17 PEAK WIND IN M.P.H.

PRELIMINARY LOCAL CLIMATOLOGICAL DATA (WS FORM: F-6) , PAGE 2

                                          STATION:  FALLS CITY  NE
                                          MONTH:    OCTOBER
                                          YEAR:     2018
                                          LATITUDE:   40  4 N
                                          LONGITUDE:  95 35 W

[TEMPERATURE DATA]      [PRECIPITATION DATA]       SYMBOLS USED IN COLUMN 16

AVERAGE MONTHLY: 53.9   TOTAL FOR MONTH:   5.99    1 = FOG OR MIST
DPTR FM NORMAL:  -3.7   DPTR FM NORMAL:    4.66    2 = FOG REDUCING VISIBILITY
HIGHEST:    90 ON  3    GRTST 24HR  1.26 ON  8- 8      TO 1/4 MILE OR LESS
LOWEST:     29 ON 15                               3 = THUNDER
                        SNOW, ICE PELLETS, HAIL    4 = ICE PELLETS
                        TOTAL MONTH:    M          5 = HAIL
                        GRTST 24HR    M  ON   M    6 = FREEZING RAIN OR DRIZZLE
                        GRTST DEPTH:  M  ON   M    7 = DUSTSTORM OR SANDSTORM:
                                                       VSBY 1/2 MILE OR LESS
                                                   8 = SMOKE OR HAZE
[NO. OF DAYS WITH]      [WEATHER - DAYS WITH]      9 = BLOWING SNOW
                                                   X = TORNADO
MAX 32 OR BELOW:   0    0.01 INCH OR MORE:   9
MAX 90 OR ABOVE:   1    0.10 INCH OR MORE:   6
MIN 32 OR BELOW:   1    0.50 INCH OR MORE:   5
MIN  0 OR BELOW:   0    1.00 INCH OR MORE:   4

[HDD (BASE 65) ]
TOTAL THIS MO.   176    CLEAR  (SCALE 0-3)   2
DPTR FM NORMAL    50    PTCLDY (SCALE 4-7)   4
TOTAL FM JUL 1   244    CLOUDY (SCALE 8-10)  9
DPTR FM NORMAL    29

[CDD (BASE 65) ]
TOTAL THIS MO.    14
DPTR FM NORMAL    -2    [PRESSURE DATA]
TOTAL FM JAN 1  1506    HIGHEST SLP M ON M
DPTR FM NORMAL   272    LOWEST  SLP 29.54 ON  3

[REMARKS]
