000
CXUS53 KOAX 201000
CF6FNB
PRELIMINARY LOCAL CLIMATOLOGICAL DATA (WS FORM: F-6)

                                          STATION:   FALLS CITY  NE
                                          MONTH:     JULY
                                          YEAR:      2018
                                          LATITUDE:   40  4 N
                                          LONGITUDE:  95 35 W

  TEMPERATURE IN F:       :PCPN:    SNOW:  WIND      :SUNSHINE: SKY     :PK WND
================================================================================
1   2   3   4   5  6A  6B    7    8   9   10  11  12  13   14  15   16   17  18
                                     12Z  AVG MX 2MIN
DY MAX MIN AVG DEP HDD CDD  WTR  SNW DPTH SPD SPD DIR MIN PSBL S-S WX    SPD DR
================================================================================

 1  82  66  74  -3   0   9 0.07    M    M  7.2 23 270   M    M   3        36 260
 2  86  61  74  -3   0   9 0.00    M    M  5.3 14 160   M    M   0 1      18 150
 3  93  67  80   3   0  15 0.00    M    M  8.2 17 150   M    M   0        23 150
 4  92  73  83   6   0  18 0.00    M    M  7.5 20 360   M    M   0        29 360
 5  87  69  78   1   0  13    T    M    M  6.3 15 300   M    M   1        21 310
 6  88  68  78   1   0  13 0.00    M    M  5.8 13  20   M    M   1        17  20
 7  87  64  76  -2   0  11 0.00    M    M  5.9 13 100   M    M   0        19 120
 8  90  59  75  -3   0  10 0.00    M    M  6.4 14 140   M    M   0        20 140
 9  94  61  78   0   0  13 0.00    M    M  3.6 12 110   M    M   0 18     15 130
10  96  64  80   2   0  15 0.00    M    M  3.9 13  80   M    M   0 18     17  60
11  97  70  84   6   0  19 0.00    M    M  6.9 16 140   M    M   0 1      20 150
12 100  71  86   8   0  21 0.00    M    M  7.2 16 180   M    M   1 18     27 160
13  99  71  85   7   0  20 0.28    M    M  7.1 26 290   M    M   1 138    34 300
14  87  71  79   1   0  14 0.00    M    M  3.1  9 360   M    M   4 1      14  10
15  92  65  79   1   0  14 0.00    M    M  2.1  9  70   M    M   1 18     13  80
16  92  68  80   2   0  15 0.00    M    M  2.9  9 340   M    M   0 1      13 350
17  75  70  73  -5   0   8 0.25    M    M  5.2 16  20   M    M   5 13     25 360
18  83  67  75  -3   0  10 0.00    M    M  6.0 17 110   M    M   6        21 120
19  94  70  82   4   0  17    T    M    M  7.6 18 300   M    M   1 18     24 270
================================================================================
SM 1714 1275         0 264  0.60    M    108.2          M       24
================================================================================
AV 90.2 67.1                               5.7 FASTST   M    M   1    MAX(MPH)
                                 MISC ---->  # 26 290               # 36  260
================================================================================
NOTES:
# LAST OF SEVERAL OCCURRENCES

COLUMN 17 PEAK WIND IN M.P.H.

PRELIMINARY LOCAL CLIMATOLOGICAL DATA (WS FORM: F-6) , PAGE 2

                                          STATION:  FALLS CITY  NE
                                          MONTH:    JULY
                                          YEAR:     2018
                                          LATITUDE:   40  4 N
                                          LONGITUDE:  95 35 W

[TEMPERATURE DATA]      [PRECIPITATION DATA]       SYMBOLS USED IN COLUMN 16

AVERAGE MONTHLY: 78.7   TOTAL FOR MONTH:   0.60    1 = FOG OR MIST
DPTR FM NORMAL:   1.0   DPTR FM NORMAL:   -2.55    2 = FOG REDUCING VISIBILITY
HIGHEST:   100 ON 12    GRTST 24HR  0.71 ON 30- 1      TO 1/4 MILE OR LESS
LOWEST:     59 ON  8                               3 = THUNDER
                        SNOW, ICE PELLETS, HAIL    4 = ICE PELLETS
                        TOTAL MONTH:    M          5 = HAIL
                        GRTST 24HR    M  ON   M    6 = FREEZING RAIN OR DRIZZLE
                        GRTST DEPTH:  M  ON   M    7 = DUSTSTORM OR SANDSTORM:
                                                       VSBY 1/2 MILE OR LESS
                                                   8 = SMOKE OR HAZE
[NO. OF DAYS WITH]      [WEATHER - DAYS WITH]      9 = BLOWING SNOW
                                                   X = TORNADO
MAX 32 OR BELOW:   0    0.01 INCH OR MORE:   3
MAX 90 OR ABOVE:  11    0.10 INCH OR MORE:   2
MIN 32 OR BELOW:   0    0.50 INCH OR MORE:   0
MIN  0 OR BELOW:   0    1.00 INCH OR MORE:   0

[HDD (BASE 65) ]
TOTAL THIS MO.     0    CLEAR  (SCALE 0-3)  15
DPTR FM NORMAL     0    PTCLDY (SCALE 4-7)   4
TOTAL FM JUL 1     0    CLOUDY (SCALE 8-10)  0
DPTR FM NORMAL     0

[CDD (BASE 65) ]
TOTAL THIS MO.   264
DPTR FM NORMAL    23    [PRESSURE DATA]
TOTAL FM JAN 1   857    HIGHEST SLP M ON M
DPTR FM NORMAL   250    LOWEST  SLP 29.67 ON  1

[REMARKS]
