000
CXUS53 KMPX 251754
CF6FRM

PRELIMINARY LOCAL CLIMATOLOGICAL DATA (WS FORM: F-6)

                                          STATION:   FAIRMONT
                                          MONTH:     MAY
                                          YEAR:      2017
                                          LATITUDE:   43 39 N
                                          LONGITUDE:  94 25 W

  TEMPERATURE IN F:       :PCPN:    SNOW:  WIND      :SUNSHINE: SKY     :PK WND
================================================================================
1   2   3   4   5  6A  6B    7    8   9   10  11  12  13   14  15   16   17  18
                                     12Z  AVG MX 2MIN
DY MAX MIN AVG DEP HDD CDD  WTR  SNW DPTH SPD SPD DIR MIN PSBL S-S WX    SPD DR
================================================================================

 1  42  35  39   M  26   0 0.12    M    M 16.4 25 330   M    M   9 1      33 320
 2  61  37  49   M  16   0 0.00    M    M 11.6 20 310   M    M   1        24 340
 3  61  37  49   M  16   0 0.01    M    M 10.5 18 200   M    M   6        23 200
 4  68  39  54   M  11   0 0.00    M    M  7.9 14  20   M    M   1        23  30
 5  77  44  61   M   4   0 0.00    M    M  9.5 16 280   M    M   1        25 340
 6  72  46  59   M   6   0 0.00999.0    M  7.1 13  40   M    M   0        18  40
 7  77  45  61   M   4   0 0.00    M    M 10.7 17 110   M    M   1         M  M
 8  86  52  69   M   0   4    T    M    M 16.4 25 180   M    M   0 3      31 130
 9  74  50  62   M   3   0    T    M    M 10.5 17 330   M    M   2        21 320
10  66  49  58   M   7   0    T    M    M  5.1 16  20   M    M   5        21  20
11  68  45  57   M   8   0 0.00    M    M 10.0 16 360   M    M   0        30 360
12  77  42  60   M   5   0 0.00    M    M  6.4 12 240   M    M   1         M  M
13  83  58  71   M   0   6 0.00    M    M 14.3 21 200   M    M   0        31 200
14  88  54  71   M   0   6 0.00    M    M 12.0 22 180   M    M   0        28 160
15  80  58  69   M   0   4 0.05    M    M  8.2 16  80   M    M   1 38      M  M
16  86  63  75   M   0  10 0.14    M    M 14.1 21 220   M    M   3 3      31 250
17  72  58  65   M   0   0 0.45    M    M 10.5 14 110   M    M   7 13      M  M
18  59  47  53   M  12   0    T    M    M 15.5 27  10   M    M  10 1      35 360
19  50  43  47   M  18   0 0.08    M    M 15.8 22  50   M    M   7        28  70
20  52  40  46   M  19   0 1.46    M    M 14.3 20 180   M    M  10 1      23  60
21  51  42  47   M  18   0 0.01    M    M 16.2 23 300   M    M   8 1      30 290
22  68  41  55   M  10   0 0.37    M    M  7.4 12 320   M    M   5 13      M  M
23   M   M   M   M   M   M 0.05    M    M 11.8 17  10   M    M  10        21 360
24  61  45  53   M  12   0 0.00    M    M  7.7 13 360   M    M   5         M  M
================================================================================
SM 1579 1070       195  30  2.74   999.0 269.9          M       93
================================================================================
AV 68.7 46.5                              11.2 FASTST   M    M   4    MAX(MPH)
                                 MISC ---->  # 27  10               # 35  360
================================================================================
NOTES:
# LAST OF SEVERAL OCCURRENCES

COLUMN 17 PEAK WIND IN M.P.H.

PRELIMINARY LOCAL CLIMATOLOGICAL DATA (WS FORM: F-6) , PAGE 2

                                          STATION:  FAIRMONT
                                          MONTH:    MAY
                                          YEAR:     2017
                                          LATITUDE:   43 39 N
                                          LONGITUDE:  94 25 W

[TEMPERATURE DATA]      [PRECIPITATION DATA]       SYMBOLS USED IN COLUMN 16

AVERAGE MONTHLY: 57.6   TOTAL FOR MONTH:   2.74    1 = FOG OR MIST
DPTR FM NORMAL:     M   DPTR FM NORMAL:       M    2 = FOG REDUCING VISIBILITY
HIGHEST:    88 ON 14    GRTST 24HR  1.46 ON 20-20      TO 1/4 MILE OR LESS
LOWEST:     35 ON  1                               3 = THUNDER
                        SNOW, ICE PELLETS, HAIL    4 = ICE PELLETS
                        TOTAL MONTH: 999.0 INCHES  5 = HAIL
                        GRTST 24HR 999.0 ON  6- 6  6 = FREEZING RAIN OR DRIZZLE
                        GRTST DEPTH:  M  ON   M    7 = DUSTSTORM OR SANDSTORM:
                                                       VSBY 1/2 MILE OR LESS
                                                   8 = SMOKE OR HAZE
[NO. OF DAYS WITH]      [WEATHER - DAYS WITH]      9 = BLOWING SNOW
                                                   X = TORNADO
MAX 32 OR BELOW:   0    0.01 INCH OR MORE:  10
MAX 90 OR ABOVE:   0    0.10 INCH OR MORE:   5
MIN 32 OR BELOW:   0    0.50 INCH OR MORE:   1
MIN  0 OR BELOW:   0    1.00 INCH OR MORE:   1

[HDD (BASE 65) ]
TOTAL THIS MO.   195    CLEAR  (SCALE 0-3)  13
DPTR FM NORMAL     M    PTCLDY (SCALE 4-7)   7
TOTAL FM JUL 1  1413    CLOUDY (SCALE 8-10)  4
DPTR FM NORMAL     M

[CDD (BASE 65) ]
TOTAL THIS MO.    30
DPTR FM NORMAL     M    [PRESSURE DATA]
TOTAL FM JAN 1    30    HIGHEST SLP M ON M
DPTR FM NORMAL     M    LOWEST  SLP M ON M

[REMARKS]
