000
CXUS54 KTSA 160840
CF6FSM
PRELIMINARY LOCAL CLIMATOLOGICAL DATA (WS FORM: F-6)

                                          STATION:   FORT SMITH ARKANSAS
                                          MONTH:     OCTOBER
                                          YEAR:      2018
                                          LATITUDE:   35 19 N
                                          LONGITUDE:  94 22 W

  TEMPERATURE IN F:       :PCPN:    SNOW:  WIND      :SUNSHINE: SKY     :PK WND
================================================================================
1   2   3   4   5  6A  6B    7    8   9   10  11  12  13   14  15   16   17  18
                                     12Z  AVG MX 2MIN
DY MAX MIN AVG DEP HDD CDD  WTR  SNW DPTH SPD SPD DIR MIN PSBL S-S WX    SPD DR
================================================================================

 1  86  68  77   9   0  12 0.00  0.0    0  3.7 12 220   M    M   5 18     15 210
 2  89  69  79  12   0  14 0.00  0.0    0  4.5 13 220   M    M   4 1      17 220
 3  91  69  80  13   0  15 0.00  0.0    0  6.2 20 200   M    M   2        25 200
 4  91  70  81  14   0  16 0.00  0.0    0  3.9 13 210   M    M   2 1      16 220
 5  91  70  81  15   0  16 0.00  0.0    0  5.7 15 200   M    M   1 1      20 210
 6  88  72  80  14   0  15 0.00  0.0    0  5.4 13 210   M    M   4        17 220
 7  88  71  80  14   0  15    T  0.0    0  6.5 14 180   M    M   3 3      18 130
 8  88  71  80  15   0  15 0.00  0.0    0  7.9 17 130   M    M   2        25 150
 9  81  65  73   8   0   8 0.75  0.0    0  7.2 25 270   M    M   7 13     30 280
10  70  52  61  -4   4   0    T  0.0    0  8.9 20 270   M    M   5        23 290
11  69  47  58  -6   7   0 0.00  0.0    0  6.9 15 340   M    M   0        20 340
12  60  53  57  -7   8   0 0.12  0.0    0  4.2 14 360   M    M   9 1      17 340
13  61  53  57  -7   8   0 1.06  0.0    0  8.5 20  80   M    M   9 1      24  90
14  67  54  61  -2   4   0 0.38  0.0    0  5.9 16 310   M    M  10 13     20 320
15  54  44  49 -14  16   0 0.35    M    0  9.9 17 350   M    M   7 1      22 320
================================================================================
SM 1174  928        47 126  2.66     0.0  95.3          M       70
================================================================================
AV 78.3 61.9                               6.4 FASTST   M    M   5    MAX(MPH)
                                 MISC ---->  # 25 270               # 30  280
================================================================================
NOTES:
# LAST OF SEVERAL OCCURRENCES

COLUMN 17 PEAK WIND IN M.P.H.

PRELIMINARY LOCAL CLIMATOLOGICAL DATA (WS FORM: F-6) , PAGE 2

                                          STATION:  FORT SMITH ARKANSAS
                                          MONTH:    OCTOBER
                                          YEAR:     2018
                                          LATITUDE:   35 19 N
                                          LONGITUDE:  94 22 W

[TEMPERATURE DATA]      [PRECIPITATION DATA]       SYMBOLS USED IN COLUMN 16

AVERAGE MONTHLY: 70.1   TOTAL FOR MONTH:   2.66    1 = FOG OR MIST
DPTR FM NORMAL:   4.7   DPTR FM NORMAL:    0.66    2 = FOG REDUCING VISIBILITY
HIGHEST:    91 ON  5, 4 GRTST 24HR  1.06 ON 13-13      TO 1/4 MILE OR LESS
LOWEST:     44 ON 15                               3 = THUNDER
                        SNOW, ICE PELLETS, HAIL    4 = ICE PELLETS
                        TOTAL MONTH:   0.0 INCH    5 = HAIL
                        GRTST 24HR     0.0         6 = FREEZING RAIN OR DRIZZLE
                        GRTST DEPTH:   0           7 = DUSTSTORM OR SANDSTORM:
                                                       VSBY 1/2 MILE OR LESS
                                                   8 = SMOKE OR HAZE
[NO. OF DAYS WITH]      [WEATHER - DAYS WITH]      9 = BLOWING SNOW
                                                   X = TORNADO
MAX 32 OR BELOW:   0    0.01 INCH OR MORE:   5
MAX 90 OR ABOVE:   3    0.10 INCH OR MORE:   5
MIN 32 OR BELOW:   0    0.50 INCH OR MORE:   2
MIN  0 OR BELOW:   0    1.00 INCH OR MORE:   1

[HDD (BASE 65) ]
TOTAL THIS MO.    47    CLEAR  (SCALE 0-3)   6
DPTR FM NORMAL     5    PTCLDY (SCALE 4-7)   6
TOTAL FM JUL 1    47    CLOUDY (SCALE 8-10)  3
DPTR FM NORMAL   -12

[CDD (BASE 65) ]
TOTAL THIS MO.   126
DPTR FM NORMAL    80    [PRESSURE DATA]
TOTAL FM JAN 1  2537    HIGHEST SLP M ON M
DPTR FM NORMAL   513    LOWEST  SLP 29.68 ON  9

[REMARKS]
