883
CXUS54 KMAF 171100
CF6FST
PRELIMINARY LOCAL CLIMATOLOGICAL DATA (WS FORM: F-6)

                                          STATION:   Fort Stockton
                                          MONTH:     JULY
                                          YEAR:      2018
                                          LATITUDE:   30 55 N
                                          LONGITUDE: 102 55 W

  TEMPERATURE IN F:       :PCPN:    SNOW:  WIND      :SUNSHINE: SKY     :PK WND
================================================================================
1   2   3   4   5  6A  6B    7    8   9   10  11  12  13   14  15   16   17  18
                                     12Z  AVG MX 2MIN
DY MAX MIN AVG DEP HDD CDD  WTR  SNW DPTH SPD SPD DIR MIN PSBL S-S WX    SPD DR
================================================================================

 1  97  74  86   4   0  21 0.00  0.0    0 10.2 21 150   M    M   0        27 150
 2  95  68  82   0   0  17 1.07  0.0    0 10.2 32 230   M    M   0 13     37 220
 3  92  70  81  -1   0  16 0.00  0.0    0  9.0 17 220   M    M   0 3      21 220
 4  97  70  84   2   0  19 0.00  0.0    0 10.9 17 120   M    M   0        23 140
 5  84  69  77  -5   0  12 0.07  0.0    0 10.6 26  70   M    M   5 138    32  60
 6  87  66  77  -5   0  12 0.12  0.0    0  3.9 22 100   M    M   2 3      28  90
 7  85  67  76  -6   0  11    T  0.0    0  5.7 22  70   M    M   3        26  70
 8  87  67  77  -5   0  12 0.93  0.0    0  5.7 32 100   M    M   2 13     39 110
 9  86  68  77  -5   0  12 0.06  0.0    0  8.8 32 120   M    M   2 13     38 140
10  82  69  76  -6   0  11 0.06  0.0    0  7.7 16 140   M    M   2 3      20 140
11  91  66  79  -3   0  14 0.00  0.0    0  9.0 16 180   M    M   0        22 130
12  94  68  81  -1   0  16 0.00  0.0    0  9.5 15 130   M    M   0        20 130
13  95  71  83   1   0  18 0.00  0.0    0 11.0 21 230   M    M   0        24 230
14  96  71  84   2   0  19 0.00  0.0    0 10.9 18 120   M    M   0        24 120
15  95  73  84   2   0  19    T  0.0    0  8.9 32 190   M    M   3 38     39 230
16  94  71  83   1   0  18 0.00  0.0    0  8.2 17 120   M    M   0        23 120
================================================================================
SM 1457 1108         0 247  2.31     0.0 140.2          M       19
================================================================================
AV 91.1 69.3                               8.8 FASTST   M    M   1    MAX(MPH)
                                 MISC ---->  # 32 230               # 39  110
================================================================================
NOTES:
# LAST OF SEVERAL OCCURRENCES

COLUMN 17 PEAK WIND IN M.P.H.

PRELIMINARY LOCAL CLIMATOLOGICAL DATA (WS FORM: F-6) , PAGE 2

                                          STATION:  Fort Stockton
                                          MONTH:    JULY
                                          YEAR:     2018
                                          LATITUDE:   30 55 N
                                          LONGITUDE: 102 55 W

[TEMPERATURE DATA]      [PRECIPITATION DATA]       SYMBOLS USED IN COLUMN 16

AVERAGE MONTHLY: 80.2   TOTAL FOR MONTH:   2.31    1 = FOG OR MIST
DPTR FM NORMAL:  -1.8   DPTR FM NORMAL:    1.36    2 = FOG REDUCING VISIBILITY
HIGHEST:    97 ON  4, 1 GRTST 24HR  1.07 ON  2- 2      TO 1/4 MILE OR LESS
LOWEST:     66 ON 11, 6                            3 = THUNDER
                        SNOW, ICE PELLETS, HAIL    4 = ICE PELLETS
                        TOTAL MONTH:   0.0 INCH    5 = HAIL
                        GRTST 24HR     0.0         6 = FREEZING RAIN OR DRIZZLE
                        GRTST DEPTH:   0           7 = DUSTSTORM OR SANDSTORM:
                                                       VSBY 1/2 MILE OR LESS
                                                   8 = SMOKE OR HAZE
[NO. OF DAYS WITH]      [WEATHER - DAYS WITH]      9 = BLOWING SNOW
                                                   X = TORNADO
MAX 32 OR BELOW:   0    0.01 INCH OR MORE:   6
MAX 90 OR ABOVE:  10    0.10 INCH OR MORE:   3
MIN 32 OR BELOW:   0    0.50 INCH OR MORE:   2
MIN  0 OR BELOW:   0    1.00 INCH OR MORE:   1

[HDD (BASE 65) ]
TOTAL THIS MO.     0    CLEAR  (SCALE 0-3)  15
DPTR FM NORMAL     0    PTCLDY (SCALE 4-7)   1
TOTAL FM JUL 1     0    CLOUDY (SCALE 8-10)  0
DPTR FM NORMAL     0

[CDD (BASE 65) ]
TOTAL THIS MO.   247
DPTR FM NORMAL   -25    [PRESSURE DATA]
TOTAL FM JAN 1  1542    HIGHEST SLP M ON M
DPTR FM NORMAL   244    LOWEST  SLP 29.73 ON  1

[REMARKS]
