000
CXUS54 KFWD 210730
CF6FTW
PRELIMINARY LOCAL CLIMATOLOGICAL DATA (WS FORM: F-6)

                                          STATION:   FORT WORTH MEACHAM
                                          MONTH:     AUGUST
                                          YEAR:      2018
                                          LATITUDE:   32 49 N
                                          LONGITUDE:  97 21 W

  TEMPERATURE IN F:       :PCPN:    SNOW:  WIND      :SUNSHINE: SKY     :PK WND
================================================================================
1   2   3   4   5  6A  6B    7    8   9   10  11  12  13   14  15   16   17  18
                                     12Z  AVG MX 2MIN
DY MAX MIN AVG DEP HDD CDD  WTR  SNW DPTH SPD SPD DIR MIN PSBL S-S WX    SPD DR
================================================================================

 1  94  65  80  -6   0  15 0.00  0.0    0  5.8 15  60   M    M   0        22  40
 2  95  73  84  -2   0  19 0.01  0.0    0  8.0 13 120   M    M   2        21  90
 3  97  73  85  -1   0  20 0.00  0.0    0  9.0 18 130   M    M   0        26 110
 4  97  73  85  -1   0  20 0.00  0.0    0 11.3 21 150   M    M   1        30 140
 5  98  75  87   1   0  22 0.00  0.0    0 12.7 20 160   M    M   0        31 160
 6  96  76  86   0   0  21 0.00  0.0    0 11.0 23 160   M    M   2        28 160
 7  98  76  87   1   0  22 0.00  0.0    0 10.3 20 130   M    M   0        26 170
 8  94  79  87   1   0  22 0.00  0.0    0 11.5 18  20   M    M   1        25  10
 9  96  76  86   0   0  21    T  0.0    0  7.6 16 160   M    M   4 3      21 220
10  82  71  77  -9   0  12 0.81  0.0    0  5.9 16 140   M    M   4 18     22 140
11  79  68  74 -12   0   9 1.37  0.0    0  8.3 24 150   M    M   9 13     31 140
12  85  71  78  -8   0  13 0.05  0.0    0  7.6 17 180   M    M   5 13     22 170
13  85  71  78  -8   0  13 1.40  0.0    0  7.9 26 180   M    M   8 13     39 190
14  89  71  80  -6   0  15 0.13  0.0    0  8.4 18 170   M    M   4 13     25 170
15  96  77  87   1   0  22 0.00  0.0    0 11.4 20 190   M    M   0        26 170
16  99  77  88   2   0  23 0.00  0.0    0  9.8 17 160   M    M   0        23 170
17 101  81  91   6   0  26 0.00  0.0    0  8.6 16 190   M    M   0        23 190
18 103  77  90   5   0  25 0.01  0.0    0  7.4 17 240   M    M   2 3      23 230
19  95  77  86   1   0  21 0.00  0.0    0  7.0 14 190   M    M   1 3      29 230
20  91  76  84  -1   0  19 0.33  0.0    0  7.1 14 310   M    M   1 3      20 290
================================================================================
SM 1870 1483         0 380  4.11     0.0 176.6          M       44
================================================================================
AV 93.5 74.2                               8.8 FASTST   M    M   2    MAX(MPH)
                                 MISC ---->  # 26 180               # 39  190
================================================================================
NOTES:
# LAST OF SEVERAL OCCURRENCES

COLUMN 17 PEAK WIND IN M.P.H.

PRELIMINARY LOCAL CLIMATOLOGICAL DATA (WS FORM: F-6) , PAGE 2

                                          STATION:  FORT WORTH MEACHAM
                                          MONTH:    AUGUST
                                          YEAR:     2018
                                          LATITUDE:   32 49 N
                                          LONGITUDE:  97 21 W

[TEMPERATURE DATA]      [PRECIPITATION DATA]       SYMBOLS USED IN COLUMN 16

AVERAGE MONTHLY: 83.8   TOTAL FOR MONTH:   4.11    1 = FOG OR MIST
DPTR FM NORMAL:  -2.0   DPTR FM NORMAL:    3.10    2 = FOG REDUCING VISIBILITY
HIGHEST:   103 ON 18    GRTST 24HR  1.40 ON 13-13      TO 1/4 MILE OR LESS
LOWEST:     65 ON  1                               3 = THUNDER
                        SNOW, ICE PELLETS, HAIL    4 = ICE PELLETS
                        TOTAL MONTH:   0.0 INCH    5 = HAIL
                        GRTST 24HR     0.0         6 = FREEZING RAIN OR DRIZZLE
                        GRTST DEPTH:   0           7 = DUSTSTORM OR SANDSTORM:
                                                       VSBY 1/2 MILE OR LESS
                                                   8 = SMOKE OR HAZE
[NO. OF DAYS WITH]      [WEATHER - DAYS WITH]      9 = BLOWING SNOW
                                                   X = TORNADO
MAX 32 OR BELOW:   0    0.01 INCH OR MORE:   8
MAX 90 OR ABOVE:  15    0.10 INCH OR MORE:   5
MIN 32 OR BELOW:   0    0.50 INCH OR MORE:   3
MIN  0 OR BELOW:   0    1.00 INCH OR MORE:   2

[HDD (BASE 65) ]
TOTAL THIS MO.     0    CLEAR  (SCALE 0-3)  14
DPTR FM NORMAL     0    PTCLDY (SCALE 4-7)   5
TOTAL FM JUL 1     0    CLOUDY (SCALE 8-10)  1
DPTR FM NORMAL     0

[CDD (BASE 65) ]
TOTAL THIS MO.   380
DPTR FM NORMAL   -35    [PRESSURE DATA]
TOTAL FM JAN 1  2347    HIGHEST SLP M ON M
DPTR FM NORMAL   448    LOWEST  SLP 29.76 ON 19

[REMARKS]
