000
CXUS56 KSGX 171545
CF6FUL
PRELIMINARY LOCAL CLIMATOLOGICAL DATA (WS FORM: F-6)

                                          STATION:   FULLERTON AIRPORT CA
                                          MONTH:     NOVEMBER
                                          YEAR:      2018
                                          LATITUDE:   33 52 N
                                          LONGITUDE: 117 58 W

  TEMPERATURE IN F:       :PCPN:    SNOW:  WIND      :SUNSHINE: SKY     :PK WND
================================================================================
1   2   3   4   5  6A  6B    7    8   9   10  11  12  13   14  15   16   17  18
                                     12Z  AVG MX 2MIN
DY MAX MIN AVG DEP HDD CDD  WTR  SNW DPTH SPD SPD DIR MIN PSBL S-S WX    SPD DR
================================================================================

 1  88  53  71   6   0   6 0.00  0.0    0  1.5  9 210   M    M   0        14 190
 2  92  56  74  10   0   9 0.00  0.0    0  2.7 10 210   M    M   1        14 210
 3  87  56  72   8   0   7 0.00  0.0    0  1.5  8 210   M    M   1        11 230
 4  84  57  71   7   0   6 0.00  0.0    0  1.6  9 210   M    M   2 18     12 210
 5  77  61  69   5   0   4 0.00  0.0    0  2.6 10 190   M    M   5 18     14 230
 6  76  61  69   5   0   4 0.00  0.0    0  3.7 10 210   M    M   3        14 210
 7  75  59  67   4   0   2 0.00  0.0    0  2.6 10 240   M    M   5 8      17 230
 8  79  59  69   6   0   4 0.00  0.0    0  3.6 13  70   M    M   4 8      17  80
 9  82  64  73  10   0   8 0.00  0.0    0 11.0 29  90   M    M   0        36  90
10  80  49  65   3   0   0 0.00  0.0    0  2.3 10 190   M    M   2        12 190
11  81  49  65   3   0   0 0.00  0.0    0  3.5 10 350   M    M   0 8      13 340
12  82  47  65   3   0   0 0.00  0.0    0  3.9 13  80   M    M   0        17  80
13  80  55  68   6   0   3 0.00  0.0    0  7.1 20  80   M    M   1        24  80
14  83  55  69   8   0   4 0.00  0.0    0  5.2 20  70   M    M   0        25  70
15  83  48  66   5   0   1 0.00  0.0    0  2.2  9 290   M    M   0        14 280
16  78  50  64   3   1   0 0.00  0.0    0  1.8  9 210   M    M   1        11 200
================================================================================
SM 1307  879         1  58  0.00     0.0  56.8          M       25
================================================================================
AV 81.7 54.9                               3.5 FASTST   M    M   2    MAX(MPH)
                                 MISC ---->  # 29  90               # 36   90
================================================================================
NOTES:
# LAST OF SEVERAL OCCURRENCES

COLUMN 17 PEAK WIND IN M.P.H.

PRELIMINARY LOCAL CLIMATOLOGICAL DATA (WS FORM: F-6) , PAGE 2

                                          STATION:  FULLERTON AIRPORT CA
                                          MONTH:    NOVEMBER
                                          YEAR:     2018
                                          LATITUDE:   33 52 N
                                          LONGITUDE: 117 58 W

[TEMPERATURE DATA]      [PRECIPITATION DATA]       SYMBOLS USED IN COLUMN 16

AVERAGE MONTHLY: 68.3   TOTAL FOR MONTH:   0.00    1 = FOG OR MIST
DPTR FM NORMAL:   5.5   DPTR FM NORMAL:   -0.63    2 = FOG REDUCING VISIBILITY
HIGHEST:    92 ON  2    GRTST 24HR  0.00 ON 16-16      TO 1/4 MILE OR LESS
LOWEST:     47 ON 12                               3 = THUNDER
                        SNOW, ICE PELLETS, HAIL    4 = ICE PELLETS
                        TOTAL MONTH:   0.0 INCH    5 = HAIL
                        GRTST 24HR     0.0         6 = FREEZING RAIN OR DRIZZLE
                        GRTST DEPTH:   0           7 = DUSTSTORM OR SANDSTORM:
                                                       VSBY 1/2 MILE OR LESS
                                                   8 = SMOKE OR HAZE
[NO. OF DAYS WITH]      [WEATHER - DAYS WITH]      9 = BLOWING SNOW
                                                   X = TORNADO
MAX 32 OR BELOW:   0    0.01 INCH OR MORE:   0
MAX 90 OR ABOVE:   1    0.10 INCH OR MORE:   0
MIN 32 OR BELOW:   0    0.50 INCH OR MORE:   0
MIN  0 OR BELOW:   0    1.00 INCH OR MORE:   0

[HDD (BASE 65) ]
TOTAL THIS MO.     1    CLEAR  (SCALE 0-3)  12
DPTR FM NORMAL   -51    PTCLDY (SCALE 4-7)   4
TOTAL FM JUL 1     1    CLOUDY (SCALE 8-10)  0
DPTR FM NORMAL   -75

[CDD (BASE 65) ]
TOTAL THIS MO.    58
DPTR FM NORMAL    40    [PRESSURE DATA]
TOTAL FM JAN 1  1814    HIGHEST SLP M ON M
DPTR FM NORMAL   565    LOWEST  SLP 29.79 ON  5

[REMARKS]
